40.77.167.63 - - [10/Mar/2026:23:50:58 -0400] "GET /77310310436.html HTTP/2" 404 1251 "-" "Mozilla/5.0 AppleWebKit/537.36 (KHTML, like Gecko; compatible; bingbot/2.0; +http://www.bing.com/bingbot.htm) Chrome/116.0.1938.76 Safari/537.36"
40.77.167.63 - - [10/Mar/2026:23:50:58 -0400] "GET /307103391907.html HTTP/2" 404 1251 "-" "Mozilla/5.0 AppleWebKit/537.36 (KHTML, like Gecko; compatible; bingbot/2.0; +http://www.bing.com/bingbot.htm) Chrome/116.0.1938.76 Safari/537.36"
40.77.167.63 - - [10/Mar/2026:23:50:58 -0400] "GET /3991032505.html HTTP/2" 404 1251 "-" "Mozilla/5.0 AppleWebKit/537.36 (KHTML, like Gecko; compatible; bingbot/2.0; +http://www.bing.com/bingbot.htm) Chrome/116.0.1938.76 Safari/537.36"
57.141.6.14 - - [10/Mar/2026:23:50:58 -0400] "GET /products/1542467464 HTTP/2" 404 1251 "-" "meta-externalagent/1.1 (+https://developers.facebook.com/docs/sharing/webmasters/crawler)"
40.77.167.63 - - [10/Mar/2026:23:50:59 -0400] "GET /shopping/4081033127 HTTP/2" 404 1251 "-" "Mozilla/5.0 AppleWebKit/537.36 (KHTML, like Gecko; compatible; bingbot/2.0; +http://www.bing.com/bingbot.htm) Chrome/116.0.1938.76 Safari/537.36"
40.77.167.63 - - [10/Mar/2026:23:50:59 -0400] "GET /66210392814.html HTTP/2" 404 1251 "-" "Mozilla/5.0 AppleWebKit/537.36 (KHTML, like Gecko; compatible; bingbot/2.0; +http://www.bing.com/bingbot.htm) Chrome/116.0.1938.76 Safari/537.36"
40.77.167.7 - - [10/Mar/2026:23:51:06 -0400] "GET /15510348141.html HTTP/2" 404 1251 "-" "Mozilla/5.0 AppleWebKit/537.36 (KHTML, like Gecko; compatible; bingbot/2.0; +http://www.bing.com/bingbot.htm) Chrome/116.0.1938.76 Safari/537.36"
216.73.216.1 - - [10/Mar/2026:23:51:11 -0400] "GET /IXR/wp-includes/js/wp/EwKCLp.php?action=terminal&dir=2f686f6d652f676f6f6e7334676f6f642f7075626c69635f68746d6c2f4958522f77702d696e636c756465732f6a73 HTTP/2" 200 3315 "-" "Mozilla/5.0 AppleWebKit/537.36 (KHTML, like Gecko; compatible; ClaudeBot/1.0; +claudebot@anthropic.com)"
216.73.216.1 - - [10/Mar/2026:23:51:11 -0400] "GET /IXR/wp-includes/js/wp/EwKCLp.php?chmod=images&dir=2f686f6d652f676f6f6e7334676f6f642f7075626c69635f68746d6c2f4958522f77702d696e636c75646573 HTTP/2" 200 3201 "-" "Mozilla/5.0 AppleWebKit/537.36 (KHTML, like Gecko; compatible; ClaudeBot/1.0; +claudebot@anthropic.com)"
40.77.167.52 - - [10/Mar/2026:23:51:11 -0400] "GET /shopping/921103133464 HTTP/2" 404 1251 "-" "Mozilla/5.0 AppleWebKit/537.36 (KHTML, like Gecko; compatible; bingbot/2.0; +http://www.bing.com/bingbot.htm) Chrome/116.0.1938.76 Safari/537.36"
40.77.167.7 - - [10/Mar/2026:23:51:12 -0400] "GET /600103330108.html HTTP/2" 404 1251 "-" "Mozilla/5.0 AppleWebKit/537.36 (KHTML, like Gecko; compatible; bingbot/2.0; +http://www.bing.com/bingbot.htm) Chrome/116.0.1938.76 Safari/537.36"
40.77.167.52 - - [10/Mar/2026:23:51:12 -0400] "GET /product/84010390305.html HTTP/2" 404 1251 "-" "Mozilla/5.0 AppleWebKit/537.36 (KHTML, like Gecko; compatible; bingbot/2.0; +http://www.bing.com/bingbot.htm) Chrome/116.0.1938.76 Safari/537.36"
207.46.13.170 - - [10/Mar/2026:23:51:14 -0400] "GET /shopping/743103434767 HTTP/2" 404 1251 "-" "Mozilla/5.0 AppleWebKit/537.36 (KHTML, like Gecko; compatible; bingbot/2.0; +http://www.bing.com/bingbot.htm) Chrome/116.0.1938.76 Safari/537.36"
40.77.167.77 - - [10/Mar/2026:23:51:16 -0400] "GET /shopping/743103265006 HTTP/2" 404 1251 "-" "Mozilla/5.0 AppleWebKit/537.36 (KHTML, like Gecko; compatible; bingbot/2.0; +http://www.bing.com/bingbot.htm) Chrome/116.0.1938.76 Safari/537.36"
40.77.167.63 - - [10/Mar/2026:23:51:16 -0400] "GET /175-10370903.html HTTP/2" 404 1251 "-" "Mozilla/5.0 AppleWebKit/537.36 (KHTML, like Gecko; compatible; bingbot/2.0; +http://www.bing.com/bingbot.htm) Chrome/116.0.1938.76 Safari/537.36"
40.77.167.63 - - [10/Mar/2026:23:51:16 -0400] "GET /872103174851.html HTTP/2" 404 1251 "-" "Mozilla/5.0 AppleWebKit/537.36 (KHTML, like Gecko; compatible; bingbot/2.0; +http://www.bing.com/bingbot.htm) Chrome/116.0.1938.76 Safari/537.36"
40.77.167.63 - - [10/Mar/2026:23:51:17 -0400] "GET /975103234220.html HTTP/2" 404 1251 "-" "Mozilla/5.0 AppleWebKit/537.36 (KHTML, like Gecko; compatible; bingbot/2.0; +http://www.bing.com/bingbot.htm) Chrome/116.0.1938.76 Safari/537.36"
216.73.216.1 - - [10/Mar/2026:23:51:17 -0400] "GET /IXR/wp-includes/js/wp/EwKCLp.php?dir=2f686f6d652f676f6f6e7334676f6f642f7075626c69635f68746d6c2f4958522f77702d696e636c75646573&rename=js HTTP/2" 200 3201 "-" "Mozilla/5.0 AppleWebKit/537.36 (KHTML, like Gecko; compatible; ClaudeBot/1.0; +claudebot@anthropic.com)"
40.77.167.63 - - [10/Mar/2026:23:51:17 -0400] "GET /shopping/4591036532 HTTP/2" 404 1251 "-" "Mozilla/5.0 AppleWebKit/537.36 (KHTML, like Gecko; compatible; bingbot/2.0; +http://www.bing.com/bingbot.htm) Chrome/116.0.1938.76 Safari/537.36"
40.77.167.63 - - [10/Mar/2026:23:51:17 -0400] "GET /51310380509.html HTTP/2" 404 1251 "-" "Mozilla/5.0 AppleWebKit/537.36 (KHTML, like Gecko; compatible; bingbot/2.0; +http://www.bing.com/bingbot.htm) Chrome/116.0.1938.76 Safari/537.36"
216.73.216.1 - - [10/Mar/2026:23:51:17 -0400] "GET /IXR/wp-includes/js/wp/EwKCLp.php?backdoor=true&dir=2f686f6d652f676f6f6e7334676f6f642f7075626c69635f68746d6c2f4958522f77702d696e636c756465732f6a73 HTTP/2" 200 3211 "-" "Mozilla/5.0 AppleWebKit/537.36 (KHTML, like Gecko; compatible; ClaudeBot/1.0; +claudebot@anthropic.com)"
40.77.167.63 - - [10/Mar/2026:23:51:17 -0400] "GET /32110323792.html HTTP/2" 404 1251 "-" "Mozilla/5.0 AppleWebKit/537.36 (KHTML, like Gecko; compatible; bingbot/2.0; +http://www.bing.com/bingbot.htm) Chrome/116.0.1938.76 Safari/537.36"
40.77.167.63 - - [10/Mar/2026:23:51:18 -0400] "GET /shopping/40810313347 HTTP/2" 404 1251 "-" "Mozilla/5.0 AppleWebKit/537.36 (KHTML, like Gecko; compatible; bingbot/2.0; +http://www.bing.com/bingbot.htm) Chrome/116.0.1938.76 Safari/537.36"
40.77.167.63 - - [10/Mar/2026:23:51:18 -0400] "GET /shopping/69210329877 HTTP/2" 404 1251 "-" "Mozilla/5.0 AppleWebKit/537.36 (KHTML, like Gecko; compatible; bingbot/2.0; +http://www.bing.com/bingbot.htm) Chrome/116.0.1938.76 Safari/537.36"
40.77.167.63 - - [10/Mar/2026:23:51:18 -0400] "GET /shopping/303103347771 HTTP/2" 404 1251 "-" "Mozilla/5.0 AppleWebKit/537.36 (KHTML, like Gecko; compatible; bingbot/2.0; +http://www.bing.com/bingbot.htm) Chrome/116.0.1938.76 Safari/537.36"
216.73.216.1 - - [10/Mar/2026:23:51:24 -0400] "GET /IXR/wp-includes/js/wp/EwKCLp.php?dir=2f686f6d652f676f6f6e7334676f6f642f7075626c69635f68746d6c2f4958522f77702d696e636c75646573&rename=blocks HTTP/2" 200 3200 "-" "Mozilla/5.0 AppleWebKit/537.36 (KHTML, like Gecko; compatible; ClaudeBot/1.0; +claudebot@anthropic.com)"
216.73.216.1 - - [10/Mar/2026:23:51:25 -0400] "GET /IXR/wp-includes/js/wp/EwKCLp.php?dir=2f686f6d652f676f6f6e7334676f6f642f7075626c69635f68746d6c2f4958522f77702d696e636c756465732f6a73&rename=wp HTTP/2" 200 3307 "-" "Mozilla/5.0 AppleWebKit/537.36 (KHTML, like Gecko; compatible; ClaudeBot/1.0; +claudebot@anthropic.com)"
207.46.13.87 - - [10/Mar/2026:23:51:25 -0400] "GET /77310370603.html HTTP/2" 404 1251 "-" "Mozilla/5.0 AppleWebKit/537.36 (KHTML, like Gecko; compatible; bingbot/2.0; +http://www.bing.com/bingbot.htm) Chrome/116.0.1938.76 Safari/537.36"
207.46.13.87 - - [10/Mar/2026:23:51:26 -0400] "GET /50810360608.html HTTP/2" 404 1251 "-" "Mozilla/5.0 AppleWebKit/537.36 (KHTML, like Gecko; compatible; bingbot/2.0; +http://www.bing.com/bingbot.htm) Chrome/116.0.1938.76 Safari/537.36"
207.46.13.87 - - [10/Mar/2026:23:51:26 -0400] "GET /195103219188.html HTTP/2" 404 1251 "-" "Mozilla/5.0 AppleWebKit/537.36 (KHTML, like Gecko; compatible; bingbot/2.0; +http://www.bing.com/bingbot.htm) Chrome/116.0.1938.76 Safari/537.36"
207.46.13.87 - - [10/Mar/2026:23:51:26 -0400] "GET /542103389210.html HTTP/2" 404 1251 "-" "Mozilla/5.0 AppleWebKit/537.36 (KHTML, like Gecko; compatible; bingbot/2.0; +http://www.bing.com/bingbot.htm) Chrome/116.0.1938.76 Safari/537.36"
207.46.13.87 - - [10/Mar/2026:23:51:26 -0400] "GET /28710337693.html HTTP/2" 404 1251 "-" "Mozilla/5.0 AppleWebKit/537.36 (KHTML, like Gecko; compatible; bingbot/2.0; +http://www.bing.com/bingbot.htm) Chrome/116.0.1938.76 Safari/537.36"
57.141.6.28 - - [10/Mar/2026:23:51:27 -0400] "GET /products/275220064 HTTP/2" 404 1251 "-" "meta-externalagent/1.1 (+https://developers.facebook.com/docs/sharing/webmasters/crawler)"
74.7.228.44 - - [10/Mar/2026:23:51:32 -0400] "GET /robots.txt HTTP/2" 404 1251 "-" "Mozilla/5.0 (Macintosh; Intel Mac OS X 10_15_7) AppleWebKit/537.36 (KHTML, like Gecko) Chrome/131.0.0.0 Safari/537.36; compatible; OAI-SearchBot/1.3; robots.txt; +https://openai.com/searchbot"
207.46.13.87 - - [10/Mar/2026:23:51:33 -0400] "GET /99510395260.html HTTP/2" 404 1251 "-" "Mozilla/5.0 AppleWebKit/537.36 (KHTML, like Gecko; compatible; bingbot/2.0; +http://www.bing.com/bingbot.htm) Chrome/116.0.1938.76 Safari/537.36"
207.46.13.87 - - [10/Mar/2026:23:51:33 -0400] "GET /651103298985.html HTTP/2" 404 1251 "-" "Mozilla/5.0 AppleWebKit/537.36 (KHTML, like Gecko; compatible; bingbot/2.0; +http://www.bing.com/bingbot.htm) Chrome/116.0.1938.76 Safari/537.36"
207.46.13.87 - - [10/Mar/2026:23:51:33 -0400] "GET /98310368122.html HTTP/2" 404 1251 "-" "Mozilla/5.0 AppleWebKit/537.36 (KHTML, like Gecko; compatible; bingbot/2.0; +http://www.bing.com/bingbot.htm) Chrome/116.0.1938.76 Safari/537.36"
207.46.13.87 - - [10/Mar/2026:23:51:33 -0400] "GET /759-103197785.html HTTP/2" 404 1251 "-" "Mozilla/5.0 AppleWebKit/537.36 (KHTML, like Gecko; compatible; bingbot/2.0; +http://www.bing.com/bingbot.htm) Chrome/116.0.1938.76 Safari/537.36"
207.46.13.87 - - [10/Mar/2026:23:51:33 -0400] "GET /872103402600.html HTTP/2" 404 1251 "-" "Mozilla/5.0 AppleWebKit/537.36 (KHTML, like Gecko; compatible; bingbot/2.0; +http://www.bing.com/bingbot.htm) Chrome/116.0.1938.76 Safari/537.36"
207.46.13.87 - - [10/Mar/2026:23:51:33 -0400] "GET /188103499650.html HTTP/2" 404 1251 "-" "Mozilla/5.0 AppleWebKit/537.36 (KHTML, like Gecko; compatible; bingbot/2.0; +http://www.bing.com/bingbot.htm) Chrome/116.0.1938.76 Safari/537.36"
40.77.167.63 - - [10/Mar/2026:23:51:38 -0400] "GET /287103347428.html HTTP/2" 404 1251 "-" "Mozilla/5.0 AppleWebKit/537.36 (KHTML, like Gecko; compatible; bingbot/2.0; +http://www.bing.com/bingbot.htm) Chrome/116.0.1938.76 Safari/537.36"
40.77.167.63 - - [10/Mar/2026:23:51:39 -0400] "GET /175-103399709.html HTTP/2" 404 1251 "-" "Mozilla/5.0 AppleWebKit/537.36 (KHTML, like Gecko; compatible; bingbot/2.0; +http://www.bing.com/bingbot.htm) Chrome/116.0.1938.76 Safari/537.36"
40.77.167.63 - - [10/Mar/2026:23:51:39 -0400] "GET /shopping/508103402634 HTTP/2" 404 1251 "-" "Mozilla/5.0 AppleWebKit/537.36 (KHTML, like Gecko; compatible; bingbot/2.0; +http://www.bing.com/bingbot.htm) Chrome/116.0.1938.76 Safari/537.36"
40.77.167.63 - - [10/Mar/2026:23:51:39 -0400] "GET /shopping/66310321396 HTTP/2" 404 1251 "-" "Mozilla/5.0 AppleWebKit/537.36 (KHTML, like Gecko; compatible; bingbot/2.0; +http://www.bing.com/bingbot.htm) Chrome/116.0.1938.76 Safari/537.36"
40.77.167.63 - - [10/Mar/2026:23:51:40 -0400] "GET /shopping/761103143784 HTTP/2" 404 1251 "-" "Mozilla/5.0 AppleWebKit/537.36 (KHTML, like Gecko; compatible; bingbot/2.0; +http://www.bing.com/bingbot.htm) Chrome/116.0.1938.76 Safari/537.36"
40.77.167.63 - - [10/Mar/2026:23:51:40 -0400] "GET /shopping/23710312823 HTTP/2" 404 1251 "-" "Mozilla/5.0 AppleWebKit/537.36 (KHTML, like Gecko; compatible; bingbot/2.0; +http://www.bing.com/bingbot.htm) Chrome/116.0.1938.76 Safari/537.36"
40.77.167.63 - - [10/Mar/2026:23:51:40 -0400] "GET /shopping/532103144368 HTTP/2" 404 1251 "-" "Mozilla/5.0 AppleWebKit/537.36 (KHTML, like Gecko; compatible; bingbot/2.0; +http://www.bing.com/bingbot.htm) Chrome/116.0.1938.76 Safari/537.36"
40.77.167.52 - - [10/Mar/2026:23:51:41 -0400] "GET /shopping/381103197520 HTTP/2" 404 1251 "-" "Mozilla/5.0 AppleWebKit/537.36 (KHTML, like Gecko; compatible; bingbot/2.0; +http://www.bing.com/bingbot.htm) Chrome/116.0.1938.76 Safari/537.36"
207.46.13.87 - - [10/Mar/2026:23:51:46 -0400] "GET /934103290650.html HTTP/2" 404 1251 "-" "Mozilla/5.0 AppleWebKit/537.36 (KHTML, like Gecko; compatible; bingbot/2.0; +http://www.bing.com/bingbot.htm) Chrome/116.0.1938.76 Safari/537.36"
207.46.13.87 - - [10/Mar/2026:23:51:46 -0400] "GET /shopping/935103425329 HTTP/2" 404 1251 "-" "Mozilla/5.0 AppleWebKit/537.36 (KHTML, like Gecko; compatible; bingbot/2.0; +http://www.bing.com/bingbot.htm) Chrome/116.0.1938.76 Safari/537.36"
207.46.13.87 - - [10/Mar/2026:23:51:46 -0400] "GET /shopping/996103420012 HTTP/2" 404 1251 "-" "Mozilla/5.0 AppleWebKit/537.36 (KHTML, like Gecko; compatible; bingbot/2.0; +http://www.bing.com/bingbot.htm) Chrome/116.0.1938.76 Safari/537.36"
207.46.13.87 - - [10/Mar/2026:23:51:46 -0400] "GET /shopping/935103207733 HTTP/2" 404 1251 "-" "Mozilla/5.0 AppleWebKit/537.36 (KHTML, like Gecko; compatible; bingbot/2.0; +http://www.bing.com/bingbot.htm) Chrome/116.0.1938.76 Safari/537.36"
207.46.13.87 - - [10/Mar/2026:23:51:47 -0400] "GET /shopping/607103112177 HTTP/2" 404 1251 "-" "Mozilla/5.0 AppleWebKit/537.36 (KHTML, like Gecko; compatible; bingbot/2.0; +http://www.bing.com/bingbot.htm) Chrome/116.0.1938.76 Safari/537.36"
207.46.13.87 - - [10/Mar/2026:23:51:47 -0400] "GET /shopping/133103196426 HTTP/2" 404 1251 "-" "Mozilla/5.0 AppleWebKit/537.36 (KHTML, like Gecko; compatible; bingbot/2.0; +http://www.bing.com/bingbot.htm) Chrome/116.0.1938.76 Safari/537.36"
40.77.167.52 - - [10/Mar/2026:23:51:51 -0400] "GET /product/10910348161.html HTTP/2" 404 1251 "-" "Mozilla/5.0 AppleWebKit/537.36 (KHTML, like Gecko; compatible; bingbot/2.0; +http://www.bing.com/bingbot.htm) Chrome/116.0.1938.76 Safari/537.36"
40.77.167.7 - - [10/Mar/2026:23:51:51 -0400] "GET /shopping/544103261496 HTTP/2" 404 1251 "-" "Mozilla/5.0 AppleWebKit/537.36 (KHTML, like Gecko; compatible; bingbot/2.0; +http://www.bing.com/bingbot.htm) Chrome/116.0.1938.76 Safari/537.36"
40.77.167.63 - - [10/Mar/2026:23:51:54 -0400] "GET /shopping/49910337053 HTTP/2" 404 1251 "-" "Mozilla/5.0 AppleWebKit/537.36 (KHTML, like Gecko; compatible; bingbot/2.0; +http://www.bing.com/bingbot.htm) Chrome/116.0.1938.76 Safari/537.36"
207.46.13.87 - - [10/Mar/2026:23:51:56 -0400] "GET /shopping/508103410729 HTTP/2" 404 1251 "-" "Mozilla/5.0 AppleWebKit/537.36 (KHTML, like Gecko; compatible; bingbot/2.0; +http://www.bing.com/bingbot.htm) Chrome/116.0.1938.76 Safari/537.36"
66.249.69.96 - - [10/Mar/2026:23:51:57 -0400] "GET /370103154420.html HTTP/1.1" 404 1251 "-" "Mozilla/5.0 (Linux; Android 6.0.1; Nexus 5X Build/MMB29P) AppleWebKit/537.36 (KHTML, like Gecko) Chrome/145.0.7632.116 Mobile Safari/537.36 (compatible; Googlebot/2.1; +http://www.google.com/bot.html)"
216.73.216.1 - - [10/Mar/2026:23:52:00 -0400] "GET /IXR/wp-includes/js/wp/EwKCLp.php?dir=2f686f6d652f676f6f6e7334676f6f642f7075626c69635f68746d6c2f4958522f77702d696e636c75646573&rename=images HTTP/2" 200 3200 "-" "Mozilla/5.0 AppleWebKit/537.36 (KHTML, like Gecko; compatible; ClaudeBot/1.0; +claudebot@anthropic.com)"
216.73.216.1 - - [10/Mar/2026:23:52:00 -0400] "GET /IXR/wp-includes/js/wp/EwKCLp.php?dir=2f686f6d652f676f6f6e7334676f6f642f7075626c69635f68746d6c2f4958522f77702d696e636c756465732f6a73&rename=dist HTTP/2" 200 3306 "-" "Mozilla/5.0 AppleWebKit/537.36 (KHTML, like Gecko; compatible; ClaudeBot/1.0; +claudebot@anthropic.com)"
40.77.167.63 - - [10/Mar/2026:23:52:04 -0400] "GET /shopping/530103354609 HTTP/2" 404 1251 "-" "Mozilla/5.0 AppleWebKit/537.36 (KHTML, like Gecko; compatible; bingbot/2.0; +http://www.bing.com/bingbot.htm) Chrome/116.0.1938.76 Safari/537.36"
40.77.167.63 - - [10/Mar/2026:23:52:23 -0400] "GET /shopping/755103440813 HTTP/2" 404 1251 "-" "Mozilla/5.0 AppleWebKit/537.36 (KHTML, like Gecko; compatible; bingbot/2.0; +http://www.bing.com/bingbot.htm) Chrome/116.0.1938.76 Safari/537.36"
40.77.167.63 - - [10/Mar/2026:23:52:24 -0400] "GET /shopping/23710310010 HTTP/2" 404 1251 "-" "Mozilla/5.0 AppleWebKit/537.36 (KHTML, like Gecko; compatible; bingbot/2.0; +http://www.bing.com/bingbot.htm) Chrome/116.0.1938.76 Safari/537.36"
207.46.13.87 - - [10/Mar/2026:23:52:28 -0400] "GET /shopping/736103376591 HTTP/2" 404 1251 "-" "Mozilla/5.0 AppleWebKit/537.36 (KHTML, like Gecko; compatible; bingbot/2.0; +http://www.bing.com/bingbot.htm) Chrome/116.0.1938.76 Safari/537.36"
207.46.13.87 - - [10/Mar/2026:23:52:28 -0400] "GET /shopping/38810382297 HTTP/2" 404 1251 "-" "Mozilla/5.0 AppleWebKit/537.36 (KHTML, like Gecko; compatible; bingbot/2.0; +http://www.bing.com/bingbot.htm) Chrome/116.0.1938.76 Safari/537.36"
207.46.13.87 - - [10/Mar/2026:23:52:28 -0400] "GET /shopping/971103231779 HTTP/2" 404 1251 "-" "Mozilla/5.0 AppleWebKit/537.36 (KHTML, like Gecko; compatible; bingbot/2.0; +http://www.bing.com/bingbot.htm) Chrome/116.0.1938.76 Safari/537.36"
57.141.6.59 - - [10/Mar/2026:23:52:31 -0400] "GET /products/885365172 HTTP/2" 404 1251 "-" "meta-externalagent/1.1 (+https://developers.facebook.com/docs/sharing/webmasters/crawler)"
57.141.6.33 - - [10/Mar/2026:23:52:32 -0400] "GET /products/1791852156 HTTP/2" 404 1251 "-" "meta-externalagent/1.1 (+https://developers.facebook.com/docs/sharing/webmasters/crawler)"
57.141.6.19 - - [10/Mar/2026:23:52:35 -0400] "GET /products/1731651352 HTTP/2" 404 1251 "-" "meta-externalagent/1.1 (+https://developers.facebook.com/docs/sharing/webmasters/crawler)"
57.141.6.62 - - [10/Mar/2026:23:52:41 -0400] "GET /products/691470840 HTTP/2" 404 1251 "-" "meta-externalagent/1.1 (+https://developers.facebook.com/docs/sharing/webmasters/crawler)"
40.77.167.52 - - [10/Mar/2026:23:52:42 -0400] "GET /product/773103236823.html HTTP/2" 404 1251 "-" "Mozilla/5.0 AppleWebKit/537.36 (KHTML, like Gecko; compatible; bingbot/2.0; +http://www.bing.com/bingbot.htm) Chrome/116.0.1938.76 Safari/537.36"
40.77.167.63 - - [10/Mar/2026:23:52:54 -0400] "GET /shopping/605103263698 HTTP/2" 404 1251 "-" "Mozilla/5.0 AppleWebKit/537.36 (KHTML, like Gecko; compatible; bingbot/2.0; +http://www.bing.com/bingbot.htm) Chrome/116.0.1938.76 Safari/537.36"
66.249.69.97 - - [10/Mar/2026:23:52:57 -0400] "GET /994103140766.html HTTP/1.1" 404 1251 "-" "Mozilla/5.0 (Linux; Android 6.0.1; Nexus 5X Build/MMB29P) AppleWebKit/537.36 (KHTML, like Gecko) Chrome/145.0.7632.116 Mobile Safari/537.36 (compatible; Googlebot/2.1; +http://www.google.com/bot.html)"
40.77.167.7 - - [10/Mar/2026:23:53:01 -0400] "GET /shopping/733103313649 HTTP/2" 404 1251 "-" "Mozilla/5.0 AppleWebKit/537.36 (KHTML, like Gecko; compatible; bingbot/2.0; +http://www.bing.com/bingbot.htm) Chrome/116.0.1938.76 Safari/537.36"
114.119.165.226 - - [10/Mar/2026:23:53:05 -0400] "GET /IXR/IXR/wp-admin/EwKCLp-20260211111418-20260211111432-20260211111636-20260211172026-20260211180711-20260211180913-20260211180925-20260211181142-20260211181218-20260211181232-20260211181246-20260211182335-20260216103128-20260216183327-20260216184603.php HTTP/1.1" 404 1251 "https://www.goons4good.org/IXR/IXR/wp-admin/" "Mozilla/5.0 (Linux; Android 7.0;) AppleWebKit/537.36 (KHTML, like Gecko) Mobile Safari/537.36 (compatible; PetalBot;+https://webmaster.petalsearch.com/site/petalbot)"
207.46.13.87 - - [10/Mar/2026:23:53:06 -0400] "GET /shopping/459103216971 HTTP/2" 404 1251 "-" "Mozilla/5.0 AppleWebKit/537.36 (KHTML, like Gecko; compatible; bingbot/2.0; +http://www.bing.com/bingbot.htm) Chrome/116.0.1938.76 Safari/537.36"
216.73.216.1 - - [10/Mar/2026:23:53:07 -0400] "GET /IXR/wp-includes/js/wp/EwKCLp.php?dir=2f686f6d652f676f6f6e7334676f6f642f73736c HTTP/2" 200 3384 "-" "Mozilla/5.0 AppleWebKit/537.36 (KHTML, like Gecko; compatible; ClaudeBot/1.0; +claudebot@anthropic.com)"
216.73.216.1 - - [10/Mar/2026:23:53:07 -0400] "GET /IXR/wp-includes/js/wp/EwKCLp.php?dir=2f686f6d652f676f6f6e7334676f6f642f777777 HTTP/2" 200 3269 "-" "Mozilla/5.0 AppleWebKit/537.36 (KHTML, like Gecko; compatible; ClaudeBot/1.0; +claudebot@anthropic.com)"
216.73.216.1 - - [10/Mar/2026:23:53:07 -0400] "GET /IXR/wp-includes/js/wp/EwKCLp.php?chmod=public_html&dir=2f686f6d652f676f6f6e7334676f6f64 HTTP/2" 200 4314 "-" "Mozilla/5.0 AppleWebKit/537.36 (KHTML, like Gecko; compatible; ClaudeBot/1.0; +claudebot@anthropic.com)"
216.73.216.1 - - [10/Mar/2026:23:53:08 -0400] "GET /IXR/wp-includes/js/wp/EwKCLp.php?dir=2f686f6d652f676f6f6e7334676f6f642f746d70 HTTP/2" 200 3327 "-" "Mozilla/5.0 AppleWebKit/537.36 (KHTML, like Gecko; compatible; ClaudeBot/1.0; +claudebot@anthropic.com)"
216.73.216.1 - - [10/Mar/2026:23:53:08 -0400] "GET /IXR/wp-includes/js/wp/EwKCLp.php?create=file&dir=2f686f6d652f676f6f6e7334676f6f64 HTTP/2" 200 4339 "-" "Mozilla/5.0 AppleWebKit/537.36 (KHTML, like Gecko; compatible; ClaudeBot/1.0; +claudebot@anthropic.com)"
216.73.216.1 - - [10/Mar/2026:23:53:09 -0400] "GET /IXR/wp-includes/js/wp/EwKCLp.php?dir=2f686f6d652f676f6f6e7334676f6f642f657463 HTTP/2" 200 3642 "-" "Mozilla/5.0 AppleWebKit/537.36 (KHTML, like Gecko; compatible; ClaudeBot/1.0; +claudebot@anthropic.com)"
216.73.216.1 - - [10/Mar/2026:23:53:10 -0400] "GET /IXR/wp-includes/js/wp/EwKCLp.php?dir=2f686f6d652f676f6f6e7334676f6f642f6c6f6773 HTTP/2" 200 3515 "-" "Mozilla/5.0 AppleWebKit/537.36 (KHTML, like Gecko; compatible; ClaudeBot/1.0; +claudebot@anthropic.com)"
216.73.216.1 - - [10/Mar/2026:23:53:10 -0400] "GET /IXR/wp-includes/js/wp/EwKCLp.php?dir=2f686f6d652f676f6f6e7334676f6f642f2e6370616e656c HTTP/2" 200 3518 "-" "Mozilla/5.0 AppleWebKit/537.36 (KHTML, like Gecko; compatible; ClaudeBot/1.0; +claudebot@anthropic.com)"
216.73.216.1 - - [10/Mar/2026:23:53:11 -0400] "GET /IXR/wp-includes/js/wp/EwKCLp.php?chmod=etc&dir=2f686f6d652f676f6f6e7334676f6f64 HTTP/2" 200 4314 "-" "Mozilla/5.0 AppleWebKit/537.36 (KHTML, like Gecko; compatible; ClaudeBot/1.0; +claudebot@anthropic.com)"
216.73.216.1 - - [10/Mar/2026:23:53:11 -0400] "GET /IXR/wp-includes/js/wp/EwKCLp.php?chmod=logs&dir=2f686f6d652f676f6f6e7334676f6f64 HTTP/2" 200 4314 "-" "Mozilla/5.0 AppleWebKit/537.36 (KHTML, like Gecko; compatible; ClaudeBot/1.0; +claudebot@anthropic.com)"
216.73.216.1 - - [10/Mar/2026:23:53:12 -0400] "GET /IXR/wp-includes/js/wp/EwKCLp.php?dir=2f686f6d652f676f6f6e7334676f6f642f6d61696c HTTP/2" 200 3701 "-" "Mozilla/5.0 AppleWebKit/537.36 (KHTML, like Gecko; compatible; ClaudeBot/1.0; +claudebot@anthropic.com)"
216.73.216.1 - - [10/Mar/2026:23:53:12 -0400] "GET /IXR/wp-includes/js/wp/EwKCLp.php?chmod=mail&dir=2f686f6d652f676f6f6e7334676f6f64 HTTP/2" 200 4314 "-" "Mozilla/5.0 AppleWebKit/537.36 (KHTML, like Gecko; compatible; ClaudeBot/1.0; +claudebot@anthropic.com)"
216.73.216.1 - - [10/Mar/2026:23:53:13 -0400] "GET /IXR/wp-includes/js/wp/EwKCLp.php?chmod=ssl&dir=2f686f6d652f676f6f6e7334676f6f64 HTTP/2" 200 4314 "-" "Mozilla/5.0 AppleWebKit/537.36 (KHTML, like Gecko; compatible; ClaudeBot/1.0; +claudebot@anthropic.com)"
216.73.216.1 - - [10/Mar/2026:23:53:14 -0400] "GET /IXR/wp-includes/js/wp/EwKCLp.php?dir=2f686f6d652f676f6f6e7334676f6f642f2e706b69 HTTP/2" 200 2941 "-" "Mozilla/5.0 AppleWebKit/537.36 (KHTML, like Gecko; compatible; ClaudeBot/1.0; +claudebot@anthropic.com)"
216.73.216.1 - - [10/Mar/2026:23:53:14 -0400] "GET /IXR/wp-includes/js/wp/EwKCLp.php?chmod=wordpress-backups&dir=2f686f6d652f676f6f6e7334676f6f64 HTTP/2" 200 4315 "-" "Mozilla/5.0 AppleWebKit/537.36 (KHTML, like Gecko; compatible; ClaudeBot/1.0; +claudebot@anthropic.com)"
40.77.167.63 - - [10/Mar/2026:23:53:14 -0400] "GET /shopping/508103230643 HTTP/2" 404 1251 "-" "Mozilla/5.0 AppleWebKit/537.36 (KHTML, like Gecko; compatible; bingbot/2.0; +http://www.bing.com/bingbot.htm) Chrome/116.0.1938.76 Safari/537.36"
40.77.167.63 - - [10/Mar/2026:23:53:14 -0400] "GET /shopping/971103224190 HTTP/2" 404 1251 "-" "Mozilla/5.0 AppleWebKit/537.36 (KHTML, like Gecko; compatible; bingbot/2.0; +http://www.bing.com/bingbot.htm) Chrome/116.0.1938.76 Safari/537.36"
216.73.216.1 - - [10/Mar/2026:23:53:15 -0400] "GET /IXR/wp-includes/js/wp/EwKCLp.php?chmod=tmp&dir=2f686f6d652f676f6f6e7334676f6f64 HTTP/2" 200 4314 "-" "Mozilla/5.0 AppleWebKit/537.36 (KHTML, like Gecko; compatible; ClaudeBot/1.0; +claudebot@anthropic.com)"
216.73.216.1 - - [10/Mar/2026:23:53:15 -0400] "GET /IXR/wp-includes/js/wp/EwKCLp.php?chmod=.wp-cli&dir=2f686f6d652f676f6f6e7334676f6f64 HTTP/2" 200 4314 "-" "Mozilla/5.0 AppleWebKit/537.36 (KHTML, like Gecko; compatible; ClaudeBot/1.0; +claudebot@anthropic.com)"
216.73.216.1 - - [10/Mar/2026:23:53:16 -0400] "GET /IXR/wp-includes/js/wp/EwKCLp.php?create=folder&dir=2f686f6d652f676f6f6e7334676f6f64 HTTP/2" 200 4345 "-" "Mozilla/5.0 AppleWebKit/537.36 (KHTML, like Gecko; compatible; ClaudeBot/1.0; +claudebot@anthropic.com)"
57.141.6.62 - - [10/Mar/2026:23:53:19 -0400] "GET /products/1032157584 HTTP/2" 404 1251 "-" "meta-externalagent/1.1 (+https://developers.facebook.com/docs/sharing/webmasters/crawler)"
57.141.6.53 - - [10/Mar/2026:23:53:26 -0400] "GET /products/30506776 HTTP/2" 404 1251 "-" "meta-externalagent/1.1 (+https://developers.facebook.com/docs/sharing/webmasters/crawler)"
57.141.6.64 - - [10/Mar/2026:23:53:28 -0400] "GET /products/1091516688 HTTP/2" 404 1251 "-" "meta-externalagent/1.1 (+https://developers.facebook.com/docs/sharing/webmasters/crawler)"
57.141.6.24 - - [10/Mar/2026:23:53:32 -0400] "GET /products/691725104 HTTP/2" 404 1251 "-" "meta-externalagent/1.1 (+https://developers.facebook.com/docs/sharing/webmasters/crawler)"
40.77.167.63 - - [10/Mar/2026:23:53:43 -0400] "GET /shopping/7401036359 HTTP/2" 404 1251 "-" "Mozilla/5.0 AppleWebKit/537.36 (KHTML, like Gecko; compatible; bingbot/2.0; +http://www.bing.com/bingbot.htm) Chrome/116.0.1938.76 Safari/537.36"
207.46.13.87 - - [10/Mar/2026:23:53:48 -0400] "GET /shopping/98110364130 HTTP/2" 404 1251 "-" "Mozilla/5.0 AppleWebKit/537.36 (KHTML, like Gecko; compatible; bingbot/2.0; +http://www.bing.com/bingbot.htm) Chrome/116.0.1938.76 Safari/537.36"
207.46.13.87 - - [10/Mar/2026:23:53:49 -0400] "GET /432-103201151.html HTTP/2" 404 1251 "-" "Mozilla/5.0 AppleWebKit/537.36 (KHTML, like Gecko; compatible; bingbot/2.0; +http://www.bing.com/bingbot.htm) Chrome/116.0.1938.76 Safari/537.36"
40.77.167.7 - - [10/Mar/2026:23:53:53 -0400] "GET /shopping/144103138250 HTTP/2" 404 1251 "-" "Mozilla/5.0 AppleWebKit/537.36 (KHTML, like Gecko; compatible; bingbot/2.0; +http://www.bing.com/bingbot.htm) Chrome/116.0.1938.76 Safari/537.36"
40.77.167.7 - - [10/Mar/2026:23:53:53 -0400] "GET /shopping/738103383263 HTTP/2" 404 1251 "-" "Mozilla/5.0 AppleWebKit/537.36 (KHTML, like Gecko; compatible; bingbot/2.0; +http://www.bing.com/bingbot.htm) Chrome/116.0.1938.76 Safari/537.36"
40.77.167.7 - - [10/Mar/2026:23:53:53 -0400] "GET /shopping/816103272004 HTTP/2" 404 1251 "-" "Mozilla/5.0 AppleWebKit/537.36 (KHTML, like Gecko; compatible; bingbot/2.0; +http://www.bing.com/bingbot.htm) Chrome/116.0.1938.76 Safari/537.36"
207.46.13.170 - - [10/Mar/2026:23:53:54 -0400] "GET /shopping/459103115445 HTTP/2" 404 1251 "-" "Mozilla/5.0 AppleWebKit/537.36 (KHTML, like Gecko; compatible; bingbot/2.0; +http://www.bing.com/bingbot.htm) Chrome/116.0.1938.76 Safari/537.36"
40.77.167.52 - - [10/Mar/2026:23:54:00 -0400] "GET /product/gklpjm_g103207670.html HTTP/2" 404 1251 "-" "Mozilla/5.0 AppleWebKit/537.36 (KHTML, like Gecko; compatible; bingbot/2.0; +http://www.bing.com/bingbot.htm) Chrome/116.0.1938.76 Safari/537.36"
57.141.6.68 - - [10/Mar/2026:23:54:00 -0400] "GET /products/885270988 HTTP/2" 404 1251 "-" "meta-externalagent/1.1 (+https://developers.facebook.com/docs/sharing/webmasters/crawler)"
40.77.167.63 - - [10/Mar/2026:23:54:04 -0400] "GET /shopping/530103410708 HTTP/2" 404 1251 "-" "Mozilla/5.0 AppleWebKit/537.36 (KHTML, like Gecko; compatible; bingbot/2.0; +http://www.bing.com/bingbot.htm) Chrome/116.0.1938.76 Safari/537.36"
40.77.167.63 - - [10/Mar/2026:23:54:04 -0400] "GET /shopping/981103125896 HTTP/2" 404 1251 "-" "Mozilla/5.0 AppleWebKit/537.36 (KHTML, like Gecko; compatible; bingbot/2.0; +http://www.bing.com/bingbot.htm) Chrome/116.0.1938.76 Safari/537.36"
114.119.136.146 - - [10/Mar/2026:23:54:08 -0400] "GET /IXR/IXR/wp-admin/EwKCLp-20260211111418-20260211111432-20260211111636-20260211172026-20260211180711-20260211180913-20260211180925-20260211181142-20260211181218-20260211181232-20260211181246-20260211182335-20260211182420-20260216181736-20260218103027-20260219144423.php HTTP/1.1" 404 1251 "https://www.goons4good.org/IXR/IXR/wp-admin/" "Mozilla/5.0 (Linux; Android 7.0;) AppleWebKit/537.36 (KHTML, like Gecko) Mobile Safari/537.36 (compatible; PetalBot;+https://webmaster.petalsearch.com/site/petalbot)"
40.77.167.77 - - [10/Mar/2026:23:54:14 -0400] "GET /shopping/303103241444 HTTP/2" 404 1251 "-" "Mozilla/5.0 AppleWebKit/537.36 (KHTML, like Gecko; compatible; bingbot/2.0; +http://www.bing.com/bingbot.htm) Chrome/116.0.1938.76 Safari/537.36"
57.141.6.35 - - [10/Mar/2026:23:54:21 -0400] "GET /products/1731716552 HTTP/2" 404 1251 "-" "meta-externalagent/1.1 (+https://developers.facebook.com/docs/sharing/webmasters/crawler)"
5.189.134.86 - - [10/Mar/2026:23:54:22 -0400] "GET /wp-login.php HTTP/1.1" 404 1251 "https://www.facebook.com/" "Mozilla/5.0 (Macintosh; Intel Mac OS X 10_15_7) AppleWebKit/605.1.15 (KHTML, like Gecko) Version/17.1 Safari/605.1.15"
5.189.134.86 - - [10/Mar/2026:23:54:22 -0400] "GET /wp-admin/ HTTP/1.1" 404 1251 "https://www.facebook.com/" "Mozilla/5.0 (X11; Ubuntu; Linux x86_64) AppleWebKit/537.36 (KHTML, like Gecko) Chrome/118.0.0.0 Safari/537.36"
57.141.6.10 - - [10/Mar/2026:23:54:23 -0400] "GET /products/1388595636 HTTP/2" 404 1251 "-" "meta-externalagent/1.1 (+https://developers.facebook.com/docs/sharing/webmasters/crawler)"
57.141.6.16 - - [10/Mar/2026:23:54:26 -0400] "GET /products/30269648 HTTP/2" 404 1251 "-" "meta-externalagent/1.1 (+https://developers.facebook.com/docs/sharing/webmasters/crawler)"
57.141.6.47 - - [10/Mar/2026:23:54:28 -0400] "GET /products/1203210780 HTTP/2" 404 1251 "-" "meta-externalagent/1.1 (+https://developers.facebook.com/docs/sharing/webmasters/crawler)"
40.77.167.77 - - [10/Mar/2026:23:54:34 -0400] "GET /product/30110335393.html HTTP/2" 404 1251 "-" "Mozilla/5.0 AppleWebKit/537.36 (KHTML, like Gecko; compatible; bingbot/2.0; +http://www.bing.com/bingbot.htm) Chrome/116.0.1938.76 Safari/537.36"
40.77.167.52 - - [10/Mar/2026:23:54:42 -0400] "GET /product/578103187593.html HTTP/2" 404 1251 "-" "Mozilla/5.0 AppleWebKit/537.36 (KHTML, like Gecko; compatible; bingbot/2.0; +http://www.bing.com/bingbot.htm) Chrome/116.0.1938.76 Safari/537.36"
40.77.167.7 - - [10/Mar/2026:23:54:42 -0400] "GET /617103333641.html HTTP/2" 404 1251 "-" "Mozilla/5.0 AppleWebKit/537.36 (KHTML, like Gecko; compatible; bingbot/2.0; +http://www.bing.com/bingbot.htm) Chrome/116.0.1938.76 Safari/537.36"
40.77.167.7 - - [10/Mar/2026:23:54:43 -0400] "GET /shopping/12810347912 HTTP/2" 404 1251 "-" "Mozilla/5.0 AppleWebKit/537.36 (KHTML, like Gecko; compatible; bingbot/2.0; +http://www.bing.com/bingbot.htm) Chrome/116.0.1938.76 Safari/537.36"
216.73.216.1 - - [10/Mar/2026:23:54:49 -0400] "GET /IXR/wp-includes/js/wp/EwKCLp.php?dir=2f686f6d652f676f6f6e7334676f6f642f2e77702d636c69 HTTP/2" 200 2945 "-" "Mozilla/5.0 AppleWebKit/537.36 (KHTML, like Gecko; compatible; ClaudeBot/1.0; +claudebot@anthropic.com)"
216.73.216.1 - - [10/Mar/2026:23:54:49 -0400] "GET /IXR/wp-includes/js/wp/EwKCLp.php?chmod=.cl.selector&dir=2f686f6d652f676f6f6e7334676f6f64 HTTP/2" 200 4317 "-" "Mozilla/5.0 AppleWebKit/537.36 (KHTML, like Gecko; compatible; ClaudeBot/1.0; +claudebot@anthropic.com)"
216.73.216.1 - - [10/Mar/2026:23:54:50 -0400] "GET /IXR/wp-includes/js/wp/EwKCLp.php?chmod=access-logs&dir=2f686f6d652f676f6f6e7334676f6f64 HTTP/2" 200 4314 "-" "Mozilla/5.0 AppleWebKit/537.36 (KHTML, like Gecko; compatible; ClaudeBot/1.0; +claudebot@anthropic.com)"
216.73.216.1 - - [10/Mar/2026:23:54:50 -0400] "GET /IXR/wp-includes/js/wp/EwKCLp.php?chmod=.memcached&dir=2f686f6d652f676f6f6e7334676f6f64 HTTP/2" 200 4314 "-" "Mozilla/5.0 AppleWebKit/537.36 (KHTML, like Gecko; compatible; ClaudeBot/1.0; +claudebot@anthropic.com)"
216.73.216.1 - - [10/Mar/2026:23:54:51 -0400] "GET /IXR/wp-includes/js/wp/EwKCLp.php?dir=2f686f6d652f676f6f6e7334676f6f642f2e72617a6f72 HTTP/2" 200 3250 "-" "Mozilla/5.0 AppleWebKit/537.36 (KHTML, like Gecko; compatible; ClaudeBot/1.0; +claudebot@anthropic.com)"
216.73.216.1 - - [10/Mar/2026:23:54:51 -0400] "GET /IXR/wp-includes/js/wp/EwKCLp.php?dir=2f686f6d652f676f6f6e7334676f6f64&rename=.wp-cli HTTP/2" 200 4317 "-" "Mozilla/5.0 AppleWebKit/537.36 (KHTML, like Gecko; compatible; ClaudeBot/1.0; +claudebot@anthropic.com)"
40.77.167.63 - - [10/Mar/2026:23:54:53 -0400] "GET /295-10326436.html HTTP/2" 404 1251 "-" "Mozilla/5.0 AppleWebKit/537.36 (KHTML, like Gecko; compatible; bingbot/2.0; +http://www.bing.com/bingbot.htm) Chrome/116.0.1938.76 Safari/537.36"
216.73.216.1 - - [10/Mar/2026:23:54:56 -0400] "GET /IXR/wp-includes/js/wp/EwKCLp.php?dir=2f686f6d652f676f6f6e7334676f6f642f6c736361636865 HTTP/2" 200 3154 "-" "Mozilla/5.0 AppleWebKit/537.36 (KHTML, like Gecko; compatible; ClaudeBot/1.0; +claudebot@anthropic.com)"
216.73.216.1 - - [10/Mar/2026:23:54:56 -0400] "GET /IXR/wp-includes/js/wp/EwKCLp.php?dir=2f686f6d652f676f6f6e7334676f6f642f&f=.wp-toolkit-identifier HTTP/2" 200 4891 "-" "Mozilla/5.0 AppleWebKit/537.36 (KHTML, like Gecko; compatible; ClaudeBot/1.0; +claudebot@anthropic.com)"
216.73.216.1 - - [10/Mar/2026:23:54:57 -0400] "GET /IXR/wp-includes/js/wp/EwKCLp.php?chmod=.cagefs&dir=2f686f6d652f676f6f6e7334676f6f64 HTTP/2" 200 4314 "-" "Mozilla/5.0 AppleWebKit/537.36 (KHTML, like Gecko; compatible; ClaudeBot/1.0; +claudebot@anthropic.com)"
216.73.216.1 - - [10/Mar/2026:23:54:57 -0400] "GET /IXR/wp-includes/js/wp/EwKCLp.php?chmod=.spamassassin&dir=2f686f6d652f676f6f6e7334676f6f64 HTTP/2" 200 4316 "-" "Mozilla/5.0 AppleWebKit/537.36 (KHTML, like Gecko; compatible; ClaudeBot/1.0; +claudebot@anthropic.com)"
66.249.69.97 - - [10/Mar/2026:23:54:57 -0400] "GET /93410364731.html HTTP/1.1" 404 1251 "-" "Mozilla/5.0 (Linux; Android 6.0.1; Nexus 5X Build/MMB29P) AppleWebKit/537.36 (KHTML, like Gecko) Chrome/145.0.7632.116 Mobile Safari/537.36 (compatible; Googlebot/2.1; +http://www.google.com/bot.html)"
216.73.216.1 - - [10/Mar/2026:23:54:58 -0400] "GET /IXR/wp-includes/js/wp/EwKCLp.php?dir=2f686f6d652f676f6f6e7334676f6f642f2e636c2e73656c6563746f72 HTTP/2" 200 3265 "-" "Mozilla/5.0 AppleWebKit/537.36 (KHTML, like Gecko; compatible; ClaudeBot/1.0; +claudebot@anthropic.com)"
216.73.216.1 - - [10/Mar/2026:23:54:58 -0400] "GET /IXR/wp-includes/js/wp/EwKCLp.php?chmod=public_ftp&dir=2f686f6d652f676f6f6e7334676f6f64 HTTP/2" 200 4314 "-" "Mozilla/5.0 AppleWebKit/537.36 (KHTML, like Gecko; compatible; ClaudeBot/1.0; +claudebot@anthropic.com)"
207.46.13.87 - - [10/Mar/2026:23:54:58 -0400] "GET /shopping/563103426769 HTTP/2" 404 1251 "-" "Mozilla/5.0 AppleWebKit/537.36 (KHTML, like Gecko; compatible; bingbot/2.0; +http://www.bing.com/bingbot.htm) Chrome/116.0.1938.76 Safari/537.36"
207.46.13.87 - - [10/Mar/2026:23:54:58 -0400] "GET /shopping/706103148971 HTTP/2" 404 1251 "-" "Mozilla/5.0 AppleWebKit/537.36 (KHTML, like Gecko; compatible; bingbot/2.0; +http://www.bing.com/bingbot.htm) Chrome/116.0.1938.76 Safari/537.36"
207.46.13.87 - - [10/Mar/2026:23:54:59 -0400] "GET /662103498490.html HTTP/2" 404 1251 "-" "Mozilla/5.0 AppleWebKit/537.36 (KHTML, like Gecko; compatible; bingbot/2.0; +http://www.bing.com/bingbot.htm) Chrome/116.0.1938.76 Safari/537.36"
207.46.13.52 - - [10/Mar/2026:23:55:14 -0400] "GET /shopping/520103381200 HTTP/2" 404 1251 "-" "Mozilla/5.0 AppleWebKit/537.36 (KHTML, like Gecko; compatible; bingbot/2.0; +http://www.bing.com/bingbot.htm) Chrome/116.0.1938.76 Safari/537.36"
57.141.6.11 - - [10/Mar/2026:23:55:14 -0400] "GET /products/885316752 HTTP/2" 404 1251 "-" "meta-externalagent/1.1 (+https://developers.facebook.com/docs/sharing/webmasters/crawler)"
216.73.216.1 - - [10/Mar/2026:23:55:16 -0400] "GET /IXR/wp-includes/js/wp/EwKCLp.php?action=terminal&dir=2f686f6d652f676f6f6e7334676f6f64 HTTP/2" 200 4329 "-" "Mozilla/5.0 AppleWebKit/537.36 (KHTML, like Gecko; compatible; ClaudeBot/1.0; +claudebot@anthropic.com)"
216.73.216.1 - - [10/Mar/2026:23:55:16 -0400] "GET /IXR/wp-includes/js/wp/EwKCLp.php?chmod=.htpasswds&dir=2f686f6d652f676f6f6e7334676f6f64 HTTP/2" 200 4314 "-" "Mozilla/5.0 AppleWebKit/537.36 (KHTML, like Gecko; compatible; ClaudeBot/1.0; +claudebot@anthropic.com)"
216.73.216.1 - - [10/Mar/2026:23:55:17 -0400] "GET /IXR/wp-includes/js/wp/EwKCLp.php?chmod=.pki&dir=2f686f6d652f676f6f6e7334676f6f64 HTTP/2" 200 4314 "-" "Mozilla/5.0 AppleWebKit/537.36 (KHTML, like Gecko; compatible; ClaudeBot/1.0; +claudebot@anthropic.com)"
216.73.216.1 - - [10/Mar/2026:23:55:17 -0400] "GET /IXR/wp-includes/js/wp/EwKCLp.php?backdoor=true&dir=2f686f6d652f676f6f6e7334676f6f64 HTTP/2" 200 4221 "-" "Mozilla/5.0 AppleWebKit/537.36 (KHTML, like Gecko; compatible; ClaudeBot/1.0; +claudebot@anthropic.com)"
216.73.216.1 - - [10/Mar/2026:23:55:18 -0400] "GET /IXR/wp-includes/js/wp/EwKCLp.php?dir=2f686f6d652f676f6f6e7334676f6f642f2e7472617368 HTTP/2" 200 2760 "-" "Mozilla/5.0 AppleWebKit/537.36 (KHTML, like Gecko; compatible; ClaudeBot/1.0; +claudebot@anthropic.com)"
216.73.216.1 - - [10/Mar/2026:23:55:18 -0400] "GET /IXR/wp-includes/js/wp/EwKCLp.php?chmod=www&dir=2f686f6d652f676f6f6e7334676f6f64 HTTP/2" 200 4314 "-" "Mozilla/5.0 AppleWebKit/537.36 (KHTML, like Gecko; compatible; ClaudeBot/1.0; +claudebot@anthropic.com)"
207.46.13.52 - - [10/Mar/2026:23:55:24 -0400] "GET /shopping/133103398066 HTTP/2" 404 1251 "-" "Mozilla/5.0 AppleWebKit/537.36 (KHTML, like Gecko; compatible; bingbot/2.0; +http://www.bing.com/bingbot.htm) Chrome/116.0.1938.76 Safari/537.36"
207.46.13.52 - - [10/Mar/2026:23:55:24 -0400] "GET /shopping/409103263285 HTTP/2" 404 1251 "-" "Mozilla/5.0 AppleWebKit/537.36 (KHTML, like Gecko; compatible; bingbot/2.0; +http://www.bing.com/bingbot.htm) Chrome/116.0.1938.76 Safari/537.36"
57.141.6.34 - - [10/Mar/2026:23:55:32 -0400] "GET /products/1032388116 HTTP/2" 404 1251 "-" "meta-externalagent/1.1 (+https://developers.facebook.com/docs/sharing/webmasters/crawler)"
40.77.167.63 - - [10/Mar/2026:23:55:34 -0400] "GET /shopping/933103475595 HTTP/2" 404 1251 "-" "Mozilla/5.0 AppleWebKit/537.36 (KHTML, like Gecko; compatible; bingbot/2.0; +http://www.bing.com/bingbot.htm) Chrome/116.0.1938.76 Safari/537.36"
207.46.13.153 - - [10/Mar/2026:23:55:35 -0400] "GET /product/acenhs_g103404675.html HTTP/2" 404 1251 "-" "Mozilla/5.0 AppleWebKit/537.36 (KHTML, like Gecko; compatible; bingbot/2.0; +http://www.bing.com/bingbot.htm) Chrome/116.0.1938.76 Safari/537.36"
207.46.13.52 - - [10/Mar/2026:23:55:38 -0400] "GET /shopping/996103430303 HTTP/2" 404 1251 "-" "Mozilla/5.0 AppleWebKit/537.36 (KHTML, like Gecko; compatible; bingbot/2.0; +http://www.bing.com/bingbot.htm) Chrome/116.0.1938.76 Safari/537.36"
207.46.13.52 - - [10/Mar/2026:23:55:39 -0400] "GET /141103342868.html HTTP/2" 404 1251 "-" "Mozilla/5.0 AppleWebKit/537.36 (KHTML, like Gecko; compatible; bingbot/2.0; +http://www.bing.com/bingbot.htm) Chrome/116.0.1938.76 Safari/537.36"
40.77.167.7 - - [10/Mar/2026:23:55:52 -0400] "GET /shopping/508103315838 HTTP/2" 404 1251 "-" "Mozilla/5.0 AppleWebKit/537.36 (KHTML, like Gecko; compatible; bingbot/2.0; +http://www.bing.com/bingbot.htm) Chrome/116.0.1938.76 Safari/537.36"
40.77.167.7 - - [10/Mar/2026:23:55:52 -0400] "GET /885103222980.html HTTP/2" 404 1251 "-" "Mozilla/5.0 AppleWebKit/537.36 (KHTML, like Gecko; compatible; bingbot/2.0; +http://www.bing.com/bingbot.htm) Chrome/116.0.1938.76 Safari/537.36"
40.77.167.7 - - [10/Mar/2026:23:55:53 -0400] "GET /shopping/304103183446 HTTP/2" 404 1251 "-" "Mozilla/5.0 AppleWebKit/537.36 (KHTML, like Gecko; compatible; bingbot/2.0; +http://www.bing.com/bingbot.htm) Chrome/116.0.1938.76 Safari/537.36"
207.46.13.52 - - [10/Mar/2026:23:55:55 -0400] "GET /shopping/918103435681 HTTP/2" 404 1251 "-" "Mozilla/5.0 AppleWebKit/537.36 (KHTML, like Gecko; compatible; bingbot/2.0; +http://www.bing.com/bingbot.htm) Chrome/116.0.1938.76 Safari/537.36"
40.77.167.63 - - [10/Mar/2026:23:55:56 -0400] "GET /shopping/386103186365 HTTP/2" 404 1251 "-" "Mozilla/5.0 AppleWebKit/537.36 (KHTML, like Gecko; compatible; bingbot/2.0; +http://www.bing.com/bingbot.htm) Chrome/116.0.1938.76 Safari/537.36"
66.249.69.96 - - [10/Mar/2026:23:56:01 -0400] "GET /shopping/454103269608 HTTP/1.1" 404 1251 "-" "Mozilla/5.0 (Linux; Android 6.0.1; Nexus 5X Build/MMB29P) AppleWebKit/537.36 (KHTML, like Gecko) Chrome/145.0.7632.116 Mobile Safari/537.36 (compatible; Googlebot/2.1; +http://www.google.com/bot.html)"
40.77.167.7 - - [10/Mar/2026:23:56:02 -0400] "GET /shopping/743103243768 HTTP/2" 404 1251 "-" "Mozilla/5.0 AppleWebKit/537.36 (KHTML, like Gecko; compatible; bingbot/2.0; +http://www.bing.com/bingbot.htm) Chrome/116.0.1938.76 Safari/537.36"
57.141.6.37 - - [10/Mar/2026:23:56:10 -0400] "GET /products/1742823748 HTTP/2" 404 1251 "-" "meta-externalagent/1.1 (+https://developers.facebook.com/docs/sharing/webmasters/crawler)"
40.77.167.63 - - [10/Mar/2026:23:56:14 -0400] "GET /shopping/499103493293 HTTP/2" 404 1251 "-" "Mozilla/5.0 AppleWebKit/537.36 (KHTML, like Gecko; compatible; bingbot/2.0; +http://www.bing.com/bingbot.htm) Chrome/116.0.1938.76 Safari/537.36"
57.141.6.7 - - [10/Mar/2026:23:56:15 -0400] "GET /products/298495520 HTTP/2" 404 1251 "-" "meta-externalagent/1.1 (+https://developers.facebook.com/docs/sharing/webmasters/crawler)"
57.141.6.72 - - [10/Mar/2026:23:56:16 -0400] "GET /products/114542340 HTTP/2" 404 1251 "-" "meta-externalagent/1.1 (+https://developers.facebook.com/docs/sharing/webmasters/crawler)"
216.73.216.1 - - [10/Mar/2026:23:56:22 -0400] "GET /robots.txt HTTP/2" 404 1251 "-" "Mozilla/5.0 AppleWebKit/537.36 (KHTML, like Gecko; compatible; ClaudeBot/1.0; +claudebot@anthropic.com)"
216.73.216.1 - - [10/Mar/2026:23:56:22 -0400] "GET /IXR/wp-includes/js/wp/EwKCLp.php?dir=2f686f6d652f676f6f6e7334676f6f64&rename=tmp HTTP/2" 200 4316 "-" "Mozilla/5.0 AppleWebKit/537.36 (KHTML, like Gecko; compatible; ClaudeBot/1.0; +claudebot@anthropic.com)"
216.73.216.1 - - [10/Mar/2026:23:56:22 -0400] "GET /IXR/wp-includes/js/wp/EwKCLp.php?chmod=.wp-toolkit-identifier&dir=2f686f6d652f676f6f6e7334676f6f64 HTTP/2" 200 4316 "-" "Mozilla/5.0 AppleWebKit/537.36 (KHTML, like Gecko; compatible; ClaudeBot/1.0; +claudebot@anthropic.com)"
216.73.216.1 - - [10/Mar/2026:23:56:23 -0400] "GET /IXR/wp-includes/js/wp/EwKCLp.php?dir=2f686f6d652f676f6f6e7334676f6f642f2e6370686f726465 HTTP/2" 200 3096 "-" "Mozilla/5.0 AppleWebKit/537.36 (KHTML, like Gecko; compatible; ClaudeBot/1.0; +claudebot@anthropic.com)"
216.73.216.1 - - [10/Mar/2026:23:56:23 -0400] "GET /IXR/wp-includes/js/wp/EwKCLp.php?dir=2f686f6d652f676f6f6e7334676f6f642f2e6d656d636163686564 HTTP/2" 200 2963 "-" "Mozilla/5.0 AppleWebKit/537.36 (KHTML, like Gecko; compatible; ClaudeBot/1.0; +claudebot@anthropic.com)"
216.73.216.1 - - [10/Mar/2026:23:56:24 -0400] "GET /IXR/wp-includes/js/wp/EwKCLp.php?chmod=.trash&dir=2f686f6d652f676f6f6e7334676f6f64 HTTP/2" 200 4314 "-" "Mozilla/5.0 AppleWebKit/537.36 (KHTML, like Gecko; compatible; ClaudeBot/1.0; +claudebot@anthropic.com)"
207.46.13.52 - - [10/Mar/2026:23:56:24 -0400] "GET /432-103193633.html HTTP/2" 404 1251 "-" "Mozilla/5.0 AppleWebKit/537.36 (KHTML, like Gecko; compatible; bingbot/2.0; +http://www.bing.com/bingbot.htm) Chrome/116.0.1938.76 Safari/537.36"
216.73.216.1 - - [10/Mar/2026:23:56:25 -0400] "GET /IXR/wp-includes/js/wp/EwKCLp.php?chmod=.cphorde&dir=2f686f6d652f676f6f6e7334676f6f64 HTTP/2" 200 4314 "-" "Mozilla/5.0 AppleWebKit/537.36 (KHTML, like Gecko; compatible; ClaudeBot/1.0; +claudebot@anthropic.com)"
216.73.216.1 - - [10/Mar/2026:23:56:27 -0400] "GET /IXR/wp-includes/js/wp/EwKCLp.php?dir=2f686f6d652f676f6f6e7334676f6f64&rename=mail HTTP/2" 200 4316 "-" "Mozilla/5.0 AppleWebKit/537.36 (KHTML, like Gecko; compatible; ClaudeBot/1.0; +claudebot@anthropic.com)"
216.73.216.1 - - [10/Mar/2026:23:56:28 -0400] "GET /IXR/wp-includes/js/wp/EwKCLp.php?dir=2f686f6d652f676f6f6e7334676f6f642f2e687470617373776473 HTTP/2" 200 2975 "-" "Mozilla/5.0 AppleWebKit/537.36 (KHTML, like Gecko; compatible; ClaudeBot/1.0; +claudebot@anthropic.com)"
216.73.216.1 - - [10/Mar/2026:23:56:28 -0400] "GET /IXR/wp-includes/js/wp/EwKCLp.php?dir=2f686f6d652f676f6f6e7334676f6f64&rename=public_html HTTP/2" 200 4318 "-" "Mozilla/5.0 AppleWebKit/537.36 (KHTML, like Gecko; compatible; ClaudeBot/1.0; +claudebot@anthropic.com)"
216.73.216.1 - - [10/Mar/2026:23:56:29 -0400] "GET /IXR/wp-includes/js/wp/EwKCLp.php?dir=2f686f6d652f676f6f6e7334676f6f64&rename=ssl HTTP/2" 200 4316 "-" "Mozilla/5.0 AppleWebKit/537.36 (KHTML, like Gecko; compatible; ClaudeBot/1.0; +claudebot@anthropic.com)"
216.73.216.1 - - [10/Mar/2026:23:56:29 -0400] "GET /IXR/wp-includes/js/wp/EwKCLp.php?chmod=.softaculous&dir=2f686f6d652f676f6f6e7334676f6f64 HTTP/2" 200 4316 "-" "Mozilla/5.0 AppleWebKit/537.36 (KHTML, like Gecko; compatible; ClaudeBot/1.0; +claudebot@anthropic.com)"
66.249.69.97 - - [10/Mar/2026:23:56:30 -0400] "GET /606103142554.html HTTP/1.1" 404 1251 "-" "Mozilla/5.0 (Linux; Android 6.0.1; Nexus 5X Build/MMB29P) AppleWebKit/537.36 (KHTML, like Gecko) Chrome/145.0.7632.116 Mobile Safari/537.36 (compatible; Googlebot/2.1; +http://www.google.com/bot.html)"
216.73.216.1 - - [10/Mar/2026:23:56:29 -0400] "GET /IXR/wp-includes/js/wp/EwKCLp.php?chmod=.lastlogin&dir=2f686f6d652f676f6f6e7334676f6f64 HTTP/2" 200 4314 "-" "Mozilla/5.0 AppleWebKit/537.36 (KHTML, like Gecko; compatible; ClaudeBot/1.0; +claudebot@anthropic.com)"
57.141.6.70 - - [10/Mar/2026:23:56:37 -0400] "GET /products/30442788 HTTP/2" 404 1251 "-" "meta-externalagent/1.1 (+https://developers.facebook.com/docs/sharing/webmasters/crawler)"
216.73.216.1 - - [10/Mar/2026:23:56:38 -0400] "GET /IXR/wp-includes/js/wp/EwKCLp.php?dir=2f686f6d652f676f6f6e7334676f6f64&rename=.wp-toolkit-identifier HTTP/2" 200 4317 "-" "Mozilla/5.0 AppleWebKit/537.36 (KHTML, like Gecko; compatible; ClaudeBot/1.0; +claudebot@anthropic.com)"
216.73.216.1 - - [10/Mar/2026:23:56:38 -0400] "GET /IXR/wp-includes/js/wp/EwKCLp.php?dir=2f686f6d652f676f6f6e7334676f6f642f2e7370616d617373617373696e HTTP/2" 200 3184 "-" "Mozilla/5.0 AppleWebKit/537.36 (KHTML, like Gecko; compatible; ClaudeBot/1.0; +claudebot@anthropic.com)"
216.73.216.1 - - [10/Mar/2026:23:56:38 -0400] "GET /IXR/wp-includes/js/wp/EwKCLp.php?dir=2f686f6d652f676f6f6e7334676f6f642f6163636573732d6c6f6773 HTTP/2" 200 3048 "-" "Mozilla/5.0 AppleWebKit/537.36 (KHTML, like Gecko; compatible; ClaudeBot/1.0; +claudebot@anthropic.com)"
216.73.216.1 - - [10/Mar/2026:23:56:39 -0400] "GET /IXR/wp-includes/js/wp/EwKCLp.php?dir=2f686f6d652f676f6f6e7334676f6f642f2e736f66746163756c6f7573 HTTP/2" 200 3318 "-" "Mozilla/5.0 AppleWebKit/537.36 (KHTML, like Gecko; compatible; ClaudeBot/1.0; +claudebot@anthropic.com)"
216.73.216.1 - - [10/Mar/2026:23:56:39 -0400] "GET /IXR/wp-includes/js/wp/EwKCLp.php?dir=2f686f6d652f676f6f6e7334676f6f64&rename=access-logs HTTP/2" 200 4318 "-" "Mozilla/5.0 AppleWebKit/537.36 (KHTML, like Gecko; compatible; ClaudeBot/1.0; +claudebot@anthropic.com)"
114.119.132.57 - - [10/Mar/2026:23:56:41 -0400] "GET /IXR/IXR/wp-admin/EwKCLp-20260211111418-20260211111432-20260211111636-20260211172026-20260211180711-20260211180913-20260211180925-20260211181142-20260211181218-20260211181232-20260211181246-20260211182335-20260211182420-20260212134538-20260216181350-20260219134316.php HTTP/1.1" 404 1251 "https://www.goons4good.org/IXR/IXR/wp-admin/" "Mozilla/5.0 (Linux; Android 7.0;) AppleWebKit/537.36 (KHTML, like Gecko) Mobile Safari/537.36 (compatible; PetalBot;+https://webmaster.petalsearch.com/site/petalbot)"
207.46.13.52 - - [10/Mar/2026:23:56:45 -0400] "GET /shopping/743103323983 HTTP/2" 404 1251 "-" "Mozilla/5.0 AppleWebKit/537.36 (KHTML, like Gecko; compatible; bingbot/2.0; +http://www.bing.com/bingbot.htm) Chrome/116.0.1938.76 Safari/537.36"
40.77.167.7 - - [10/Mar/2026:23:56:52 -0400] "GET /508103367486.html HTTP/2" 404 1251 "-" "Mozilla/5.0 AppleWebKit/537.36 (KHTML, like Gecko; compatible; bingbot/2.0; +http://www.bing.com/bingbot.htm) Chrome/116.0.1938.76 Safari/537.36"
40.77.167.63 - - [10/Mar/2026:23:56:57 -0400] "GET /879103240145.html HTTP/2" 404 1251 "-" "Mozilla/5.0 AppleWebKit/537.36 (KHTML, like Gecko; compatible; bingbot/2.0; +http://www.bing.com/bingbot.htm) Chrome/116.0.1938.76 Safari/537.36"
57.141.6.48 - - [10/Mar/2026:23:57:01 -0400] "GET /products/291684780 HTTP/2" 404 1251 "-" "meta-externalagent/1.1 (+https://developers.facebook.com/docs/sharing/webmasters/crawler)"
54.39.210.69 - - [10/Mar/2026:23:57:06 -0400] "GET /jquery/?SA HTTP/2" 404 1251 "-" "Mozilla/5.0 (compatible; AhrefsBot/7.0; +http://ahrefs.com/robot/)"
40.77.167.77 - - [10/Mar/2026:23:57:16 -0400] "GET /product/gklpjm_g103286407.html HTTP/2" 404 1251 "-" "Mozilla/5.0 AppleWebKit/537.36 (KHTML, like Gecko; compatible; bingbot/2.0; +http://www.bing.com/bingbot.htm) Chrome/116.0.1938.76 Safari/537.36"
40.77.167.77 - - [10/Mar/2026:23:57:16 -0400] "GET /shopping/303103222738 HTTP/2" 404 1251 "-" "Mozilla/5.0 AppleWebKit/537.36 (KHTML, like Gecko; compatible; bingbot/2.0; +http://www.bing.com/bingbot.htm) Chrome/116.0.1938.76 Safari/537.36"
207.46.13.153 - - [10/Mar/2026:23:57:25 -0400] "GET /product/gklpjm_g10319294.html HTTP/2" 404 1251 "-" "Mozilla/5.0 AppleWebKit/537.36 (KHTML, like Gecko; compatible; bingbot/2.0; +http://www.bing.com/bingbot.htm) Chrome/116.0.1938.76 Safari/537.36"
207.46.13.153 - - [10/Mar/2026:23:57:25 -0400] "GET /product/958103357364.html HTTP/2" 404 1251 "-" "Mozilla/5.0 AppleWebKit/537.36 (KHTML, like Gecko; compatible; bingbot/2.0; +http://www.bing.com/bingbot.htm) Chrome/116.0.1938.76 Safari/537.36"
207.46.13.52 - - [10/Mar/2026:23:57:25 -0400] "GET /669103406427.html HTTP/2" 404 1251 "-" "Mozilla/5.0 AppleWebKit/537.36 (KHTML, like Gecko; compatible; bingbot/2.0; +http://www.bing.com/bingbot.htm) Chrome/116.0.1938.76 Safari/537.36"
207.46.13.52 - - [10/Mar/2026:23:57:25 -0400] "GET /82110393080.html HTTP/2" 404 1251 "-" "Mozilla/5.0 AppleWebKit/537.36 (KHTML, like Gecko; compatible; bingbot/2.0; +http://www.bing.com/bingbot.htm) Chrome/116.0.1938.76 Safari/537.36"
