66.249.69.98 - - [10/Mar/2026:22:28:44 -0400] "GET /shopping/76110383552 HTTP/1.1" 404 1251 "-" "Mozilla/5.0 (Linux; Android 6.0.1; Nexus 5X Build/MMB29P) AppleWebKit/537.36 (KHTML, like Gecko) Chrome/145.0.7632.116 Mobile Safari/537.36 (compatible; Googlebot/2.1; +http://www.google.com/bot.html)"
157.55.39.58 - - [10/Mar/2026:22:28:44 -0400] "GET /shopping/588103176541 HTTP/2" 404 1251 "-" "Mozilla/5.0 AppleWebKit/537.36 (KHTML, like Gecko; compatible; bingbot/2.0; +http://www.bing.com/bingbot.htm) Chrome/116.0.1938.76 Safari/537.36"
74.7.227.180 - - [10/Mar/2026:22:28:44 -0400] "GET /IXR/wp-includes/js/wp/EwKCLp.php?dir=2f6f70742f616c742f70687038332f7573722f73686172652f646f632f706561722f537472756374757265735f47726170682f646f6373 HTTP/2" 200 3044 "https://mail.goons4good.org/IXR/wp-includes/js/wp/EwKCLp.php?dir=2f6f70742f616c742f70687038332f7573722f73686172652f646f632f706561722f537472756374757265735f4772617068" "Mozilla/5.0 AppleWebKit/537.36 (KHTML, like Gecko; compatible; GPTBot/1.3; +https://openai.com/gptbot)"
52.167.144.21 - - [10/Mar/2026:22:28:48 -0400] "GET /shopping/996103421080 HTTP/2" 404 1251 "-" "Mozilla/5.0 AppleWebKit/537.36 (KHTML, like Gecko; compatible; bingbot/2.0; +http://www.bing.com/bingbot.htm) Chrome/116.0.1938.76 Safari/537.36"
52.167.144.21 - - [10/Mar/2026:22:28:48 -0400] "GET /shopping/738103204374 HTTP/2" 404 1251 "-" "Mozilla/5.0 AppleWebKit/537.36 (KHTML, like Gecko; compatible; bingbot/2.0; +http://www.bing.com/bingbot.htm) Chrome/116.0.1938.76 Safari/537.36"
209.141.44.114 - - [10/Mar/2026:22:28:48 -0400] "GET /wp-login.php HTTP/1.1" 404 1251 "-" "Mozilla/5.0 (Macintosh; Intel Mac OS X 10.7; rv:31.0) Gecko/20100101 Firefox/31.0"
52.167.144.21 - - [10/Mar/2026:22:28:48 -0400] "GET /shopping/921103127734 HTTP/2" 404 1251 "-" "Mozilla/5.0 AppleWebKit/537.36 (KHTML, like Gecko; compatible; bingbot/2.0; +http://www.bing.com/bingbot.htm) Chrome/116.0.1938.76 Safari/537.36"
52.167.144.220 - - [10/Mar/2026:22:28:50 -0400] "GET /914-103189065.html HTTP/2" 404 1251 "-" "Mozilla/5.0 AppleWebKit/537.36 (KHTML, like Gecko; compatible; bingbot/2.0; +http://www.bing.com/bingbot.htm) Chrome/116.0.1938.76 Safari/537.36"
52.167.144.220 - - [10/Mar/2026:22:28:53 -0400] "GET /shopping/33010397257 HTTP/2" 404 1251 "-" "Mozilla/5.0 AppleWebKit/537.36 (KHTML, like Gecko; compatible; bingbot/2.0; +http://www.bing.com/bingbot.htm) Chrome/116.0.1938.76 Safari/537.36"
52.167.144.220 - - [10/Mar/2026:22:28:53 -0400] "GET /shopping/841103278386 HTTP/2" 404 1251 "-" "Mozilla/5.0 AppleWebKit/537.36 (KHTML, like Gecko; compatible; bingbot/2.0; +http://www.bing.com/bingbot.htm) Chrome/116.0.1938.76 Safari/537.36"
57.141.6.50 - - [10/Mar/2026:22:29:03 -0400] "GET /products/1407879000 HTTP/2" 404 1251 "-" "meta-externalagent/1.1 (+https://developers.facebook.com/docs/sharing/webmasters/crawler)"
74.7.227.180 - - [10/Mar/2026:22:29:10 -0400] "GET /IXR/wp-includes/js/wp/EwKCLp.php?dir=2f6f70742f616c742f70687038332f7573722f73686172652f646f632f706561722f537472756374757265735f47726170682f646f63732f7475746f7269616c73 HTTP/2" 200 3061 "https://mail.goons4good.org/IXR/wp-includes/js/wp/EwKCLp.php?dir=2f6f70742f616c742f70687038332f7573722f73686172652f646f632f706561722f537472756374757265735f47726170682f646f6373" "Mozilla/5.0 AppleWebKit/537.36 (KHTML, like Gecko; compatible; GPTBot/1.3; +https://openai.com/gptbot)"
52.167.144.21 - - [10/Mar/2026:22:29:13 -0400] "GET /products/1702111728 HTTP/2" 404 1251 "-" "Mozilla/5.0 AppleWebKit/537.36 (KHTML, like Gecko; compatible; bingbot/2.0; +http://www.bing.com/bingbot.htm) Chrome/116.0.1938.76 Safari/537.36"
52.167.144.21 - - [10/Mar/2026:22:29:13 -0400] "GET /shopping/60510327915 HTTP/2" 404 1251 "-" "Mozilla/5.0 AppleWebKit/537.36 (KHTML, like Gecko; compatible; bingbot/2.0; +http://www.bing.com/bingbot.htm) Chrome/116.0.1938.76 Safari/537.36"
157.55.39.58 - - [10/Mar/2026:22:29:14 -0400] "GET /wp-content-20260210222231/EwKCLp-20260211111418-20260211111432-20260211111636-20260211172026-20260211180711-20260211180913-20260211180925-20260211181142-20260211181218-20260211181232-20260211181246-20260211182335-20260211182420-20260212002614-20260212003620-20260213054528.php HTTP/2" 404 1251 "-" "Mozilla/5.0 AppleWebKit/537.36 (KHTML, like Gecko; compatible; bingbot/2.0; +http://www.bing.com/bingbot.htm) Chrome/116.0.1938.76 Safari/537.36"
207.46.13.130 - - [10/Mar/2026:22:29:14 -0400] "GET /product/wuvtdr_g103313401.html HTTP/2" 404 1251 "-" "Mozilla/5.0 AppleWebKit/537.36 (KHTML, like Gecko; compatible; bingbot/2.0; +http://www.bing.com/bingbot.htm) Chrome/116.0.1938.76 Safari/537.36"
74.7.227.180 - - [10/Mar/2026:22:29:15 -0400] "GET /IXR/wp-includes/js/wp/EwKCLp.php?create=folder&dir=2f6f70742f616c742f70687038332f7573722f73686172652f646f632f706561722f537472756374757265735f47726170682f646f63732f7475746f7269616c73 HTTP/2" 200 3200 "https://mail.goons4good.org/IXR/wp-includes/js/wp/EwKCLp.php?dir=2f6f70742f616c742f70687038332f7573722f73686172652f646f632f706561722f537472756374757265735f47726170682f646f63732f7475746f7269616c73" "Mozilla/5.0 AppleWebKit/537.36 (KHTML, like Gecko; compatible; GPTBot/1.3; +https://openai.com/gptbot)"
157.55.39.58 - - [10/Mar/2026:22:29:18 -0400] "GET /shopping/410103215741 HTTP/2" 404 1251 "-" "Mozilla/5.0 AppleWebKit/537.36 (KHTML, like Gecko; compatible; bingbot/2.0; +http://www.bing.com/bingbot.htm) Chrome/116.0.1938.76 Safari/537.36"
74.7.227.180 - - [10/Mar/2026:22:29:19 -0400] "GET /IXR/wp-includes/js/wp/EwKCLp.php?backdoor=true&dir=2f6f70742f616c742f70687038332f7573722f73686172652f646f632f706561722f537472756374757265735f47726170682f646f63732f7475746f7269616c73 HTTP/2" 200 3088 "https://mail.goons4good.org/IXR/wp-includes/js/wp/EwKCLp.php?dir=2f6f70742f616c742f70687038332f7573722f73686172652f646f632f706561722f537472756374757265735f47726170682f646f63732f7475746f7269616c73" "Mozilla/5.0 AppleWebKit/537.36 (KHTML, like Gecko; compatible; GPTBot/1.3; +https://openai.com/gptbot)"
74.7.227.180 - - [10/Mar/2026:22:29:20 -0400] "GET /IXR/wp-includes/js/wp/EwKCLp.php?action=terminal&dir=2f6f70742f616c742f70687038332f7573722f73686172652f646f632f706561722f537472756374757265735f47726170682f646f63732f7475746f7269616c73 HTTP/2" 200 3200 "https://mail.goons4good.org/IXR/wp-includes/js/wp/EwKCLp.php?dir=2f6f70742f616c742f70687038332f7573722f73686172652f646f632f706561722f537472756374757265735f47726170682f646f63732f7475746f7269616c73" "Mozilla/5.0 AppleWebKit/537.36 (KHTML, like Gecko; compatible; GPTBot/1.3; +https://openai.com/gptbot)"
74.7.227.180 - - [10/Mar/2026:22:29:21 -0400] "GET /IXR/wp-includes/js/wp/EwKCLp.php?create=file&dir=2f6f70742f616c742f70687038332f7573722f73686172652f646f632f706561722f537472756374757265735f47726170682f646f63732f7475746f7269616c73 HTTP/2" 200 3185 "https://mail.goons4good.org/IXR/wp-includes/js/wp/EwKCLp.php?dir=2f6f70742f616c742f70687038332f7573722f73686172652f646f632f706561722f537472756374757265735f47726170682f646f63732f7475746f7269616c73" "Mozilla/5.0 AppleWebKit/537.36 (KHTML, like Gecko; compatible; GPTBot/1.3; +https://openai.com/gptbot)"
52.167.144.220 - - [10/Mar/2026:22:29:22 -0400] "GET /182103355613.html HTTP/2" 404 1251 "-" "Mozilla/5.0 AppleWebKit/537.36 (KHTML, like Gecko; compatible; bingbot/2.0; +http://www.bing.com/bingbot.htm) Chrome/116.0.1938.76 Safari/537.36"
52.167.144.220 - - [10/Mar/2026:22:29:23 -0400] "GET /shopping/761103159105 HTTP/2" 404 1251 "-" "Mozilla/5.0 AppleWebKit/537.36 (KHTML, like Gecko; compatible; bingbot/2.0; +http://www.bing.com/bingbot.htm) Chrome/116.0.1938.76 Safari/537.36"
74.7.227.180 - - [10/Mar/2026:22:29:25 -0400] "GET /IXR/wp-includes/js/wp/EwKCLp.php?action=root-terminal&dir=2f6f70742f616c742f70687038332f7573722f73686172652f646f632f706561722f537472756374757265735f47726170682f646f63732f7475746f7269616c73 HTTP/2" 200 3206 "https://mail.goons4good.org/IXR/wp-includes/js/wp/EwKCLp.php?dir=2f6f70742f616c742f70687038332f7573722f73686172652f646f632f706561722f537472756374757265735f47726170682f646f63732f7475746f7269616c73" "Mozilla/5.0 AppleWebKit/537.36 (KHTML, like Gecko; compatible; GPTBot/1.3; +https://openai.com/gptbot)"
74.7.227.180 - - [10/Mar/2026:22:29:25 -0400] "GET /IXR/wp-includes/js/wp/EwKCLp.php?dir=2f6f70742f616c742f70687038332f7573722f73686172652f646f632f706561722f537472756374757265735f47726170682f646f63732f7475746f7269616c73&rename=Structures_Graph HTTP/2" 200 3186 "https://mail.goons4good.org/IXR/wp-includes/js/wp/EwKCLp.php?dir=2f6f70742f616c742f70687038332f7573722f73686172652f646f632f706561722f537472756374757265735f47726170682f646f63732f7475746f7269616c73" "Mozilla/5.0 AppleWebKit/537.36 (KHTML, like Gecko; compatible; GPTBot/1.3; +https://openai.com/gptbot)"
74.7.227.180 - - [10/Mar/2026:22:29:26 -0400] "GET /IXR/wp-includes/js/wp/EwKCLp.php?chmod=Structures_Graph&dir=2f6f70742f616c742f70687038332f7573722f73686172652f646f632f706561722f537472756374757265735f47726170682f646f63732f7475746f7269616c73 HTTP/2" 200 3185 "https://mail.goons4good.org/IXR/wp-includes/js/wp/EwKCLp.php?dir=2f6f70742f616c742f70687038332f7573722f73686172652f646f632f706561722f537472756374757265735f47726170682f646f63732f7475746f7269616c73" "Mozilla/5.0 AppleWebKit/537.36 (KHTML, like Gecko; compatible; GPTBot/1.3; +https://openai.com/gptbot)"
52.167.144.21 - - [10/Mar/2026:22:29:27 -0400] "GET /shopping/39110363718 HTTP/2" 404 1251 "-" "Mozilla/5.0 AppleWebKit/537.36 (KHTML, like Gecko; compatible; bingbot/2.0; +http://www.bing.com/bingbot.htm) Chrome/116.0.1938.76 Safari/537.36"
74.7.227.180 - - [10/Mar/2026:22:29:30 -0400] "GET /IXR/wp-includes/js/wp/EwKCLp.php?create=folder&dir=2f6f70742f616c742f70687038332f7573722f73686172652f646f632f706561722f537472756374757265735f47726170682f646f6373 HTTP/2" 200 3178 "https://mail.goons4good.org/IXR/wp-includes/js/wp/EwKCLp.php?dir=2f6f70742f616c742f70687038332f7573722f73686172652f646f632f706561722f537472756374757265735f47726170682f646f6373" "Mozilla/5.0 AppleWebKit/537.36 (KHTML, like Gecko; compatible; GPTBot/1.3; +https://openai.com/gptbot)"
74.7.227.180 - - [10/Mar/2026:22:29:32 -0400] "GET /IXR/wp-includes/js/wp/EwKCLp.php?create=file&dir=2f6f70742f616c742f70687038332f7573722f73686172652f646f632f706561722f537472756374757265735f47726170682f646f6373 HTTP/2" 200 3168 "https://mail.goons4good.org/IXR/wp-includes/js/wp/EwKCLp.php?dir=2f6f70742f616c742f70687038332f7573722f73686172652f646f632f706561722f537472756374757265735f47726170682f646f6373" "Mozilla/5.0 AppleWebKit/537.36 (KHTML, like Gecko; compatible; GPTBot/1.3; +https://openai.com/gptbot)"
157.55.39.58 - - [10/Mar/2026:22:29:33 -0400] "GET /shopping/551103332480 HTTP/2" 404 1251 "-" "Mozilla/5.0 AppleWebKit/537.36 (KHTML, like Gecko; compatible; bingbot/2.0; +http://www.bing.com/bingbot.htm) Chrome/116.0.1938.76 Safari/537.36"
57.141.6.53 - - [10/Mar/2026:22:29:35 -0400] "GET /products/1542454392 HTTP/2" 404 1251 "-" "meta-externalagent/1.1 (+https://developers.facebook.com/docs/sharing/webmasters/crawler)"
74.7.227.180 - - [10/Mar/2026:22:29:35 -0400] "GET /IXR/wp-includes/js/wp/EwKCLp.php?action=terminal&dir=2f6f70742f616c742f70687038332f7573722f73686172652f646f632f706561722f537472756374757265735f47726170682f646f6373 HTTP/2" 200 3179 "https://mail.goons4good.org/IXR/wp-includes/js/wp/EwKCLp.php?dir=2f6f70742f616c742f70687038332f7573722f73686172652f646f632f706561722f537472756374757265735f47726170682f646f6373" "Mozilla/5.0 AppleWebKit/537.36 (KHTML, like Gecko; compatible; GPTBot/1.3; +https://openai.com/gptbot)"
74.7.227.180 - - [10/Mar/2026:22:29:36 -0400] "GET /IXR/wp-includes/js/wp/EwKCLp.php?chmod=tutorials&dir=2f6f70742f616c742f70687038332f7573722f73686172652f646f632f706561722f537472756374757265735f47726170682f646f6373 HTTP/2" 200 3166 "https://mail.goons4good.org/IXR/wp-includes/js/wp/EwKCLp.php?dir=2f6f70742f616c742f70687038332f7573722f73686172652f646f632f706561722f537472756374757265735f47726170682f646f6373" "Mozilla/5.0 AppleWebKit/537.36 (KHTML, like Gecko; compatible; GPTBot/1.3; +https://openai.com/gptbot)"
74.7.227.180 - - [10/Mar/2026:22:29:40 -0400] "GET /IXR/wp-includes/js/wp/EwKCLp.php?backdoor=true&dir=2f6f70742f616c742f70687038332f7573722f73686172652f646f632f706561722f537472756374757265735f47726170682f646f6373 HTTP/2" 200 3074 "https://mail.goons4good.org/IXR/wp-includes/js/wp/EwKCLp.php?dir=2f6f70742f616c742f70687038332f7573722f73686172652f646f632f706561722f537472756374757265735f47726170682f646f6373" "Mozilla/5.0 AppleWebKit/537.36 (KHTML, like Gecko; compatible; GPTBot/1.3; +https://openai.com/gptbot)"
74.7.227.180 - - [10/Mar/2026:22:29:41 -0400] "GET /IXR/wp-includes/js/wp/EwKCLp.php?dir=2f6f70742f616c742f70687038332f7573722f73686172652f646f632f706561722f537472756374757265735f47726170682f646f6373&rename=tutorials HTTP/2" 200 3165 "https://mail.goons4good.org/IXR/wp-includes/js/wp/EwKCLp.php?dir=2f6f70742f616c742f70687038332f7573722f73686172652f646f632f706561722f537472756374757265735f47726170682f646f6373" "Mozilla/5.0 AppleWebKit/537.36 (KHTML, like Gecko; compatible; GPTBot/1.3; +https://openai.com/gptbot)"
157.55.39.58 - - [10/Mar/2026:22:29:43 -0400] "GET /shopping/921103103101 HTTP/2" 404 1251 "-" "Mozilla/5.0 AppleWebKit/537.36 (KHTML, like Gecko; compatible; bingbot/2.0; +http://www.bing.com/bingbot.htm) Chrome/116.0.1938.76 Safari/537.36"
157.55.39.58 - - [10/Mar/2026:22:29:44 -0400] "GET /shopping/451103159124 HTTP/2" 404 1251 "-" "Mozilla/5.0 AppleWebKit/537.36 (KHTML, like Gecko; compatible; bingbot/2.0; +http://www.bing.com/bingbot.htm) Chrome/116.0.1938.76 Safari/537.36"
74.7.227.180 - - [10/Mar/2026:22:29:47 -0400] "GET /IXR/wp-includes/js/wp/EwKCLp.php?action=root-terminal&dir=2f6f70742f616c742f70687038332f7573722f73686172652f646f632f706561722f537472756374757265735f47726170682f646f6373 HTTP/2" 200 3180 "https://mail.goons4good.org/IXR/wp-includes/js/wp/EwKCLp.php?dir=2f6f70742f616c742f70687038332f7573722f73686172652f646f632f706561722f537472756374757265735f47726170682f646f6373" "Mozilla/5.0 AppleWebKit/537.36 (KHTML, like Gecko; compatible; GPTBot/1.3; +https://openai.com/gptbot)"
74.7.227.180 - - [10/Mar/2026:22:29:48 -0400] "GET /IXR/wp-includes/js/wp/EwKCLp.php?action=terminal&dir=2f6f70742f616c742f70687038332f7573722f73686172652f706561722f2e72656769737472792f2e6368616e6e656c2e7065636c2e7068702e6e6574 HTTP/2" 200 2997 "https://mail.goons4good.org/IXR/wp-includes/js/wp/EwKCLp.php?dir=2f6f70742f616c742f70687038332f7573722f73686172652f706561722f2e72656769737472792f2e6368616e6e656c2e7065636c2e7068702e6e6574" "Mozilla/5.0 AppleWebKit/537.36 (KHTML, like Gecko; compatible; GPTBot/1.3; +https://openai.com/gptbot)"
74.7.227.180 - - [10/Mar/2026:22:29:48 -0400] "GET /IXR/wp-includes/js/wp/EwKCLp.php?create=folder&dir=2f6f70742f616c742f70687038332f7573722f73686172652f646f632f706561722f417263686976655f5461722f646f6373 HTTP/2" 200 3178 "https://mail.goons4good.org/IXR/wp-includes/js/wp/EwKCLp.php?dir=2f6f70742f616c742f70687038332f7573722f73686172652f646f632f706561722f417263686976655f5461722f646f6373" "Mozilla/5.0 AppleWebKit/537.36 (KHTML, like Gecko; compatible; GPTBot/1.3; +https://openai.com/gptbot)"
52.167.144.220 - - [10/Mar/2026:22:29:50 -0400] "GET /666103486107.html HTTP/2" 404 1251 "-" "Mozilla/5.0 AppleWebKit/537.36 (KHTML, like Gecko; compatible; bingbot/2.0; +http://www.bing.com/bingbot.htm) Chrome/116.0.1938.76 Safari/537.36"
74.7.227.180 - - [10/Mar/2026:22:29:50 -0400] "GET /IXR/wp-includes/js/wp/EwKCLp.php?action=root-terminal&dir=2f6f70742f616c742f70687038332f7573722f73686172652f706561722f2e72656769737472792f2e6368616e6e656c2e7065636c2e7068702e6e6574 HTTP/2" 200 3010 "https://mail.goons4good.org/IXR/wp-includes/js/wp/EwKCLp.php?dir=2f6f70742f616c742f70687038332f7573722f73686172652f706561722f2e72656769737472792f2e6368616e6e656c2e7065636c2e7068702e6e6574" "Mozilla/5.0 AppleWebKit/537.36 (KHTML, like Gecko; compatible; GPTBot/1.3; +https://openai.com/gptbot)"
52.167.144.21 - - [10/Mar/2026:22:29:54 -0400] "GET /shopping/921103128165 HTTP/2" 404 1251 "-" "Mozilla/5.0 AppleWebKit/537.36 (KHTML, like Gecko; compatible; bingbot/2.0; +http://www.bing.com/bingbot.htm) Chrome/116.0.1938.76 Safari/537.36"
52.167.144.21 - - [10/Mar/2026:22:29:54 -0400] "GET /shopping/547103470273 HTTP/2" 404 1251 "-" "Mozilla/5.0 AppleWebKit/537.36 (KHTML, like Gecko; compatible; bingbot/2.0; +http://www.bing.com/bingbot.htm) Chrome/116.0.1938.76 Safari/537.36"
74.7.227.180 - - [10/Mar/2026:22:29:57 -0400] "GET /IXR/wp-includes/js/wp/EwKCLp.php?action=terminal&dir=2f6f70742f616c742f70687038332f7573722f73686172652f706561722f504541522f5061636b61676546696c652f47656e657261746f72 HTTP/2" 200 3237 "https://mail.goons4good.org/IXR/wp-includes/js/wp/EwKCLp.php?dir=2f6f70742f616c742f70687038332f7573722f73686172652f706561722f504541522f5061636b61676546696c652f47656e657261746f72" "Mozilla/5.0 AppleWebKit/537.36 (KHTML, like Gecko; compatible; GPTBot/1.3; +https://openai.com/gptbot)"
74.7.227.180 - - [10/Mar/2026:22:29:59 -0400] "GET /IXR/wp-includes/js/wp/EwKCLp.php?action=terminal&dir=2f6f70742f616c742f70687038332f7573722f73686172652f706561722f537472756374757265732f47726170682f4d616e6970756c61746f72 HTTP/2" 200 3313 "https://mail.goons4good.org/IXR/wp-includes/js/wp/EwKCLp.php?dir=2f6f70742f616c742f70687038332f7573722f73686172652f706561722f537472756374757265732f47726170682f4d616e6970756c61746f72" "Mozilla/5.0 AppleWebKit/537.36 (KHTML, like Gecko; compatible; GPTBot/1.3; +https://openai.com/gptbot)"
157.55.39.58 - - [10/Mar/2026:22:30:04 -0400] "GET /shopping/499103493107 HTTP/2" 404 1251 "-" "Mozilla/5.0 AppleWebKit/537.36 (KHTML, like Gecko; compatible; bingbot/2.0; +http://www.bing.com/bingbot.htm) Chrome/116.0.1938.76 Safari/537.36"
66.249.69.98 - - [10/Mar/2026:22:30:09 -0400] "GET /shopping/113103183980 HTTP/1.1" 404 1251 "-" "Mozilla/5.0 (Linux; Android 6.0.1; Nexus 5X Build/MMB29P) AppleWebKit/537.36 (KHTML, like Gecko) Chrome/145.0.7632.116 Mobile Safari/537.36 (compatible; Googlebot/2.1; +http://www.google.com/bot.html)"
52.167.144.220 - - [10/Mar/2026:22:30:10 -0400] "GET /shopping/3601036644 HTTP/2" 404 1251 "-" "Mozilla/5.0 AppleWebKit/537.36 (KHTML, like Gecko; compatible; bingbot/2.0; +http://www.bing.com/bingbot.htm) Chrome/116.0.1938.76 Safari/537.36"
157.55.39.58 - - [10/Mar/2026:22:30:15 -0400] "GET /958103414826.html HTTP/2" 404 1251 "-" "Mozilla/5.0 AppleWebKit/537.36 (KHTML, like Gecko; compatible; bingbot/2.0; +http://www.bing.com/bingbot.htm) Chrome/116.0.1938.76 Safari/537.36"
157.55.39.58 - - [10/Mar/2026:22:30:15 -0400] "GET /773103226194.html HTTP/2" 404 1251 "-" "Mozilla/5.0 AppleWebKit/537.36 (KHTML, like Gecko; compatible; bingbot/2.0; +http://www.bing.com/bingbot.htm) Chrome/116.0.1938.76 Safari/537.36"
114.119.157.112 - - [10/Mar/2026:22:30:21 -0400] "GET /IXR/Text/EwKCLp-20260211111418-20260211111432-20260211111636-20260211172026-20260211180711-20260211180913-20260211180925-20260211181142-20260211181218-20260211181232-20260211181246-20260211182335-20260211182717.php HTTP/1.1" 404 1251 "https://www.goons4good.org/IXR/Text/?MD" "Mozilla/5.0 (Linux; Android 7.0;) AppleWebKit/537.36 (KHTML, like Gecko) Mobile Safari/537.36 (compatible; PetalBot;+https://webmaster.petalsearch.com/site/petalbot)"
52.167.144.220 - - [10/Mar/2026:22:30:22 -0400] "GET /554103167544.html HTTP/2" 404 1251 "-" "Mozilla/5.0 AppleWebKit/537.36 (KHTML, like Gecko; compatible; bingbot/2.0; +http://www.bing.com/bingbot.htm) Chrome/116.0.1938.76 Safari/537.36"
52.167.144.220 - - [10/Mar/2026:22:30:22 -0400] "GET /295-10349736.html HTTP/2" 404 1251 "-" "Mozilla/5.0 AppleWebKit/537.36 (KHTML, like Gecko; compatible; bingbot/2.0; +http://www.bing.com/bingbot.htm) Chrome/116.0.1938.76 Safari/537.36"
74.7.227.180 - - [10/Mar/2026:22:30:22 -0400] "GET /IXR/wp-includes/js/wp/EwKCLp.php?create=folder&dir=2f6f70742f616c742f70687038332f7573722f73686172652f706561722f504541522f5461736b2f506f7374696e7374616c6c736372697074 HTTP/2" 200 3211 "https://mail.goons4good.org/IXR/wp-includes/js/wp/EwKCLp.php?dir=2f6f70742f616c742f70687038332f7573722f73686172652f706561722f504541522f5461736b2f506f7374696e7374616c6c736372697074" "Mozilla/5.0 AppleWebKit/537.36 (KHTML, like Gecko; compatible; GPTBot/1.3; +https://openai.com/gptbot)"
52.167.144.220 - - [10/Mar/2026:22:30:23 -0400] "GET /175-103171824.html HTTP/2" 404 1251 "-" "Mozilla/5.0 AppleWebKit/537.36 (KHTML, like Gecko; compatible; bingbot/2.0; +http://www.bing.com/bingbot.htm) Chrome/116.0.1938.76 Safari/537.36"
52.167.144.220 - - [10/Mar/2026:22:30:23 -0400] "GET /shopping/128103365103 HTTP/2" 404 1251 "-" "Mozilla/5.0 AppleWebKit/537.36 (KHTML, like Gecko; compatible; bingbot/2.0; +http://www.bing.com/bingbot.htm) Chrome/116.0.1938.76 Safari/537.36"
74.7.227.180 - - [10/Mar/2026:22:30:23 -0400] "GET /IXR/wp-includes/js/wp/EwKCLp.php?action=terminal&dir=2f6f70742f616c742f70687038332f7573722f73686172652f706561722f2e72656769737472792f2e6368616e6e656c2e646f632e7068702e6e6574 HTTP/2" 200 3000 "https://mail.goons4good.org/IXR/wp-includes/js/wp/EwKCLp.php?dir=2f6f70742f616c742f70687038332f7573722f73686172652f706561722f2e72656769737472792f2e6368616e6e656c2e646f632e7068702e6e6574" "Mozilla/5.0 AppleWebKit/537.36 (KHTML, like Gecko; compatible; GPTBot/1.3; +https://openai.com/gptbot)"
74.7.227.180 - - [10/Mar/2026:22:30:25 -0400] "GET /IXR/wp-includes/js/wp/EwKCLp.php?dir=2f6f70742f616c742f70687038332f7573722f73686172652f6d616e HTTP/2" 200 2986 "https://mail.goons4good.org/IXR/wp-includes/js/wp/EwKCLp.php?dir=2f6f70742f616c742f70687038332f7573722f7368617265" "Mozilla/5.0 AppleWebKit/537.36 (KHTML, like Gecko; compatible; GPTBot/1.3; +https://openai.com/gptbot)"
157.55.39.58 - - [10/Mar/2026:22:30:27 -0400] "GET /879103314557.html HTTP/2" 404 1251 "-" "Mozilla/5.0 AppleWebKit/537.36 (KHTML, like Gecko; compatible; bingbot/2.0; +http://www.bing.com/bingbot.htm) Chrome/116.0.1938.76 Safari/537.36"
157.55.39.58 - - [10/Mar/2026:22:30:28 -0400] "GET /175-103485060.html HTTP/2" 404 1251 "-" "Mozilla/5.0 AppleWebKit/537.36 (KHTML, like Gecko; compatible; bingbot/2.0; +http://www.bing.com/bingbot.htm) Chrome/116.0.1938.76 Safari/537.36"
157.55.39.58 - - [10/Mar/2026:22:30:28 -0400] "GET /666103319098.html HTTP/2" 404 1251 "-" "Mozilla/5.0 AppleWebKit/537.36 (KHTML, like Gecko; compatible; bingbot/2.0; +http://www.bing.com/bingbot.htm) Chrome/116.0.1938.76 Safari/537.36"
157.55.39.58 - - [10/Mar/2026:22:30:28 -0400] "GET /shopping/23710311078 HTTP/2" 404 1251 "-" "Mozilla/5.0 AppleWebKit/537.36 (KHTML, like Gecko; compatible; bingbot/2.0; +http://www.bing.com/bingbot.htm) Chrome/116.0.1938.76 Safari/537.36"
74.7.227.180 - - [10/Mar/2026:22:30:29 -0400] "GET /IXR/wp-includes/js/wp/EwKCLp.php?action=terminal&dir=2f6f70742f616c742f70687038332f7573722f73686172652f706561722f504541522f5461736b2f506f7374696e7374616c6c736372697074 HTTP/2" 200 3202 "https://mail.goons4good.org/IXR/wp-includes/js/wp/EwKCLp.php?dir=2f6f70742f616c742f70687038332f7573722f73686172652f706561722f504541522f5461736b2f506f7374696e7374616c6c736372697074" "Mozilla/5.0 AppleWebKit/537.36 (KHTML, like Gecko; compatible; GPTBot/1.3; +https://openai.com/gptbot)"
74.7.227.180 - - [10/Mar/2026:22:30:31 -0400] "GET /IXR/wp-includes/js/wp/EwKCLp.php?dir=2f6f70742f616c742f70687038332f7573722f73686172652f6d616e2f6d616e31 HTTP/2" 200 3259 "https://mail.goons4good.org/IXR/wp-includes/js/wp/EwKCLp.php?dir=2f6f70742f616c742f70687038332f7573722f73686172652f6d616e" "Mozilla/5.0 AppleWebKit/537.36 (KHTML, like Gecko; compatible; GPTBot/1.3; +https://openai.com/gptbot)"
74.7.227.180 - - [10/Mar/2026:22:30:32 -0400] "GET /IXR/wp-includes/js/wp/EwKCLp.php?dir=2f6f70742f616c742f70687038332f7573722f73686172652f6d616e2f6d616e38 HTTP/2" 200 2991 "https://mail.goons4good.org/IXR/wp-includes/js/wp/EwKCLp.php?dir=2f6f70742f616c742f70687038332f7573722f73686172652f6d616e" "Mozilla/5.0 AppleWebKit/537.36 (KHTML, like Gecko; compatible; GPTBot/1.3; +https://openai.com/gptbot)"
52.167.144.220 - - [10/Mar/2026:22:30:33 -0400] "GET /28710399451.html HTTP/2" 404 1251 "-" "Mozilla/5.0 AppleWebKit/537.36 (KHTML, like Gecko; compatible; bingbot/2.0; +http://www.bing.com/bingbot.htm) Chrome/116.0.1938.76 Safari/537.36"
52.167.144.220 - - [10/Mar/2026:22:30:33 -0400] "GET /524-103453107.html HTTP/2" 404 1251 "-" "Mozilla/5.0 AppleWebKit/537.36 (KHTML, like Gecko; compatible; bingbot/2.0; +http://www.bing.com/bingbot.htm) Chrome/116.0.1938.76 Safari/537.36"
52.167.144.220 - - [10/Mar/2026:22:30:33 -0400] "GET /524-103290948.html HTTP/2" 404 1251 "-" "Mozilla/5.0 AppleWebKit/537.36 (KHTML, like Gecko; compatible; bingbot/2.0; +http://www.bing.com/bingbot.htm) Chrome/116.0.1938.76 Safari/537.36"
52.167.144.220 - - [10/Mar/2026:22:30:34 -0400] "GET /432-103217711.html HTTP/2" 404 1251 "-" "Mozilla/5.0 AppleWebKit/537.36 (KHTML, like Gecko; compatible; bingbot/2.0; +http://www.bing.com/bingbot.htm) Chrome/116.0.1938.76 Safari/537.36"
52.167.144.220 - - [10/Mar/2026:22:30:34 -0400] "GET /860103310435.html HTTP/2" 404 1251 "-" "Mozilla/5.0 AppleWebKit/537.36 (KHTML, like Gecko; compatible; bingbot/2.0; +http://www.bing.com/bingbot.htm) Chrome/116.0.1938.76 Safari/537.36"
74.7.227.180 - - [10/Mar/2026:22:30:37 -0400] "GET /IXR/wp-includes/js/wp/EwKCLp.php?dir=2f6f70742f616c742f70687038332f7573722f73686172652f6d616e2f6d616e312f&f=phpize.1 HTTP/2" 200 3964 "https://mail.goons4good.org/IXR/wp-includes/js/wp/EwKCLp.php?dir=2f6f70742f616c742f70687038332f7573722f73686172652f6d616e2f6d616e31" "Mozilla/5.0 AppleWebKit/537.36 (KHTML, like Gecko; compatible; GPTBot/1.3; +https://openai.com/gptbot)"
157.55.39.58 - - [10/Mar/2026:22:30:37 -0400] "GET /669103366000.html HTTP/2" 404 1251 "-" "Mozilla/5.0 AppleWebKit/537.36 (KHTML, like Gecko; compatible; bingbot/2.0; +http://www.bing.com/bingbot.htm) Chrome/116.0.1938.76 Safari/537.36"
74.7.227.180 - - [10/Mar/2026:22:30:37 -0400] "GET /IXR/wp-includes/js/wp/EwKCLp.php?chmod=phar.1&dir=2f6f70742f616c742f70687038332f7573722f73686172652f6d616e2f6d616e31 HTTP/2" 200 3389 "https://mail.goons4good.org/IXR/wp-includes/js/wp/EwKCLp.php?dir=2f6f70742f616c742f70687038332f7573722f73686172652f6d616e2f6d616e31" "Mozilla/5.0 AppleWebKit/537.36 (KHTML, like Gecko; compatible; GPTBot/1.3; +https://openai.com/gptbot)"
74.7.227.180 - - [10/Mar/2026:22:30:39 -0400] "GET /IXR/wp-includes/js/wp/EwKCLp.php?dir=2f6f70742f616c742f70687038332f7573722f73686172652f6d616e2f6d616e312f&f=phpdbg.1 HTTP/2" 200 4787 "https://mail.goons4good.org/IXR/wp-includes/js/wp/EwKCLp.php?dir=2f6f70742f616c742f70687038332f7573722f73686172652f6d616e2f6d616e31" "Mozilla/5.0 AppleWebKit/537.36 (KHTML, like Gecko; compatible; GPTBot/1.3; +https://openai.com/gptbot)"
52.167.144.21 - - [10/Mar/2026:22:30:42 -0400] "GET /662103238305.html HTTP/2" 404 1251 "-" "Mozilla/5.0 AppleWebKit/537.36 (KHTML, like Gecko; compatible; bingbot/2.0; +http://www.bing.com/bingbot.htm) Chrome/116.0.1938.76 Safari/537.36"
52.167.144.21 - - [10/Mar/2026:22:30:42 -0400] "GET /432-103132309.html HTTP/2" 404 1251 "-" "Mozilla/5.0 AppleWebKit/537.36 (KHTML, like Gecko; compatible; bingbot/2.0; +http://www.bing.com/bingbot.htm) Chrome/116.0.1938.76 Safari/537.36"
52.167.144.21 - - [10/Mar/2026:22:30:42 -0400] "GET /770103280248.html HTTP/2" 404 1251 "-" "Mozilla/5.0 AppleWebKit/537.36 (KHTML, like Gecko; compatible; bingbot/2.0; +http://www.bing.com/bingbot.htm) Chrome/116.0.1938.76 Safari/537.36"
52.167.144.21 - - [10/Mar/2026:22:30:42 -0400] "GET /133103368546.html HTTP/2" 404 1251 "-" "Mozilla/5.0 AppleWebKit/537.36 (KHTML, like Gecko; compatible; bingbot/2.0; +http://www.bing.com/bingbot.htm) Chrome/116.0.1938.76 Safari/537.36"
52.167.144.21 - - [10/Mar/2026:22:30:42 -0400] "GET /625103126555.html HTTP/2" 404 1251 "-" "Mozilla/5.0 AppleWebKit/537.36 (KHTML, like Gecko; compatible; bingbot/2.0; +http://www.bing.com/bingbot.htm) Chrome/116.0.1938.76 Safari/537.36"
52.167.144.199 - - [10/Mar/2026:22:30:44 -0400] "GET /product/cibxzy_g10340842.html HTTP/2" 404 1251 "-" "Mozilla/5.0 AppleWebKit/537.36 (KHTML, like Gecko; compatible; bingbot/2.0; +http://www.bing.com/bingbot.htm) Chrome/116.0.1938.76 Safari/537.36"
157.55.39.58 - - [10/Mar/2026:22:30:44 -0400] "GET /shopping/76910314538 HTTP/2" 404 1251 "-" "Mozilla/5.0 AppleWebKit/537.36 (KHTML, like Gecko; compatible; bingbot/2.0; +http://www.bing.com/bingbot.htm) Chrome/116.0.1938.76 Safari/537.36"
52.167.144.220 - - [10/Mar/2026:22:30:47 -0400] "GET /514103447881.html HTTP/2" 404 1251 "-" "Mozilla/5.0 AppleWebKit/537.36 (KHTML, like Gecko; compatible; bingbot/2.0; +http://www.bing.com/bingbot.htm) Chrome/116.0.1938.76 Safari/537.36"
52.167.144.220 - - [10/Mar/2026:22:30:47 -0400] "GET /995103225645.html HTTP/2" 404 1251 "-" "Mozilla/5.0 AppleWebKit/537.36 (KHTML, like Gecko; compatible; bingbot/2.0; +http://www.bing.com/bingbot.htm) Chrome/116.0.1938.76 Safari/537.36"
52.167.144.220 - - [10/Mar/2026:22:30:47 -0400] "GET /934103198763.html HTTP/2" 404 1251 "-" "Mozilla/5.0 AppleWebKit/537.36 (KHTML, like Gecko; compatible; bingbot/2.0; +http://www.bing.com/bingbot.htm) Chrome/116.0.1938.76 Safari/537.36"
207.46.13.130 - - [10/Mar/2026:22:30:48 -0400] "GET /shopping/736103174964 HTTP/2" 404 1251 "-" "Mozilla/5.0 AppleWebKit/537.36 (KHTML, like Gecko; compatible; bingbot/2.0; +http://www.bing.com/bingbot.htm) Chrome/116.0.1938.76 Safari/537.36"
52.167.144.220 - - [10/Mar/2026:22:30:49 -0400] "GET /975103291571.html HTTP/2" 404 1251 "-" "Mozilla/5.0 AppleWebKit/537.36 (KHTML, like Gecko; compatible; bingbot/2.0; +http://www.bing.com/bingbot.htm) Chrome/116.0.1938.76 Safari/537.36"
52.167.144.220 - - [10/Mar/2026:22:30:49 -0400] "GET /432-103351565.html HTTP/2" 404 1251 "-" "Mozilla/5.0 AppleWebKit/537.36 (KHTML, like Gecko; compatible; bingbot/2.0; +http://www.bing.com/bingbot.htm) Chrome/116.0.1938.76 Safari/537.36"
52.167.144.220 - - [10/Mar/2026:22:30:52 -0400] "GET /28610354018.html HTTP/2" 404 1251 "-" "Mozilla/5.0 AppleWebKit/537.36 (KHTML, like Gecko; compatible; bingbot/2.0; +http://www.bing.com/bingbot.htm) Chrome/116.0.1938.76 Safari/537.36"
52.167.144.220 - - [10/Mar/2026:22:30:52 -0400] "GET /992103298188.html HTTP/2" 404 1251 "-" "Mozilla/5.0 AppleWebKit/537.36 (KHTML, like Gecko; compatible; bingbot/2.0; +http://www.bing.com/bingbot.htm) Chrome/116.0.1938.76 Safari/537.36"
52.167.144.220 - - [10/Mar/2026:22:30:52 -0400] "GET /365103151525.html HTTP/2" 404 1251 "-" "Mozilla/5.0 AppleWebKit/537.36 (KHTML, like Gecko; compatible; bingbot/2.0; +http://www.bing.com/bingbot.htm) Chrome/116.0.1938.76 Safari/537.36"
52.167.144.219 - - [10/Mar/2026:22:30:57 -0400] "GET /product/gklpjm_g103285699.html HTTP/2" 404 1251 "-" "Mozilla/5.0 AppleWebKit/537.36 (KHTML, like Gecko; compatible; bingbot/2.0; +http://www.bing.com/bingbot.htm) Chrome/116.0.1938.76 Safari/537.36"
157.55.39.58 - - [10/Mar/2026:22:30:57 -0400] "GET /shopping/663103485089 HTTP/2" 404 1251 "-" "Mozilla/5.0 AppleWebKit/537.36 (KHTML, like Gecko; compatible; bingbot/2.0; +http://www.bing.com/bingbot.htm) Chrome/116.0.1938.76 Safari/537.36"
52.167.144.21 - - [10/Mar/2026:22:30:58 -0400] "GET /109103398592.html HTTP/2" 404 1251 "-" "Mozilla/5.0 AppleWebKit/537.36 (KHTML, like Gecko; compatible; bingbot/2.0; +http://www.bing.com/bingbot.htm) Chrome/116.0.1938.76 Safari/537.36"
157.55.39.58 - - [10/Mar/2026:22:30:58 -0400] "GET /156103313702.html HTTP/2" 404 1251 "-" "Mozilla/5.0 AppleWebKit/537.36 (KHTML, like Gecko; compatible; bingbot/2.0; +http://www.bing.com/bingbot.htm) Chrome/116.0.1938.76 Safari/537.36"
157.55.39.58 - - [10/Mar/2026:22:30:58 -0400] "GET /295-103395563.html HTTP/2" 404 1251 "-" "Mozilla/5.0 AppleWebKit/537.36 (KHTML, like Gecko; compatible; bingbot/2.0; +http://www.bing.com/bingbot.htm) Chrome/116.0.1938.76 Safari/537.36"
157.55.39.58 - - [10/Mar/2026:22:30:59 -0400] "GET /513103143530.html HTTP/2" 404 1251 "-" "Mozilla/5.0 AppleWebKit/537.36 (KHTML, like Gecko; compatible; bingbot/2.0; +http://www.bing.com/bingbot.htm) Chrome/116.0.1938.76 Safari/537.36"
157.55.39.58 - - [10/Mar/2026:22:31:00 -0400] "GET /shopping/935103421937 HTTP/2" 404 1251 "-" "Mozilla/5.0 AppleWebKit/537.36 (KHTML, like Gecko; compatible; bingbot/2.0; +http://www.bing.com/bingbot.htm) Chrome/116.0.1938.76 Safari/537.36"
52.167.144.220 - - [10/Mar/2026:22:31:02 -0400] "GET /914-103448238.html HTTP/2" 404 1251 "-" "Mozilla/5.0 AppleWebKit/537.36 (KHTML, like Gecko; compatible; bingbot/2.0; +http://www.bing.com/bingbot.htm) Chrome/116.0.1938.76 Safari/537.36"
207.46.13.130 - - [10/Mar/2026:22:31:05 -0400] "GET /shopping/242103136898 HTTP/2" 404 1251 "-" "Mozilla/5.0 AppleWebKit/537.36 (KHTML, like Gecko; compatible; bingbot/2.0; +http://www.bing.com/bingbot.htm) Chrome/116.0.1938.76 Safari/537.36"
157.55.39.58 - - [10/Mar/2026:22:31:06 -0400] "GET /432-103342917.html HTTP/2" 404 1251 "-" "Mozilla/5.0 AppleWebKit/537.36 (KHTML, like Gecko; compatible; bingbot/2.0; +http://www.bing.com/bingbot.htm) Chrome/116.0.1938.76 Safari/537.36"
157.55.39.58 - - [10/Mar/2026:22:31:07 -0400] "GET /454103291319.html HTTP/2" 404 1251 "-" "Mozilla/5.0 AppleWebKit/537.36 (KHTML, like Gecko; compatible; bingbot/2.0; +http://www.bing.com/bingbot.htm) Chrome/116.0.1938.76 Safari/537.36"
157.55.39.58 - - [10/Mar/2026:22:31:07 -0400] "GET /513103173334.html HTTP/2" 404 1251 "-" "Mozilla/5.0 AppleWebKit/537.36 (KHTML, like Gecko; compatible; bingbot/2.0; +http://www.bing.com/bingbot.htm) Chrome/116.0.1938.76 Safari/537.36"
157.55.39.58 - - [10/Mar/2026:22:31:07 -0400] "GET /shopping/50810360463 HTTP/2" 404 1251 "-" "Mozilla/5.0 AppleWebKit/537.36 (KHTML, like Gecko; compatible; bingbot/2.0; +http://www.bing.com/bingbot.htm) Chrome/116.0.1938.76 Safari/537.36"
66.249.69.97 - - [10/Mar/2026:22:31:09 -0400] "GET /shopping/734103290175 HTTP/1.1" 404 1251 "-" "Mozilla/5.0 (Linux; Android 6.0.1; Nexus 5X Build/MMB29P) AppleWebKit/537.36 (KHTML, like Gecko) Chrome/145.0.7632.116 Mobile Safari/537.36 (compatible; Googlebot/2.1; +http://www.google.com/bot.html)"
52.167.144.219 - - [10/Mar/2026:22:31:10 -0400] "GET /shopping/386103249499 HTTP/2" 404 1251 "-" "Mozilla/5.0 AppleWebKit/537.36 (KHTML, like Gecko; compatible; bingbot/2.0; +http://www.bing.com/bingbot.htm) Chrome/116.0.1938.76 Safari/537.36"
57.141.6.66 - - [10/Mar/2026:22:31:12 -0400] "GET /products/114350564 HTTP/2" 404 1251 "-" "meta-externalagent/1.1 (+https://developers.facebook.com/docs/sharing/webmasters/crawler)"
52.167.144.21 - - [10/Mar/2026:22:31:12 -0400] "GET /30110378542.html HTTP/2" 404 1251 "-" "Mozilla/5.0 AppleWebKit/537.36 (KHTML, like Gecko; compatible; bingbot/2.0; +http://www.bing.com/bingbot.htm) Chrome/116.0.1938.76 Safari/537.36"
52.167.144.220 - - [10/Mar/2026:22:31:12 -0400] "GET /524-103265684.html HTTP/2" 404 1251 "-" "Mozilla/5.0 AppleWebKit/537.36 (KHTML, like Gecko; compatible; bingbot/2.0; +http://www.bing.com/bingbot.htm) Chrome/116.0.1938.76 Safari/537.36"
52.167.144.21 - - [10/Mar/2026:22:31:12 -0400] "GET /84310384115.html HTTP/2" 404 1251 "-" "Mozilla/5.0 AppleWebKit/537.36 (KHTML, like Gecko; compatible; bingbot/2.0; +http://www.bing.com/bingbot.htm) Chrome/116.0.1938.76 Safari/537.36"
52.167.144.21 - - [10/Mar/2026:22:31:13 -0400] "GET /77310360660.html HTTP/2" 404 1251 "-" "Mozilla/5.0 AppleWebKit/537.36 (KHTML, like Gecko; compatible; bingbot/2.0; +http://www.bing.com/bingbot.htm) Chrome/116.0.1938.76 Safari/537.36"
52.167.144.21 - - [10/Mar/2026:22:31:13 -0400] "GET /175-103167387.html HTTP/2" 404 1251 "-" "Mozilla/5.0 AppleWebKit/537.36 (KHTML, like Gecko; compatible; bingbot/2.0; +http://www.bing.com/bingbot.htm) Chrome/116.0.1938.76 Safari/537.36"
52.167.144.21 - - [10/Mar/2026:22:31:14 -0400] "GET /54210336648.html HTTP/2" 404 1251 "-" "Mozilla/5.0 AppleWebKit/537.36 (KHTML, like Gecko; compatible; bingbot/2.0; +http://www.bing.com/bingbot.htm) Chrome/116.0.1938.76 Safari/537.36"
157.55.39.58 - - [10/Mar/2026:22:31:15 -0400] "GET /896103232628.html HTTP/2" 404 1251 "-" "Mozilla/5.0 AppleWebKit/537.36 (KHTML, like Gecko; compatible; bingbot/2.0; +http://www.bing.com/bingbot.htm) Chrome/116.0.1938.76 Safari/537.36"
57.141.6.71 - - [10/Mar/2026:22:31:16 -0400] "GET /products/298751892 HTTP/2" 404 1251 "-" "meta-externalagent/1.1 (+https://developers.facebook.com/docs/sharing/webmasters/crawler)"
52.167.144.21 - - [10/Mar/2026:22:31:17 -0400] "GET /158103359588.html HTTP/2" 404 1251 "-" "Mozilla/5.0 AppleWebKit/537.36 (KHTML, like Gecko; compatible; bingbot/2.0; +http://www.bing.com/bingbot.htm) Chrome/116.0.1938.76 Safari/537.36"
74.7.227.180 - - [10/Mar/2026:22:31:17 -0400] "GET /IXR/wp-includes/js/wp/EwKCLp.php?dir=2f6f70742f616c742f70687038332f7573722f73686172652f6d616e2f6d616e31&rename=phar.phar.1 HTTP/2" 200 3386 "https://mail.goons4good.org/IXR/wp-includes/js/wp/EwKCLp.php?dir=2f6f70742f616c742f70687038332f7573722f73686172652f6d616e2f6d616e31" "Mozilla/5.0 AppleWebKit/537.36 (KHTML, like Gecko; compatible; GPTBot/1.3; +https://openai.com/gptbot)"
52.167.144.220 - - [10/Mar/2026:22:31:17 -0400] "GET /133103263957.html HTTP/2" 404 1251 "-" "Mozilla/5.0 AppleWebKit/537.36 (KHTML, like Gecko; compatible; bingbot/2.0; +http://www.bing.com/bingbot.htm) Chrome/116.0.1938.76 Safari/537.36"
52.167.144.220 - - [10/Mar/2026:22:31:17 -0400] "GET /548103220498.html HTTP/2" 404 1251 "-" "Mozilla/5.0 AppleWebKit/537.36 (KHTML, like Gecko; compatible; bingbot/2.0; +http://www.bing.com/bingbot.htm) Chrome/116.0.1938.76 Safari/537.36"
52.167.144.220 - - [10/Mar/2026:22:31:18 -0400] "GET /shopping/73510349101 HTTP/2" 404 1251 "-" "Mozilla/5.0 AppleWebKit/537.36 (KHTML, like Gecko; compatible; bingbot/2.0; +http://www.bing.com/bingbot.htm) Chrome/116.0.1938.76 Safari/537.36"
52.167.144.220 - - [10/Mar/2026:22:31:18 -0400] "GET /295-103390972.html HTTP/2" 404 1251 "-" "Mozilla/5.0 AppleWebKit/537.36 (KHTML, like Gecko; compatible; bingbot/2.0; +http://www.bing.com/bingbot.htm) Chrome/116.0.1938.76 Safari/537.36"
74.7.227.180 - - [10/Mar/2026:22:31:18 -0400] "GET /IXR/wp-includes/js/wp/EwKCLp.php?dir=2f6f70742f616c742f70687038332f7573722f73686172652f6d616e2f6d616e312f&f=phar.phar.1 HTTP/2" 200 3433 "https://mail.goons4good.org/IXR/wp-includes/js/wp/EwKCLp.php?dir=2f6f70742f616c742f70687038332f7573722f73686172652f6d616e2f6d616e31" "Mozilla/5.0 AppleWebKit/537.36 (KHTML, like Gecko; compatible; GPTBot/1.3; +https://openai.com/gptbot)"
157.55.39.58 - - [10/Mar/2026:22:31:25 -0400] "GET /625103346142.html HTTP/2" 404 1251 "-" "Mozilla/5.0 AppleWebKit/537.36 (KHTML, like Gecko; compatible; bingbot/2.0; +http://www.bing.com/bingbot.htm) Chrome/116.0.1938.76 Safari/537.36"
157.55.39.58 - - [10/Mar/2026:22:31:25 -0400] "GET /617103178756.html HTTP/2" 404 1251 "-" "Mozilla/5.0 AppleWebKit/537.36 (KHTML, like Gecko; compatible; bingbot/2.0; +http://www.bing.com/bingbot.htm) Chrome/116.0.1938.76 Safari/537.36"
157.55.39.58 - - [10/Mar/2026:22:31:25 -0400] "GET /109103187418.html HTTP/2" 404 1251 "-" "Mozilla/5.0 AppleWebKit/537.36 (KHTML, like Gecko; compatible; bingbot/2.0; +http://www.bing.com/bingbot.htm) Chrome/116.0.1938.76 Safari/537.36"
157.55.39.58 - - [10/Mar/2026:22:31:26 -0400] "GET /307103132617.html HTTP/2" 404 1251 "-" "Mozilla/5.0 AppleWebKit/537.36 (KHTML, like Gecko; compatible; bingbot/2.0; +http://www.bing.com/bingbot.htm) Chrome/116.0.1938.76 Safari/537.36"
157.55.39.58 - - [10/Mar/2026:22:31:26 -0400] "GET /596103153881.html HTTP/2" 404 1251 "-" "Mozilla/5.0 AppleWebKit/537.36 (KHTML, like Gecko; compatible; bingbot/2.0; +http://www.bing.com/bingbot.htm) Chrome/116.0.1938.76 Safari/537.36"
52.167.144.21 - - [10/Mar/2026:22:31:30 -0400] "GET /155103218330.html HTTP/2" 404 1251 "-" "Mozilla/5.0 AppleWebKit/537.36 (KHTML, like Gecko; compatible; bingbot/2.0; +http://www.bing.com/bingbot.htm) Chrome/116.0.1938.76 Safari/537.36"
52.167.144.21 - - [10/Mar/2026:22:31:31 -0400] "GET /525103446136.html HTTP/2" 404 1251 "-" "Mozilla/5.0 AppleWebKit/537.36 (KHTML, like Gecko; compatible; bingbot/2.0; +http://www.bing.com/bingbot.htm) Chrome/116.0.1938.76 Safari/537.36"
52.167.144.21 - - [10/Mar/2026:22:31:31 -0400] "GET /shopping/391103241078 HTTP/2" 404 1251 "-" "Mozilla/5.0 AppleWebKit/537.36 (KHTML, like Gecko; compatible; bingbot/2.0; +http://www.bing.com/bingbot.htm) Chrome/116.0.1938.76 Safari/537.36"
52.167.144.21 - - [10/Mar/2026:22:31:33 -0400] "GET /shopping/996103419259 HTTP/2" 404 1251 "-" "Mozilla/5.0 AppleWebKit/537.36 (KHTML, like Gecko; compatible; bingbot/2.0; +http://www.bing.com/bingbot.htm) Chrome/116.0.1938.76 Safari/537.36"
157.55.39.58 - - [10/Mar/2026:22:31:35 -0400] "GET /524-10320170.html HTTP/2" 404 1251 "-" "Mozilla/5.0 AppleWebKit/537.36 (KHTML, like Gecko; compatible; bingbot/2.0; +http://www.bing.com/bingbot.htm) Chrome/116.0.1938.76 Safari/537.36"
207.46.13.130 - - [10/Mar/2026:22:31:35 -0400] "GET /product/gklpjm_g103176644.html HTTP/2" 404 1251 "-" "Mozilla/5.0 AppleWebKit/537.36 (KHTML, like Gecko; compatible; bingbot/2.0; +http://www.bing.com/bingbot.htm) Chrome/116.0.1938.76 Safari/537.36"
207.46.13.130 - - [10/Mar/2026:22:31:36 -0400] "GET /shopping/379103382082 HTTP/2" 404 1251 "-" "Mozilla/5.0 AppleWebKit/537.36 (KHTML, like Gecko; compatible; bingbot/2.0; +http://www.bing.com/bingbot.htm) Chrome/116.0.1938.76 Safari/537.36"
157.55.39.58 - - [10/Mar/2026:22:31:36 -0400] "GET /514103185289.html HTTP/2" 404 1251 "-" "Mozilla/5.0 AppleWebKit/537.36 (KHTML, like Gecko; compatible; bingbot/2.0; +http://www.bing.com/bingbot.htm) Chrome/116.0.1938.76 Safari/537.36"
157.55.39.58 - - [10/Mar/2026:22:31:36 -0400] "GET /872103355461.html HTTP/2" 404 1251 "-" "Mozilla/5.0 AppleWebKit/537.36 (KHTML, like Gecko; compatible; bingbot/2.0; +http://www.bing.com/bingbot.htm) Chrome/116.0.1938.76 Safari/537.36"
74.7.227.180 - - [10/Mar/2026:22:31:36 -0400] "GET /IXR/wp-includes/js/wp/EwKCLp.php?chmod=phar.phar.1&dir=2f6f70742f616c742f70687038332f7573722f73686172652f6d616e2f6d616e31 HTTP/2" 200 3387 "https://mail.goons4good.org/IXR/wp-includes/js/wp/EwKCLp.php?dir=2f6f70742f616c742f70687038332f7573722f73686172652f6d616e2f6d616e31" "Mozilla/5.0 AppleWebKit/537.36 (KHTML, like Gecko; compatible; GPTBot/1.3; +https://openai.com/gptbot)"
157.55.39.58 - - [10/Mar/2026:22:31:36 -0400] "GET /shopping/99610380589 HTTP/2" 404 1251 "-" "Mozilla/5.0 AppleWebKit/537.36 (KHTML, like Gecko; compatible; bingbot/2.0; +http://www.bing.com/bingbot.htm) Chrome/116.0.1938.76 Safari/537.36"
157.55.39.58 - - [10/Mar/2026:22:31:36 -0400] "GET /914-103198478.html HTTP/2" 404 1251 "-" "Mozilla/5.0 AppleWebKit/537.36 (KHTML, like Gecko; compatible; bingbot/2.0; +http://www.bing.com/bingbot.htm) Chrome/116.0.1938.76 Safari/537.36"
74.7.227.180 - - [10/Mar/2026:22:31:38 -0400] "GET /IXR/wp-includes/js/wp/EwKCLp.php?action=root-terminal&dir=2f6f70742f616c742f70687038332f7573722f73686172652f6d616e2f6d616e31 HTTP/2" 200 3410 "https://mail.goons4good.org/IXR/wp-includes/js/wp/EwKCLp.php?dir=2f6f70742f616c742f70687038332f7573722f73686172652f6d616e2f6d616e31" "Mozilla/5.0 AppleWebKit/537.36 (KHTML, like Gecko; compatible; GPTBot/1.3; +https://openai.com/gptbot)"
74.7.227.180 - - [10/Mar/2026:22:31:38 -0400] "GET /IXR/wp-includes/js/wp/EwKCLp.php?action=root-terminal&dir=2f6f70742f616c742f70687038332f7573722f73686172652f6d616e2f6d616e38 HTTP/2" 200 3140 "https://mail.goons4good.org/IXR/wp-includes/js/wp/EwKCLp.php?dir=2f6f70742f616c742f70687038332f7573722f73686172652f6d616e2f6d616e38" "Mozilla/5.0 AppleWebKit/537.36 (KHTML, like Gecko; compatible; GPTBot/1.3; +https://openai.com/gptbot)"
52.167.144.220 - - [10/Mar/2026:22:31:39 -0400] "GET /shopping/508103353989 HTTP/2" 404 1251 "-" "Mozilla/5.0 AppleWebKit/537.36 (KHTML, like Gecko; compatible; bingbot/2.0; +http://www.bing.com/bingbot.htm) Chrome/116.0.1938.76 Safari/537.36"
52.167.144.220 - - [10/Mar/2026:22:31:39 -0400] "GET /596103214983.html HTTP/2" 404 1251 "-" "Mozilla/5.0 AppleWebKit/537.36 (KHTML, like Gecko; compatible; bingbot/2.0; +http://www.bing.com/bingbot.htm) Chrome/116.0.1938.76 Safari/537.36"
52.167.144.220 - - [10/Mar/2026:22:31:39 -0400] "GET /177103351267.html HTTP/2" 404 1251 "-" "Mozilla/5.0 AppleWebKit/537.36 (KHTML, like Gecko; compatible; bingbot/2.0; +http://www.bing.com/bingbot.htm) Chrome/116.0.1938.76 Safari/537.36"
52.167.144.220 - - [10/Mar/2026:22:31:40 -0400] "GET /66710317605.html HTTP/2" 404 1251 "-" "Mozilla/5.0 AppleWebKit/537.36 (KHTML, like Gecko; compatible; bingbot/2.0; +http://www.bing.com/bingbot.htm) Chrome/116.0.1938.76 Safari/537.36"
74.7.227.180 - - [10/Mar/2026:22:31:40 -0400] "GET /IXR/wp-includes/js/wp/EwKCLp.php?dir=2f6f70742f616c742f70687038332f7573722f73686172652f6d616e2f6d616e31&rename=phar.1 HTTP/2" 200 3389 "https://mail.goons4good.org/IXR/wp-includes/js/wp/EwKCLp.php?dir=2f6f70742f616c742f70687038332f7573722f73686172652f6d616e2f6d616e31" "Mozilla/5.0 AppleWebKit/537.36 (KHTML, like Gecko; compatible; GPTBot/1.3; +https://openai.com/gptbot)"
74.7.227.180 - - [10/Mar/2026:22:31:40 -0400] "GET /IXR/wp-includes/js/wp/EwKCLp.php?chmod=phpdbg.1&dir=2f6f70742f616c742f70687038332f7573722f73686172652f6d616e2f6d616e31 HTTP/2" 200 3387 "https://mail.goons4good.org/IXR/wp-includes/js/wp/EwKCLp.php?dir=2f6f70742f616c742f70687038332f7573722f73686172652f6d616e2f6d616e31" "Mozilla/5.0 AppleWebKit/537.36 (KHTML, like Gecko; compatible; GPTBot/1.3; +https://openai.com/gptbot)"
74.7.227.180 - - [10/Mar/2026:22:31:41 -0400] "GET /IXR/wp-includes/js/wp/EwKCLp.php?create=file&dir=2f6f70742f616c742f70687038332f7573722f73686172652f6d616e2f6d616e38 HTTP/2" 200 3112 "https://mail.goons4good.org/IXR/wp-includes/js/wp/EwKCLp.php?dir=2f6f70742f616c742f70687038332f7573722f73686172652f6d616e2f6d616e38" "Mozilla/5.0 AppleWebKit/537.36 (KHTML, like Gecko; compatible; GPTBot/1.3; +https://openai.com/gptbot)"
52.167.144.220 - - [10/Mar/2026:22:31:41 -0400] "GET /524-103428266.html HTTP/2" 404 1251 "-" "Mozilla/5.0 AppleWebKit/537.36 (KHTML, like Gecko; compatible; bingbot/2.0; +http://www.bing.com/bingbot.htm) Chrome/116.0.1938.76 Safari/537.36"
74.7.227.180 - - [10/Mar/2026:22:31:42 -0400] "GET /IXR/wp-includes/js/wp/EwKCLp.php?action=terminal&dir=2f6f70742f616c742f70687038332f7573722f73686172652f6d616e2f6d616e38 HTTP/2" 200 3125 "https://mail.goons4good.org/IXR/wp-includes/js/wp/EwKCLp.php?dir=2f6f70742f616c742f70687038332f7573722f73686172652f6d616e2f6d616e38" "Mozilla/5.0 AppleWebKit/537.36 (KHTML, like Gecko; compatible; GPTBot/1.3; +https://openai.com/gptbot)"
74.7.227.180 - - [10/Mar/2026:22:31:43 -0400] "GET /IXR/wp-includes/js/wp/EwKCLp.php?create=folder&dir=2f6f70742f616c742f70687038332f7573722f73686172652f6d616e2f6d616e38 HTTP/2" 200 3125 "https://mail.goons4good.org/IXR/wp-includes/js/wp/EwKCLp.php?dir=2f6f70742f616c742f70687038332f7573722f73686172652f6d616e2f6d616e38" "Mozilla/5.0 AppleWebKit/537.36 (KHTML, like Gecko; compatible; GPTBot/1.3; +https://openai.com/gptbot)"
74.7.227.180 - - [10/Mar/2026:22:31:43 -0400] "GET /IXR/wp-includes/js/wp/EwKCLp.php?create=folder&dir=2f6f70742f616c742f70687038332f7573722f73686172652f6d616e2f6d616e31 HTTP/2" 200 3418 "https://mail.goons4good.org/IXR/wp-includes/js/wp/EwKCLp.php?dir=2f6f70742f616c742f70687038332f7573722f73686172652f6d616e2f6d616e31" "Mozilla/5.0 AppleWebKit/537.36 (KHTML, like Gecko; compatible; GPTBot/1.3; +https://openai.com/gptbot)"
74.7.227.180 - - [10/Mar/2026:22:31:44 -0400] "GET /IXR/wp-includes/js/wp/EwKCLp.php?action=terminal&dir=2f6f70742f616c742f70687038332f7573722f73686172652f6d616e2f6d616e31 HTTP/2" 200 3401 "https://mail.goons4good.org/IXR/wp-includes/js/wp/EwKCLp.php?dir=2f6f70742f616c742f70687038332f7573722f73686172652f6d616e2f6d616e31" "Mozilla/5.0 AppleWebKit/537.36 (KHTML, like Gecko; compatible; GPTBot/1.3; +https://openai.com/gptbot)"
52.167.144.220 - - [10/Mar/2026:22:31:44 -0400] "GET /508103428363.html HTTP/2" 404 1251 "-" "Mozilla/5.0 AppleWebKit/537.36 (KHTML, like Gecko; compatible; bingbot/2.0; +http://www.bing.com/bingbot.htm) Chrome/116.0.1938.76 Safari/537.36"
52.167.144.220 - - [10/Mar/2026:22:31:45 -0400] "GET /307103386680.html HTTP/2" 404 1251 "-" "Mozilla/5.0 AppleWebKit/537.36 (KHTML, like Gecko; compatible; bingbot/2.0; +http://www.bing.com/bingbot.htm) Chrome/116.0.1938.76 Safari/537.36"
52.167.144.220 - - [10/Mar/2026:22:31:45 -0400] "GET /524-103454205.html HTTP/2" 404 1251 "-" "Mozilla/5.0 AppleWebKit/537.36 (KHTML, like Gecko; compatible; bingbot/2.0; +http://www.bing.com/bingbot.htm) Chrome/116.0.1938.76 Safari/537.36"
52.167.144.220 - - [10/Mar/2026:22:31:45 -0400] "GET /109103362483.html HTTP/2" 404 1251 "-" "Mozilla/5.0 AppleWebKit/537.36 (KHTML, like Gecko; compatible; bingbot/2.0; +http://www.bing.com/bingbot.htm) Chrome/116.0.1938.76 Safari/537.36"
74.7.227.180 - - [10/Mar/2026:22:31:45 -0400] "GET /IXR/wp-includes/js/wp/EwKCLp.php?backdoor=true&dir=2f6f70742f616c742f70687038332f7573722f73686172652f6d616e2f6d616e31 HTTP/2" 200 3291 "https://mail.goons4good.org/IXR/wp-includes/js/wp/EwKCLp.php?dir=2f6f70742f616c742f70687038332f7573722f73686172652f6d616e2f6d616e31" "Mozilla/5.0 AppleWebKit/537.36 (KHTML, like Gecko; compatible; GPTBot/1.3; +https://openai.com/gptbot)"
52.167.144.220 - - [10/Mar/2026:22:31:45 -0400] "GET /454103373646.html HTTP/2" 404 1251 "-" "Mozilla/5.0 AppleWebKit/537.36 (KHTML, like Gecko; compatible; bingbot/2.0; +http://www.bing.com/bingbot.htm) Chrome/116.0.1938.76 Safari/537.36"
57.141.6.52 - - [10/Mar/2026:22:31:45 -0400] "GET /products/1542673224 HTTP/2" 404 1251 "-" "meta-externalagent/1.1 (+https://developers.facebook.com/docs/sharing/webmasters/crawler)"
52.167.144.219 - - [10/Mar/2026:22:31:46 -0400] "GET /shopping/38110395386 HTTP/2" 404 1251 "-" "Mozilla/5.0 AppleWebKit/537.36 (KHTML, like Gecko; compatible; bingbot/2.0; +http://www.bing.com/bingbot.htm) Chrome/116.0.1938.76 Safari/537.36"
52.167.144.219 - - [10/Mar/2026:22:31:47 -0400] "GET /product/gklpjm_g103148300.html HTTP/2" 404 1251 "-" "Mozilla/5.0 AppleWebKit/537.36 (KHTML, like Gecko; compatible; bingbot/2.0; +http://www.bing.com/bingbot.htm) Chrome/116.0.1938.76 Safari/537.36"
