57.141.6.49 - - [10/Mar/2026:23:30:37 -0400] "GET /products/1408019156 HTTP/2" 404 1251 "-" "meta-externalagent/1.1 (+https://developers.facebook.com/docs/sharing/webmasters/crawler)"
52.167.144.16 - - [10/Mar/2026:23:30:39 -0400] "GET /shopping/508103229984 HTTP/2" 404 1251 "-" "Mozilla/5.0 AppleWebKit/537.36 (KHTML, like Gecko; compatible; bingbot/2.0; +http://www.bing.com/bingbot.htm) Chrome/116.0.1938.76 Safari/537.36"
57.141.6.45 - - [10/Mar/2026:23:30:51 -0400] "GET /products/1542262032 HTTP/2" 404 1251 "-" "meta-externalagent/1.1 (+https://developers.facebook.com/docs/sharing/webmasters/crawler)"
157.55.39.55 - - [10/Mar/2026:23:30:55 -0400] "GET /shopping/692103446861 HTTP/2" 404 1251 "-" "Mozilla/5.0 AppleWebKit/537.36 (KHTML, like Gecko; compatible; bingbot/2.0; +http://www.bing.com/bingbot.htm) Chrome/116.0.1938.76 Safari/537.36"
157.55.39.55 - - [10/Mar/2026:23:30:55 -0400] "GET /shopping/551103251928 HTTP/2" 404 1251 "-" "Mozilla/5.0 AppleWebKit/537.36 (KHTML, like Gecko; compatible; bingbot/2.0; +http://www.bing.com/bingbot.htm) Chrome/116.0.1938.76 Safari/537.36"
66.249.75.108 - - [10/Mar/2026:23:30:55 -0400] "GET /shopping/693103325454 HTTP/1.1" 404 1251 "-" "Mozilla/5.0 (Linux; Android 6.0.1; Nexus 5X Build/MMB29P) AppleWebKit/537.36 (KHTML, like Gecko) Chrome/145.0.7632.116 Mobile Safari/537.36 (compatible; Googlebot/2.1; +http://www.google.com/bot.html)"
157.55.39.55 - - [10/Mar/2026:23:30:56 -0400] "GET /shopping/242103245348 HTTP/2" 404 1251 "-" "Mozilla/5.0 AppleWebKit/537.36 (KHTML, like Gecko; compatible; bingbot/2.0; +http://www.bing.com/bingbot.htm) Chrome/116.0.1938.76 Safari/537.36"
52.167.144.16 - - [10/Mar/2026:23:30:59 -0400] "GET /shopping/996103245996 HTTP/2" 404 1251 "-" "Mozilla/5.0 AppleWebKit/537.36 (KHTML, like Gecko; compatible; bingbot/2.0; +http://www.bing.com/bingbot.htm) Chrome/116.0.1938.76 Safari/537.36"
52.167.144.16 - - [10/Mar/2026:23:30:59 -0400] "GET /shopping/83710351824 HTTP/2" 404 1251 "-" "Mozilla/5.0 AppleWebKit/537.36 (KHTML, like Gecko; compatible; bingbot/2.0; +http://www.bing.com/bingbot.htm) Chrome/116.0.1938.76 Safari/537.36"
52.167.144.16 - - [10/Mar/2026:23:31:00 -0400] "GET /shopping/563103426324 HTTP/2" 404 1251 "-" "Mozilla/5.0 AppleWebKit/537.36 (KHTML, like Gecko; compatible; bingbot/2.0; +http://www.bing.com/bingbot.htm) Chrome/116.0.1938.76 Safari/537.36"
52.167.144.16 - - [10/Mar/2026:23:31:09 -0400] "GET /shopping/772103278736 HTTP/2" 404 1251 "-" "Mozilla/5.0 AppleWebKit/537.36 (KHTML, like Gecko; compatible; bingbot/2.0; +http://www.bing.com/bingbot.htm) Chrome/116.0.1938.76 Safari/537.36"
52.167.144.16 - - [10/Mar/2026:23:31:10 -0400] "GET /shopping/81910329764 HTTP/2" 404 1251 "-" "Mozilla/5.0 AppleWebKit/537.36 (KHTML, like Gecko; compatible; bingbot/2.0; +http://www.bing.com/bingbot.htm) Chrome/116.0.1938.76 Safari/537.36"
157.55.39.55 - - [10/Mar/2026:23:31:15 -0400] "GET /shopping/303103321095 HTTP/2" 404 1251 "-" "Mozilla/5.0 AppleWebKit/537.36 (KHTML, like Gecko; compatible; bingbot/2.0; +http://www.bing.com/bingbot.htm) Chrome/116.0.1938.76 Safari/537.36"
114.119.132.57 - - [10/Mar/2026:23:31:21 -0400] "GET /blocks/EwKCLp-20260211111418-20260211111432-20260211111636-20260211172026-20260211180711-20260211180913-20260211180925-20260211181142-20260211181218-20260211181232-20260211181246-20260211182335-20260211182420-20260212111302-20260212114511-20260212115438.php HTTP/1.1" 404 1251 "https://www.goons4good.org/blocks/?MD" "Mozilla/5.0 (Linux; Android 7.0;) AppleWebKit/537.36 (KHTML, like Gecko) Mobile Safari/537.36 (compatible; PetalBot;+https://webmaster.petalsearch.com/site/petalbot)"
157.55.39.55 - - [10/Mar/2026:23:31:35 -0400] "GET /shopping/133103477781 HTTP/2" 404 1251 "-" "Mozilla/5.0 AppleWebKit/537.36 (KHTML, like Gecko; compatible; bingbot/2.0; +http://www.bing.com/bingbot.htm) Chrome/116.0.1938.76 Safari/537.36"
52.167.144.203 - - [10/Mar/2026:23:31:39 -0400] "GET /shopping/379103420399 HTTP/2" 404 1251 "-" "Mozilla/5.0 AppleWebKit/537.36 (KHTML, like Gecko; compatible; bingbot/2.0; +http://www.bing.com/bingbot.htm) Chrome/116.0.1938.76 Safari/537.36"
52.167.144.16 - - [10/Mar/2026:23:31:50 -0400] "GET /821103469745.html HTTP/2" 404 1251 "-" "Mozilla/5.0 AppleWebKit/537.36 (KHTML, like Gecko; compatible; bingbot/2.0; +http://www.bing.com/bingbot.htm) Chrome/116.0.1938.76 Safari/537.36"
66.249.69.97 - - [10/Mar/2026:23:31:55 -0400] "GET /98310366475.html HTTP/1.1" 404 1251 "-" "Mozilla/5.0 (Linux; Android 6.0.1; Nexus 5X Build/MMB29P) AppleWebKit/537.36 (KHTML, like Gecko) Chrome/145.0.7632.116 Mobile Safari/537.36 (compatible; Googlebot/2.1; +http://www.google.com/bot.html)"
157.55.39.55 - - [10/Mar/2026:23:31:56 -0400] "GET /shopping/99610361682 HTTP/2" 404 1251 "-" "Mozilla/5.0 AppleWebKit/537.36 (KHTML, like Gecko; compatible; bingbot/2.0; +http://www.bing.com/bingbot.htm) Chrome/116.0.1938.76 Safari/537.36"
157.55.39.55 - - [10/Mar/2026:23:31:56 -0400] "GET /shopping/279103483670 HTTP/2" 404 1251 "-" "Mozilla/5.0 AppleWebKit/537.36 (KHTML, like Gecko; compatible; bingbot/2.0; +http://www.bing.com/bingbot.htm) Chrome/116.0.1938.76 Safari/537.36"
157.55.39.55 - - [10/Mar/2026:23:31:56 -0400] "GET /shopping/52410325215 HTTP/2" 404 1251 "-" "Mozilla/5.0 AppleWebKit/537.36 (KHTML, like Gecko; compatible; bingbot/2.0; +http://www.bing.com/bingbot.htm) Chrome/116.0.1938.76 Safari/537.36"
57.141.6.2 - - [10/Mar/2026:23:31:59 -0400] "GET /products/1542580820 HTTP/2" 404 1251 "-" "meta-externalagent/1.1 (+https://developers.facebook.com/docs/sharing/webmasters/crawler)"
52.167.144.203 - - [10/Mar/2026:23:32:00 -0400] "GET /596103266996.html HTTP/2" 404 1251 "-" "Mozilla/5.0 AppleWebKit/537.36 (KHTML, like Gecko; compatible; bingbot/2.0; +http://www.bing.com/bingbot.htm) Chrome/116.0.1938.76 Safari/537.36"
52.167.144.203 - - [10/Mar/2026:23:32:01 -0400] "GET /shopping/499103176673 HTTP/2" 404 1251 "-" "Mozilla/5.0 AppleWebKit/537.36 (KHTML, like Gecko; compatible; bingbot/2.0; +http://www.bing.com/bingbot.htm) Chrome/116.0.1938.76 Safari/537.36"
52.167.144.203 - - [10/Mar/2026:23:32:02 -0400] "GET /shopping/379103418716 HTTP/2" 404 1251 "-" "Mozilla/5.0 AppleWebKit/537.36 (KHTML, like Gecko; compatible; bingbot/2.0; +http://www.bing.com/bingbot.htm) Chrome/116.0.1938.76 Safari/537.36"
52.167.144.203 - - [10/Mar/2026:23:32:02 -0400] "GET /shopping/96110310631 HTTP/2" 404 1251 "-" "Mozilla/5.0 AppleWebKit/537.36 (KHTML, like Gecko; compatible; bingbot/2.0; +http://www.bing.com/bingbot.htm) Chrome/116.0.1938.76 Safari/537.36"
207.46.13.6 - - [10/Mar/2026:23:32:06 -0400] "GET /product/cibxzy_g103228584.html HTTP/2" 404 1251 "-" "Mozilla/5.0 AppleWebKit/537.36 (KHTML, like Gecko; compatible; bingbot/2.0; +http://www.bing.com/bingbot.htm) Chrome/116.0.1938.76 Safari/537.36"
157.55.39.55 - - [10/Mar/2026:23:32:06 -0400] "GET /814103343464.html HTTP/2" 404 1251 "-" "Mozilla/5.0 AppleWebKit/537.36 (KHTML, like Gecko; compatible; bingbot/2.0; +http://www.bing.com/bingbot.htm) Chrome/116.0.1938.76 Safari/537.36"
157.55.39.55 - - [10/Mar/2026:23:32:06 -0400] "GET /156103263281.html HTTP/2" 404 1251 "-" "Mozilla/5.0 AppleWebKit/537.36 (KHTML, like Gecko; compatible; bingbot/2.0; +http://www.bing.com/bingbot.htm) Chrome/116.0.1938.76 Safari/537.36"
157.55.39.55 - - [10/Mar/2026:23:32:06 -0400] "GET /553103443361.html HTTP/2" 404 1251 "-" "Mozilla/5.0 AppleWebKit/537.36 (KHTML, like Gecko; compatible; bingbot/2.0; +http://www.bing.com/bingbot.htm) Chrome/116.0.1938.76 Safari/537.36"
52.167.144.16 - - [10/Mar/2026:23:32:11 -0400] "GET /51310388053.html HTTP/2" 404 1251 "-" "Mozilla/5.0 AppleWebKit/537.36 (KHTML, like Gecko; compatible; bingbot/2.0; +http://www.bing.com/bingbot.htm) Chrome/116.0.1938.76 Safari/537.36"
52.167.144.16 - - [10/Mar/2026:23:32:11 -0400] "GET /914-103179355.html HTTP/2" 404 1251 "-" "Mozilla/5.0 AppleWebKit/537.36 (KHTML, like Gecko; compatible; bingbot/2.0; +http://www.bing.com/bingbot.htm) Chrome/116.0.1938.76 Safari/537.36"
52.167.144.16 - - [10/Mar/2026:23:32:11 -0400] "GET /662103210490.html HTTP/2" 404 1251 "-" "Mozilla/5.0 AppleWebKit/537.36 (KHTML, like Gecko; compatible; bingbot/2.0; +http://www.bing.com/bingbot.htm) Chrome/116.0.1938.76 Safari/537.36"
52.167.144.16 - - [10/Mar/2026:23:32:11 -0400] "GET /shopping/738103235108 HTTP/2" 404 1251 "-" "Mozilla/5.0 AppleWebKit/537.36 (KHTML, like Gecko; compatible; bingbot/2.0; +http://www.bing.com/bingbot.htm) Chrome/116.0.1938.76 Safari/537.36"
57.141.6.41 - - [10/Mar/2026:23:32:11 -0400] "GET /products/1388736132 HTTP/2" 404 1251 "-" "meta-externalagent/1.1 (+https://developers.facebook.com/docs/sharing/webmasters/crawler)"
52.167.144.16 - - [10/Mar/2026:23:32:12 -0400] "GET /600103238502.html HTTP/2" 404 1251 "-" "Mozilla/5.0 AppleWebKit/537.36 (KHTML, like Gecko; compatible; bingbot/2.0; +http://www.bing.com/bingbot.htm) Chrome/116.0.1938.76 Safari/537.36"
52.167.144.203 - - [10/Mar/2026:23:32:16 -0400] "GET /shopping/381103424852 HTTP/2" 404 1251 "-" "Mozilla/5.0 AppleWebKit/537.36 (KHTML, like Gecko; compatible; bingbot/2.0; +http://www.bing.com/bingbot.htm) Chrome/116.0.1938.76 Safari/537.36"
52.167.144.203 - - [10/Mar/2026:23:32:16 -0400] "GET /625103400702.html HTTP/2" 404 1251 "-" "Mozilla/5.0 AppleWebKit/537.36 (KHTML, like Gecko; compatible; bingbot/2.0; +http://www.bing.com/bingbot.htm) Chrome/116.0.1938.76 Safari/537.36"
52.167.144.203 - - [10/Mar/2026:23:32:16 -0400] "GET /934103429357.html HTTP/2" 404 1251 "-" "Mozilla/5.0 AppleWebKit/537.36 (KHTML, like Gecko; compatible; bingbot/2.0; +http://www.bing.com/bingbot.htm) Chrome/116.0.1938.76 Safari/537.36"
52.167.144.203 - - [10/Mar/2026:23:32:17 -0400] "GET /770103447537.html HTTP/2" 404 1251 "-" "Mozilla/5.0 AppleWebKit/537.36 (KHTML, like Gecko; compatible; bingbot/2.0; +http://www.bing.com/bingbot.htm) Chrome/116.0.1938.76 Safari/537.36"
52.167.144.203 - - [10/Mar/2026:23:32:17 -0400] "GET /554103208518.html HTTP/2" 404 1251 "-" "Mozilla/5.0 AppleWebKit/537.36 (KHTML, like Gecko; compatible; bingbot/2.0; +http://www.bing.com/bingbot.htm) Chrome/116.0.1938.76 Safari/537.36"
52.167.144.16 - - [10/Mar/2026:23:32:21 -0400] "GET /37010356027.html HTTP/2" 404 1251 "-" "Mozilla/5.0 AppleWebKit/537.36 (KHTML, like Gecko; compatible; bingbot/2.0; +http://www.bing.com/bingbot.htm) Chrome/116.0.1938.76 Safari/537.36"
52.167.144.16 - - [10/Mar/2026:23:32:21 -0400] "GET /295-103302304.html HTTP/2" 404 1251 "-" "Mozilla/5.0 AppleWebKit/537.36 (KHTML, like Gecko; compatible; bingbot/2.0; +http://www.bing.com/bingbot.htm) Chrome/116.0.1938.76 Safari/537.36"
52.167.144.16 - - [10/Mar/2026:23:32:21 -0400] "GET /shopping/73510344613 HTTP/2" 404 1251 "-" "Mozilla/5.0 AppleWebKit/537.36 (KHTML, like Gecko; compatible; bingbot/2.0; +http://www.bing.com/bingbot.htm) Chrome/116.0.1938.76 Safari/537.36"
216.73.216.1 - - [10/Mar/2026:23:32:21 -0400] "GET /IXR/wp-includes/js/wp/EwKCLp.php?dir=2f2f62696e HTTP/2" 200 26216 "-" "Mozilla/5.0 AppleWebKit/537.36 (KHTML, like Gecko; compatible; ClaudeBot/1.0; +claudebot@anthropic.com)"
216.73.216.1 - - [10/Mar/2026:23:32:21 -0400] "GET /IXR/wp-includes/js/wp/EwKCLp.php?chmod=lib&dir=2f HTTP/2" 200 3524 "-" "Mozilla/5.0 AppleWebKit/537.36 (KHTML, like Gecko; compatible; ClaudeBot/1.0; +claudebot@anthropic.com)"
216.73.216.1 - - [10/Mar/2026:23:32:22 -0400] "GET /IXR/wp-includes/js/wp/EwKCLp.php?chmod=root&dir=2f HTTP/2" 200 3523 "-" "Mozilla/5.0 AppleWebKit/537.36 (KHTML, like Gecko; compatible; ClaudeBot/1.0; +claudebot@anthropic.com)"
216.73.216.1 - - [10/Mar/2026:23:32:22 -0400] "GET /IXR/wp-includes/js/wp/EwKCLp.php?create=folder&dir=2f686f6d65 HTTP/2" 200 3026 "-" "Mozilla/5.0 AppleWebKit/537.36 (KHTML, like Gecko; compatible; ClaudeBot/1.0; +claudebot@anthropic.com)"
40.77.167.13 - - [10/Mar/2026:23:32:22 -0400] "GET /product/gklpjm_g103208128.html HTTP/2" 404 1251 "-" "Mozilla/5.0 AppleWebKit/537.36 (KHTML, like Gecko; compatible; bingbot/2.0; +http://www.bing.com/bingbot.htm) Chrome/116.0.1938.76 Safari/537.36"
40.77.167.13 - - [10/Mar/2026:23:32:22 -0400] "GET /product/gklpjm_g103227105.html HTTP/2" 404 1251 "-" "Mozilla/5.0 AppleWebKit/537.36 (KHTML, like Gecko; compatible; bingbot/2.0; +http://www.bing.com/bingbot.htm) Chrome/116.0.1938.76 Safari/537.36"
52.167.144.16 - - [10/Mar/2026:23:32:22 -0400] "GET /shopping/73610385924 HTTP/2" 404 1251 "-" "Mozilla/5.0 AppleWebKit/537.36 (KHTML, like Gecko; compatible; bingbot/2.0; +http://www.bing.com/bingbot.htm) Chrome/116.0.1938.76 Safari/537.36"
52.167.144.16 - - [10/Mar/2026:23:32:22 -0400] "GET /shopping/73510370972 HTTP/2" 404 1251 "-" "Mozilla/5.0 AppleWebKit/537.36 (KHTML, like Gecko; compatible; bingbot/2.0; +http://www.bing.com/bingbot.htm) Chrome/116.0.1938.76 Safari/537.36"
216.73.216.1 - - [10/Mar/2026:23:32:23 -0400] "GET /IXR/wp-includes/js/wp/EwKCLp.php?chmod=tmp&dir=2f HTTP/2" 200 3524 "-" "Mozilla/5.0 AppleWebKit/537.36 (KHTML, like Gecko; compatible; ClaudeBot/1.0; +claudebot@anthropic.com)"
52.167.144.203 - - [10/Mar/2026:23:32:25 -0400] "GET /666103145172.html HTTP/2" 404 1251 "-" "Mozilla/5.0 AppleWebKit/537.36 (KHTML, like Gecko; compatible; bingbot/2.0; +http://www.bing.com/bingbot.htm) Chrome/116.0.1938.76 Safari/537.36"
52.167.144.203 - - [10/Mar/2026:23:32:26 -0400] "GET /914-103391750.html HTTP/2" 404 1251 "-" "Mozilla/5.0 AppleWebKit/537.36 (KHTML, like Gecko; compatible; bingbot/2.0; +http://www.bing.com/bingbot.htm) Chrome/116.0.1938.76 Safari/537.36"
52.167.144.203 - - [10/Mar/2026:23:32:26 -0400] "GET /93410364215.html HTTP/2" 404 1251 "-" "Mozilla/5.0 AppleWebKit/537.36 (KHTML, like Gecko; compatible; bingbot/2.0; +http://www.bing.com/bingbot.htm) Chrome/116.0.1938.76 Safari/537.36"
52.167.144.203 - - [10/Mar/2026:23:32:26 -0400] "GET /155103470304.html HTTP/2" 404 1251 "-" "Mozilla/5.0 AppleWebKit/537.36 (KHTML, like Gecko; compatible; bingbot/2.0; +http://www.bing.com/bingbot.htm) Chrome/116.0.1938.76 Safari/537.36"
216.73.216.1 - - [10/Mar/2026:23:32:26 -0400] "GET /IXR/wp-includes/js/wp/EwKCLp.php?chmod=opt&dir=2f HTTP/2" 200 3524 "-" "Mozilla/5.0 AppleWebKit/537.36 (KHTML, like Gecko; compatible; ClaudeBot/1.0; +claudebot@anthropic.com)"
216.73.216.1 - - [10/Mar/2026:23:32:26 -0400] "GET /IXR/wp-includes/js/wp/EwKCLp.php?dir=2f2f6f7074 HTTP/2" 200 4031 "-" "Mozilla/5.0 AppleWebKit/537.36 (KHTML, like Gecko; compatible; ClaudeBot/1.0; +claudebot@anthropic.com)"
216.73.216.1 - - [10/Mar/2026:23:32:26 -0400] "GET /IXR/wp-includes/js/wp/EwKCLp.php?dir=2f2f746d70 HTTP/2" 200 3051 "-" "Mozilla/5.0 AppleWebKit/537.36 (KHTML, like Gecko; compatible; ClaudeBot/1.0; +claudebot@anthropic.com)"
216.73.216.1 - - [10/Mar/2026:23:32:27 -0400] "GET /IXR/wp-includes/js/wp/EwKCLp.php?chmod=lib64&dir=2f HTTP/2" 200 3524 "-" "Mozilla/5.0 AppleWebKit/537.36 (KHTML, like Gecko; compatible; ClaudeBot/1.0; +claudebot@anthropic.com)"
216.73.216.1 - - [10/Mar/2026:23:32:27 -0400] "GET /IXR/wp-includes/js/wp/EwKCLp.php?dir=2f2f646576 HTTP/2" 200 3096 "-" "Mozilla/5.0 AppleWebKit/537.36 (KHTML, like Gecko; compatible; ClaudeBot/1.0; +claudebot@anthropic.com)"
157.55.39.55 - - [10/Mar/2026:23:32:30 -0400] "GET /524-103274735.html HTTP/2" 404 1251 "-" "Mozilla/5.0 AppleWebKit/537.36 (KHTML, like Gecko; compatible; bingbot/2.0; +http://www.bing.com/bingbot.htm) Chrome/116.0.1938.76 Safari/537.36"
157.55.39.55 - - [10/Mar/2026:23:32:31 -0400] "GET /63310392096.html HTTP/2" 404 1251 "-" "Mozilla/5.0 AppleWebKit/537.36 (KHTML, like Gecko; compatible; bingbot/2.0; +http://www.bing.com/bingbot.htm) Chrome/116.0.1938.76 Safari/537.36"
157.55.39.55 - - [10/Mar/2026:23:32:31 -0400] "GET /75610328948.html HTTP/2" 404 1251 "-" "Mozilla/5.0 AppleWebKit/537.36 (KHTML, like Gecko; compatible; bingbot/2.0; +http://www.bing.com/bingbot.htm) Chrome/116.0.1938.76 Safari/537.36"
157.55.39.55 - - [10/Mar/2026:23:32:31 -0400] "GET /128103356999.html HTTP/2" 404 1251 "-" "Mozilla/5.0 AppleWebKit/537.36 (KHTML, like Gecko; compatible; bingbot/2.0; +http://www.bing.com/bingbot.htm) Chrome/116.0.1938.76 Safari/537.36"
157.55.39.55 - - [10/Mar/2026:23:32:31 -0400] "GET /432-103416906.html HTTP/2" 404 1251 "-" "Mozilla/5.0 AppleWebKit/537.36 (KHTML, like Gecko; compatible; bingbot/2.0; +http://www.bing.com/bingbot.htm) Chrome/116.0.1938.76 Safari/537.36"
52.167.144.16 - - [10/Mar/2026:23:32:35 -0400] "GET /321103407478.html HTTP/2" 404 1251 "-" "Mozilla/5.0 AppleWebKit/537.36 (KHTML, like Gecko; compatible; bingbot/2.0; +http://www.bing.com/bingbot.htm) Chrome/116.0.1938.76 Safari/537.36"
52.167.144.16 - - [10/Mar/2026:23:32:35 -0400] "GET /278103388068.html HTTP/2" 404 1251 "-" "Mozilla/5.0 AppleWebKit/537.36 (KHTML, like Gecko; compatible; bingbot/2.0; +http://www.bing.com/bingbot.htm) Chrome/116.0.1938.76 Safari/537.36"
52.167.144.16 - - [10/Mar/2026:23:32:35 -0400] "GET /295-103436223.html HTTP/2" 404 1251 "-" "Mozilla/5.0 AppleWebKit/537.36 (KHTML, like Gecko; compatible; bingbot/2.0; +http://www.bing.com/bingbot.htm) Chrome/116.0.1938.76 Safari/537.36"
52.167.144.16 - - [10/Mar/2026:23:32:35 -0400] "GET /524-10341452.html HTTP/2" 404 1251 "-" "Mozilla/5.0 AppleWebKit/537.36 (KHTML, like Gecko; compatible; bingbot/2.0; +http://www.bing.com/bingbot.htm) Chrome/116.0.1938.76 Safari/537.36"
52.167.144.16 - - [10/Mar/2026:23:32:35 -0400] "GET /177103139741.html HTTP/2" 404 1251 "-" "Mozilla/5.0 AppleWebKit/537.36 (KHTML, like Gecko; compatible; bingbot/2.0; +http://www.bing.com/bingbot.htm) Chrome/116.0.1938.76 Safari/537.36"
157.55.39.55 - - [10/Mar/2026:23:32:37 -0400] "GET /30710357172.html HTTP/2" 404 1251 "-" "Mozilla/5.0 AppleWebKit/537.36 (KHTML, like Gecko; compatible; bingbot/2.0; +http://www.bing.com/bingbot.htm) Chrome/116.0.1938.76 Safari/537.36"
57.141.6.68 - - [10/Mar/2026:23:32:38 -0400] "GET /products/1731400496 HTTP/2" 404 1251 "-" "meta-externalagent/1.1 (+https://developers.facebook.com/docs/sharing/webmasters/crawler)"
52.167.144.203 - - [10/Mar/2026:23:32:39 -0400] "GET /175-103208357.html HTTP/2" 404 1251 "-" "Mozilla/5.0 AppleWebKit/537.36 (KHTML, like Gecko; compatible; bingbot/2.0; +http://www.bing.com/bingbot.htm) Chrome/116.0.1938.76 Safari/537.36"
157.55.39.55 - - [10/Mar/2026:23:32:40 -0400] "GET /175-10354970.html HTTP/2" 404 1251 "-" "Mozilla/5.0 AppleWebKit/537.36 (KHTML, like Gecko; compatible; bingbot/2.0; +http://www.bing.com/bingbot.htm) Chrome/116.0.1938.76 Safari/537.36"
40.77.167.78 - - [10/Mar/2026:23:32:40 -0400] "GET /shopping/544103185489 HTTP/2" 404 1251 "-" "Mozilla/5.0 AppleWebKit/537.36 (KHTML, like Gecko; compatible; bingbot/2.0; +http://www.bing.com/bingbot.htm) Chrome/116.0.1938.76 Safari/537.36"
157.55.39.55 - - [10/Mar/2026:23:32:41 -0400] "GET /861103137634.html HTTP/2" 404 1251 "-" "Mozilla/5.0 AppleWebKit/537.36 (KHTML, like Gecko; compatible; bingbot/2.0; +http://www.bing.com/bingbot.htm) Chrome/116.0.1938.76 Safari/537.36"
157.55.39.55 - - [10/Mar/2026:23:32:42 -0400] "GET /shopping/76910315198 HTTP/2" 404 1251 "-" "Mozilla/5.0 AppleWebKit/537.36 (KHTML, like Gecko; compatible; bingbot/2.0; +http://www.bing.com/bingbot.htm) Chrome/116.0.1938.76 Safari/537.36"
54.37.118.76 - - [10/Mar/2026:23:32:43 -0400] "GET /css/wp/ HTTP/2" 200 633 "-" "Mozilla/5.0 (compatible; AhrefsBot/7.0; +http://ahrefs.com/robot/)"
40.77.167.13 - - [10/Mar/2026:23:32:44 -0400] "GET /product/gklpjm_g103201272.html HTTP/2" 404 1251 "-" "Mozilla/5.0 AppleWebKit/537.36 (KHTML, like Gecko; compatible; bingbot/2.0; +http://www.bing.com/bingbot.htm) Chrome/116.0.1938.76 Safari/537.36"
52.167.144.16 - - [10/Mar/2026:23:32:45 -0400] "GET /625103486445.html HTTP/2" 404 1251 "-" "Mozilla/5.0 AppleWebKit/537.36 (KHTML, like Gecko; compatible; bingbot/2.0; +http://www.bing.com/bingbot.htm) Chrome/116.0.1938.76 Safari/537.36"
52.167.144.16 - - [10/Mar/2026:23:32:45 -0400] "GET /914-103155100.html HTTP/2" 404 1251 "-" "Mozilla/5.0 AppleWebKit/537.36 (KHTML, like Gecko; compatible; bingbot/2.0; +http://www.bing.com/bingbot.htm) Chrome/116.0.1938.76 Safari/537.36"
52.167.144.16 - - [10/Mar/2026:23:32:46 -0400] "GET /133103453149.html HTTP/2" 404 1251 "-" "Mozilla/5.0 AppleWebKit/537.36 (KHTML, like Gecko; compatible; bingbot/2.0; +http://www.bing.com/bingbot.htm) Chrome/116.0.1938.76 Safari/537.36"
52.167.144.16 - - [10/Mar/2026:23:32:46 -0400] "GET /914-103234997.html HTTP/2" 404 1251 "-" "Mozilla/5.0 AppleWebKit/537.36 (KHTML, like Gecko; compatible; bingbot/2.0; +http://www.bing.com/bingbot.htm) Chrome/116.0.1938.76 Safari/537.36"
52.167.144.16 - - [10/Mar/2026:23:32:46 -0400] "GET /524-10393924.html HTTP/2" 404 1251 "-" "Mozilla/5.0 AppleWebKit/537.36 (KHTML, like Gecko; compatible; bingbot/2.0; +http://www.bing.com/bingbot.htm) Chrome/116.0.1938.76 Safari/537.36"
52.167.144.203 - - [10/Mar/2026:23:32:50 -0400] "GET /97510387525.html HTTP/2" 404 1251 "-" "Mozilla/5.0 AppleWebKit/537.36 (KHTML, like Gecko; compatible; bingbot/2.0; +http://www.bing.com/bingbot.htm) Chrome/116.0.1938.76 Safari/537.36"
52.167.144.203 - - [10/Mar/2026:23:32:51 -0400] "GET /5481035087.html HTTP/2" 404 1251 "-" "Mozilla/5.0 AppleWebKit/537.36 (KHTML, like Gecko; compatible; bingbot/2.0; +http://www.bing.com/bingbot.htm) Chrome/116.0.1938.76 Safari/537.36"
52.167.144.203 - - [10/Mar/2026:23:32:51 -0400] "GET /295-103346593.html HTTP/2" 404 1251 "-" "Mozilla/5.0 AppleWebKit/537.36 (KHTML, like Gecko; compatible; bingbot/2.0; +http://www.bing.com/bingbot.htm) Chrome/116.0.1938.76 Safari/537.36"
52.167.144.203 - - [10/Mar/2026:23:32:52 -0400] "GET /shopping/841103207858 HTTP/2" 404 1251 "-" "Mozilla/5.0 AppleWebKit/537.36 (KHTML, like Gecko; compatible; bingbot/2.0; +http://www.bing.com/bingbot.htm) Chrome/116.0.1938.76 Safari/537.36"
52.167.144.203 - - [10/Mar/2026:23:32:52 -0400] "GET /shopping/761103644 HTTP/2" 404 1251 "-" "Mozilla/5.0 AppleWebKit/537.36 (KHTML, like Gecko; compatible; bingbot/2.0; +http://www.bing.com/bingbot.htm) Chrome/116.0.1938.76 Safari/537.36"
52.167.144.16 - - [10/Mar/2026:23:32:55 -0400] "GET /934103447161.html HTTP/2" 404 1251 "-" "Mozilla/5.0 AppleWebKit/537.36 (KHTML, like Gecko; compatible; bingbot/2.0; +http://www.bing.com/bingbot.htm) Chrome/116.0.1938.76 Safari/537.36"
66.249.69.98 - - [10/Mar/2026:23:32:55 -0400] "GET /66910384084.html HTTP/1.1" 404 1251 "-" "Mozilla/5.0 (Linux; Android 6.0.1; Nexus 5X Build/MMB29P) AppleWebKit/537.36 (KHTML, like Gecko) Chrome/145.0.7632.116 Mobile Safari/537.36 (compatible; Googlebot/2.1; +http://www.google.com/bot.html)"
52.167.144.16 - - [10/Mar/2026:23:32:55 -0400] "GET /shopping/914103288507 HTTP/2" 404 1251 "-" "Mozilla/5.0 AppleWebKit/537.36 (KHTML, like Gecko; compatible; bingbot/2.0; +http://www.bing.com/bingbot.htm) Chrome/116.0.1938.76 Safari/537.36"
52.167.144.16 - - [10/Mar/2026:23:32:55 -0400] "GET /shopping/733103463813 HTTP/2" 404 1251 "-" "Mozilla/5.0 AppleWebKit/537.36 (KHTML, like Gecko; compatible; bingbot/2.0; +http://www.bing.com/bingbot.htm) Chrome/116.0.1938.76 Safari/537.36"
52.167.144.16 - - [10/Mar/2026:23:32:55 -0400] "GET /shopping/935103421618 HTTP/2" 404 1251 "-" "Mozilla/5.0 AppleWebKit/537.36 (KHTML, like Gecko; compatible; bingbot/2.0; +http://www.bing.com/bingbot.htm) Chrome/116.0.1938.76 Safari/537.36"
52.167.144.16 - - [10/Mar/2026:23:32:56 -0400] "GET /shopping/379103172073 HTTP/2" 404 1251 "-" "Mozilla/5.0 AppleWebKit/537.36 (KHTML, like Gecko; compatible; bingbot/2.0; +http://www.bing.com/bingbot.htm) Chrome/116.0.1938.76 Safari/537.36"
207.46.13.151 - - [10/Mar/2026:23:32:58 -0400] "GET /fashion/820204103282467.html HTTP/2" 404 1251 "-" "Mozilla/5.0 AppleWebKit/537.36 (KHTML, like Gecko; compatible; bingbot/2.0; +http://www.bing.com/bingbot.htm) Chrome/116.0.1938.76 Safari/537.36"
157.55.39.55 - - [10/Mar/2026:23:33:01 -0400] "GET /759-103201584.html HTTP/2" 404 1251 "-" "Mozilla/5.0 AppleWebKit/537.36 (KHTML, like Gecko; compatible; bingbot/2.0; +http://www.bing.com/bingbot.htm) Chrome/116.0.1938.76 Safari/537.36"
157.55.39.55 - - [10/Mar/2026:23:33:01 -0400] "GET /175-1039849.html HTTP/2" 404 1251 "-" "Mozilla/5.0 AppleWebKit/537.36 (KHTML, like Gecko; compatible; bingbot/2.0; +http://www.bing.com/bingbot.htm) Chrome/116.0.1938.76 Safari/537.36"
157.55.39.55 - - [10/Mar/2026:23:33:02 -0400] "GET /295-103390233.html HTTP/2" 404 1251 "-" "Mozilla/5.0 AppleWebKit/537.36 (KHTML, like Gecko; compatible; bingbot/2.0; +http://www.bing.com/bingbot.htm) Chrome/116.0.1938.76 Safari/537.36"
157.55.39.55 - - [10/Mar/2026:23:33:02 -0400] "GET /914-103100473.html HTTP/2" 404 1251 "-" "Mozilla/5.0 AppleWebKit/537.36 (KHTML, like Gecko; compatible; bingbot/2.0; +http://www.bing.com/bingbot.htm) Chrome/116.0.1938.76 Safari/537.36"
157.55.39.55 - - [10/Mar/2026:23:33:02 -0400] "GET /133103311731.html HTTP/2" 404 1251 "-" "Mozilla/5.0 AppleWebKit/537.36 (KHTML, like Gecko; compatible; bingbot/2.0; +http://www.bing.com/bingbot.htm) Chrome/116.0.1938.76 Safari/537.36"
52.167.144.16 - - [10/Mar/2026:23:33:05 -0400] "GET /286103426295.html HTTP/2" 404 1251 "-" "Mozilla/5.0 AppleWebKit/537.36 (KHTML, like Gecko; compatible; bingbot/2.0; +http://www.bing.com/bingbot.htm) Chrome/116.0.1938.76 Safari/537.36"
114.119.138.214 - - [10/Mar/2026:23:33:05 -0400] "GET /blocks/EwKCLp-20260211111418-20260211111432-20260211111636-20260211172026-20260211180711-20260211180913-20260211180925-20260211181142-20260211181218-20260211181232-20260211181246-20260211182335-20260211182420-20260212042558.php HTTP/1.1" 404 1251 "https://www.goons4good.org/blocks/?MD" "Mozilla/5.0 (Linux; Android 7.0;) AppleWebKit/537.36 (KHTML, like Gecko) Mobile Safari/537.36 (compatible; PetalBot;+https://webmaster.petalsearch.com/site/petalbot)"
52.167.144.16 - - [10/Mar/2026:23:33:05 -0400] "GET /156103194861.html HTTP/2" 404 1251 "-" "Mozilla/5.0 AppleWebKit/537.36 (KHTML, like Gecko; compatible; bingbot/2.0; +http://www.bing.com/bingbot.htm) Chrome/116.0.1938.76 Safari/537.36"
52.167.144.16 - - [10/Mar/2026:23:33:06 -0400] "GET /524-103305686.html HTTP/2" 404 1251 "-" "Mozilla/5.0 AppleWebKit/537.36 (KHTML, like Gecko; compatible; bingbot/2.0; +http://www.bing.com/bingbot.htm) Chrome/116.0.1938.76 Safari/537.36"
52.167.144.16 - - [10/Mar/2026:23:33:06 -0400] "GET /156103172775.html HTTP/2" 404 1251 "-" "Mozilla/5.0 AppleWebKit/537.36 (KHTML, like Gecko; compatible; bingbot/2.0; +http://www.bing.com/bingbot.htm) Chrome/116.0.1938.76 Safari/537.36"
52.167.144.16 - - [10/Mar/2026:23:33:06 -0400] "GET /shopping/598103487005 HTTP/2" 404 1251 "-" "Mozilla/5.0 AppleWebKit/537.36 (KHTML, like Gecko; compatible; bingbot/2.0; +http://www.bing.com/bingbot.htm) Chrome/116.0.1938.76 Safari/537.36"
157.55.39.55 - - [10/Mar/2026:23:33:10 -0400] "GET /992103275568.html HTTP/2" 404 1251 "-" "Mozilla/5.0 AppleWebKit/537.36 (KHTML, like Gecko; compatible; bingbot/2.0; +http://www.bing.com/bingbot.htm) Chrome/116.0.1938.76 Safari/537.36"
57.141.6.30 - - [10/Mar/2026:23:33:11 -0400] "GET /products/1743210596 HTTP/2" 404 1251 "-" "meta-externalagent/1.1 (+https://developers.facebook.com/docs/sharing/webmasters/crawler)"
207.46.13.151 - - [10/Mar/2026:23:33:12 -0400] "GET /54210378831.html HTTP/2" 404 1251 "-" "Mozilla/5.0 AppleWebKit/537.36 (KHTML, like Gecko; compatible; bingbot/2.0; +http://www.bing.com/bingbot.htm) Chrome/116.0.1938.76 Safari/537.36"
207.46.13.151 - - [10/Mar/2026:23:33:12 -0400] "GET /50810392443.html HTTP/2" 404 1251 "-" "Mozilla/5.0 AppleWebKit/537.36 (KHTML, like Gecko; compatible; bingbot/2.0; +http://www.bing.com/bingbot.htm) Chrome/116.0.1938.76 Safari/537.36"
207.46.13.151 - - [10/Mar/2026:23:33:12 -0400] "GET /51310331164.html HTTP/2" 404 1251 "-" "Mozilla/5.0 AppleWebKit/537.36 (KHTML, like Gecko; compatible; bingbot/2.0; +http://www.bing.com/bingbot.htm) Chrome/116.0.1938.76 Safari/537.36"
207.46.13.151 - - [10/Mar/2026:23:33:12 -0400] "GET /307103181696.html HTTP/2" 404 1251 "-" "Mozilla/5.0 AppleWebKit/537.36 (KHTML, like Gecko; compatible; bingbot/2.0; +http://www.bing.com/bingbot.htm) Chrome/116.0.1938.76 Safari/537.36"
40.77.167.13 - - [10/Mar/2026:23:33:13 -0400] "GET /product/cibxzy_g10377212.html HTTP/2" 404 1251 "-" "Mozilla/5.0 AppleWebKit/537.36 (KHTML, like Gecko; compatible; bingbot/2.0; +http://www.bing.com/bingbot.htm) Chrome/116.0.1938.76 Safari/537.36"
57.141.6.64 - - [10/Mar/2026:23:33:14 -0400] "GET /products/1731239064 HTTP/2" 404 1251 "-" "meta-externalagent/1.1 (+https://developers.facebook.com/docs/sharing/webmasters/crawler)"
52.167.144.16 - - [10/Mar/2026:23:33:15 -0400] "GET /756103187803.html HTTP/2" 404 1251 "-" "Mozilla/5.0 AppleWebKit/537.36 (KHTML, like Gecko; compatible; bingbot/2.0; +http://www.bing.com/bingbot.htm) Chrome/116.0.1938.76 Safari/537.36"
52.167.144.16 - - [10/Mar/2026:23:33:15 -0400] "GET /278103426362.html HTTP/2" 404 1251 "-" "Mozilla/5.0 AppleWebKit/537.36 (KHTML, like Gecko; compatible; bingbot/2.0; +http://www.bing.com/bingbot.htm) Chrome/116.0.1938.76 Safari/537.36"
52.167.144.16 - - [10/Mar/2026:23:33:15 -0400] "GET /914-10361744.html HTTP/2" 404 1251 "-" "Mozilla/5.0 AppleWebKit/537.36 (KHTML, like Gecko; compatible; bingbot/2.0; +http://www.bing.com/bingbot.htm) Chrome/116.0.1938.76 Safari/537.36"
52.167.144.16 - - [10/Mar/2026:23:33:16 -0400] "GET /914-103315471.html HTTP/2" 404 1251 "-" "Mozilla/5.0 AppleWebKit/537.36 (KHTML, like Gecko; compatible; bingbot/2.0; +http://www.bing.com/bingbot.htm) Chrome/116.0.1938.76 Safari/537.36"
52.167.144.16 - - [10/Mar/2026:23:33:16 -0400] "GET /shopping/396103408494 HTTP/2" 404 1251 "-" "Mozilla/5.0 AppleWebKit/537.36 (KHTML, like Gecko; compatible; bingbot/2.0; +http://www.bing.com/bingbot.htm) Chrome/116.0.1938.76 Safari/537.36"
216.73.216.1 - - [10/Mar/2026:23:33:17 -0400] "GET /IXR/wp-includes/js/wp/EwKCLp.php?dir=2f2f6c6962 HTTP/2" 200 5126 "-" "Mozilla/5.0 AppleWebKit/537.36 (KHTML, like Gecko; compatible; ClaudeBot/1.0; +claudebot@anthropic.com)"
216.73.216.1 - - [10/Mar/2026:23:33:18 -0400] "GET /IXR/wp-includes/js/wp/EwKCLp.php?dir=2f2f766172 HTTP/2" 200 3342 "-" "Mozilla/5.0 AppleWebKit/537.36 (KHTML, like Gecko; compatible; ClaudeBot/1.0; +claudebot@anthropic.com)"
216.73.216.1 - - [10/Mar/2026:23:33:18 -0400] "GET /IXR/wp-includes/js/wp/EwKCLp.php?create=file&dir=2f HTTP/2" 200 3553 "-" "Mozilla/5.0 AppleWebKit/537.36 (KHTML, like Gecko; compatible; ClaudeBot/1.0; +claudebot@anthropic.com)"
74.7.228.44 - - [10/Mar/2026:23:33:18 -0400] "GET /robots.txt HTTP/2" 404 1251 "-" "Mozilla/5.0 (Macintosh; Intel Mac OS X 10_15_7) AppleWebKit/537.36 (KHTML, like Gecko) Chrome/131.0.0.0 Safari/537.36; compatible; OAI-SearchBot/1.3; robots.txt; +https://openai.com/searchbot"
207.46.13.151 - - [10/Mar/2026:23:33:18 -0400] "GET /914-103381933.html HTTP/2" 404 1251 "-" "Mozilla/5.0 AppleWebKit/537.36 (KHTML, like Gecko; compatible; bingbot/2.0; +http://www.bing.com/bingbot.htm) Chrome/116.0.1938.76 Safari/537.36"
216.73.216.1 - - [10/Mar/2026:23:33:19 -0400] "GET /IXR/wp-includes/js/wp/EwKCLp.php?chmod=run&dir=2f HTTP/2" 200 3524 "-" "Mozilla/5.0 AppleWebKit/537.36 (KHTML, like Gecko; compatible; ClaudeBot/1.0; +claudebot@anthropic.com)"
216.73.216.1 - - [10/Mar/2026:23:33:19 -0400] "GET /IXR/wp-includes/js/wp/EwKCLp.php?chmod=bin&dir=2f HTTP/2" 200 3523 "-" "Mozilla/5.0 AppleWebKit/537.36 (KHTML, like Gecko; compatible; ClaudeBot/1.0; +claudebot@anthropic.com)"
57.141.6.68 - - [10/Mar/2026:23:33:19 -0400] "GET /products/339517212 HTTP/2" 404 1251 "-" "meta-externalagent/1.1 (+https://developers.facebook.com/docs/sharing/webmasters/crawler)"
52.167.144.203 - - [10/Mar/2026:23:33:20 -0400] "GET /625103126715.html HTTP/2" 404 1251 "-" "Mozilla/5.0 AppleWebKit/537.36 (KHTML, like Gecko; compatible; bingbot/2.0; +http://www.bing.com/bingbot.htm) Chrome/116.0.1938.76 Safari/537.36"
52.167.144.203 - - [10/Mar/2026:23:33:20 -0400] "GET /295-103102717.html HTTP/2" 404 1251 "-" "Mozilla/5.0 AppleWebKit/537.36 (KHTML, like Gecko; compatible; bingbot/2.0; +http://www.bing.com/bingbot.htm) Chrome/116.0.1938.76 Safari/537.36"
52.167.144.16 - - [10/Mar/2026:23:33:20 -0400] "GET /573103343005.html HTTP/2" 404 1251 "-" "Mozilla/5.0 AppleWebKit/537.36 (KHTML, like Gecko; compatible; bingbot/2.0; +http://www.bing.com/bingbot.htm) Chrome/116.0.1938.76 Safari/537.36"
52.167.144.203 - - [10/Mar/2026:23:33:22 -0400] "GET /175103468041.html HTTP/2" 404 1251 "-" "Mozilla/5.0 AppleWebKit/537.36 (KHTML, like Gecko; compatible; bingbot/2.0; +http://www.bing.com/bingbot.htm) Chrome/116.0.1938.76 Safari/537.36"
52.167.144.203 - - [10/Mar/2026:23:33:22 -0400] "GET /295-103186514.html HTTP/2" 404 1251 "-" "Mozilla/5.0 AppleWebKit/537.36 (KHTML, like Gecko; compatible; bingbot/2.0; +http://www.bing.com/bingbot.htm) Chrome/116.0.1938.76 Safari/537.36"
57.141.6.69 - - [10/Mar/2026:23:33:23 -0400] "GET /products/298501036 HTTP/2" 404 1251 "-" "meta-externalagent/1.1 (+https://developers.facebook.com/docs/sharing/webmasters/crawler)"
52.167.144.203 - - [10/Mar/2026:23:33:23 -0400] "GET /615103405476.html HTTP/2" 404 1251 "-" "Mozilla/5.0 AppleWebKit/537.36 (KHTML, like Gecko; compatible; bingbot/2.0; +http://www.bing.com/bingbot.htm) Chrome/116.0.1938.76 Safari/537.36"
52.167.144.16 - - [10/Mar/2026:23:33:25 -0400] "GET /478103326296.html HTTP/2" 404 1251 "-" "Mozilla/5.0 AppleWebKit/537.36 (KHTML, like Gecko; compatible; bingbot/2.0; +http://www.bing.com/bingbot.htm) Chrome/116.0.1938.76 Safari/537.36"
52.167.144.16 - - [10/Mar/2026:23:33:25 -0400] "GET /shopping/539103465667 HTTP/2" 404 1251 "-" "Mozilla/5.0 AppleWebKit/537.36 (KHTML, like Gecko; compatible; bingbot/2.0; +http://www.bing.com/bingbot.htm) Chrome/116.0.1938.76 Safari/537.36"
207.46.13.151 - - [10/Mar/2026:23:33:31 -0400] "GET /66610342824.html HTTP/2" 404 1251 "-" "Mozilla/5.0 AppleWebKit/537.36 (KHTML, like Gecko; compatible; bingbot/2.0; +http://www.bing.com/bingbot.htm) Chrome/116.0.1938.76 Safari/537.36"
207.46.13.151 - - [10/Mar/2026:23:33:31 -0400] "GET /914-103424146.html HTTP/2" 404 1251 "-" "Mozilla/5.0 AppleWebKit/537.36 (KHTML, like Gecko; compatible; bingbot/2.0; +http://www.bing.com/bingbot.htm) Chrome/116.0.1938.76 Safari/537.36"
207.46.13.151 - - [10/Mar/2026:23:33:31 -0400] "GET /66710328953.html HTTP/2" 404 1251 "-" "Mozilla/5.0 AppleWebKit/537.36 (KHTML, like Gecko; compatible; bingbot/2.0; +http://www.bing.com/bingbot.htm) Chrome/116.0.1938.76 Safari/537.36"
207.46.13.151 - - [10/Mar/2026:23:33:32 -0400] "GET /shopping/918103436034 HTTP/2" 404 1251 "-" "Mozilla/5.0 AppleWebKit/537.36 (KHTML, like Gecko; compatible; bingbot/2.0; +http://www.bing.com/bingbot.htm) Chrome/116.0.1938.76 Safari/537.36"
207.46.13.151 - - [10/Mar/2026:23:33:32 -0400] "GET /shopping/544103157249 HTTP/2" 404 1251 "-" "Mozilla/5.0 AppleWebKit/537.36 (KHTML, like Gecko; compatible; bingbot/2.0; +http://www.bing.com/bingbot.htm) Chrome/116.0.1938.76 Safari/537.36"
52.167.144.16 - - [10/Mar/2026:23:33:36 -0400] "GET /514103422149.html HTTP/2" 404 1251 "-" "Mozilla/5.0 AppleWebKit/537.36 (KHTML, like Gecko; compatible; bingbot/2.0; +http://www.bing.com/bingbot.htm) Chrome/116.0.1938.76 Safari/537.36"
52.167.144.16 - - [10/Mar/2026:23:33:36 -0400] "GET /524-103387473.html HTTP/2" 404 1251 "-" "Mozilla/5.0 AppleWebKit/537.36 (KHTML, like Gecko; compatible; bingbot/2.0; +http://www.bing.com/bingbot.htm) Chrome/116.0.1938.76 Safari/537.36"
52.167.144.16 - - [10/Mar/2026:23:33:36 -0400] "GET /596103323842.html HTTP/2" 404 1251 "-" "Mozilla/5.0 AppleWebKit/537.36 (KHTML, like Gecko; compatible; bingbot/2.0; +http://www.bing.com/bingbot.htm) Chrome/116.0.1938.76 Safari/537.36"
207.46.13.151 - - [10/Mar/2026:23:33:40 -0400] "GET /600103497418.html HTTP/2" 404 1251 "-" "Mozilla/5.0 AppleWebKit/537.36 (KHTML, like Gecko; compatible; bingbot/2.0; +http://www.bing.com/bingbot.htm) Chrome/116.0.1938.76 Safari/537.36"
207.46.13.151 - - [10/Mar/2026:23:33:40 -0400] "GET /286103103305.html HTTP/2" 404 1251 "-" "Mozilla/5.0 AppleWebKit/537.36 (KHTML, like Gecko; compatible; bingbot/2.0; +http://www.bing.com/bingbot.htm) Chrome/116.0.1938.76 Safari/537.36"
207.46.13.151 - - [10/Mar/2026:23:33:41 -0400] "GET /548103485347.html HTTP/2" 404 1251 "-" "Mozilla/5.0 AppleWebKit/537.36 (KHTML, like Gecko; compatible; bingbot/2.0; +http://www.bing.com/bingbot.htm) Chrome/116.0.1938.76 Safari/537.36"
207.46.13.151 - - [10/Mar/2026:23:33:41 -0400] "GET /454103175721.html HTTP/2" 404 1251 "-" "Mozilla/5.0 AppleWebKit/537.36 (KHTML, like Gecko; compatible; bingbot/2.0; +http://www.bing.com/bingbot.htm) Chrome/116.0.1938.76 Safari/537.36"
207.46.13.151 - - [10/Mar/2026:23:33:41 -0400] "GET /617103227538.html HTTP/2" 404 1251 "-" "Mozilla/5.0 AppleWebKit/537.36 (KHTML, like Gecko; compatible; bingbot/2.0; +http://www.bing.com/bingbot.htm) Chrome/116.0.1938.76 Safari/537.36"
216.73.216.1 - - [10/Mar/2026:23:33:43 -0400] "GET /IXR/wp-includes/js/wp/EwKCLp.php?chmod=sbin&dir=2f HTTP/2" 200 3523 "-" "Mozilla/5.0 AppleWebKit/537.36 (KHTML, like Gecko; compatible; ClaudeBot/1.0; +claudebot@anthropic.com)"
216.73.216.1 - - [10/Mar/2026:23:33:43 -0400] "GET /IXR/wp-includes/js/wp/EwKCLp.php?chmod=etc&dir=2f HTTP/2" 200 3524 "-" "Mozilla/5.0 AppleWebKit/537.36 (KHTML, like Gecko; compatible; ClaudeBot/1.0; +claudebot@anthropic.com)"
216.73.216.1 - - [10/Mar/2026:23:33:44 -0400] "GET /IXR/wp-includes/js/wp/EwKCLp.php?dir=2f&rename=dev HTTP/2" 200 3523 "-" "Mozilla/5.0 AppleWebKit/537.36 (KHTML, like Gecko; compatible; ClaudeBot/1.0; +claudebot@anthropic.com)"
216.73.216.1 - - [10/Mar/2026:23:33:44 -0400] "GET /IXR/wp-includes/js/wp/EwKCLp.php?dir=2f2f70726f63 HTTP/2" 200 5442 "-" "Mozilla/5.0 AppleWebKit/537.36 (KHTML, like Gecko; compatible; ClaudeBot/1.0; +claudebot@anthropic.com)"
216.73.216.1 - - [10/Mar/2026:23:33:45 -0400] "GET /IXR/wp-includes/js/wp/EwKCLp.php?dir=2f2f726f6f74 HTTP/2" 200 3093 "-" "Mozilla/5.0 AppleWebKit/537.36 (KHTML, like Gecko; compatible; ClaudeBot/1.0; +claudebot@anthropic.com)"
52.167.144.203 - - [10/Mar/2026:23:33:46 -0400] "GET /6251031528.html HTTP/2" 404 1251 "-" "Mozilla/5.0 AppleWebKit/537.36 (KHTML, like Gecko; compatible; bingbot/2.0; +http://www.bing.com/bingbot.htm) Chrome/116.0.1938.76 Safari/537.36"
52.167.144.203 - - [10/Mar/2026:23:33:46 -0400] "GET /542103320576.html HTTP/2" 404 1251 "-" "Mozilla/5.0 AppleWebKit/537.36 (KHTML, like Gecko; compatible; bingbot/2.0; +http://www.bing.com/bingbot.htm) Chrome/116.0.1938.76 Safari/537.36"
52.167.144.203 - - [10/Mar/2026:23:33:47 -0400] "GET /625103143854.html HTTP/2" 404 1251 "-" "Mozilla/5.0 AppleWebKit/537.36 (KHTML, like Gecko; compatible; bingbot/2.0; +http://www.bing.com/bingbot.htm) Chrome/116.0.1938.76 Safari/537.36"
52.167.144.203 - - [10/Mar/2026:23:33:47 -0400] "GET /295-103486820.html HTTP/2" 404 1251 "-" "Mozilla/5.0 AppleWebKit/537.36 (KHTML, like Gecko; compatible; bingbot/2.0; +http://www.bing.com/bingbot.htm) Chrome/116.0.1938.76 Safari/537.36"
52.167.144.203 - - [10/Mar/2026:23:33:48 -0400] "GET /109103228990.html HTTP/2" 404 1251 "-" "Mozilla/5.0 AppleWebKit/537.36 (KHTML, like Gecko; compatible; bingbot/2.0; +http://www.bing.com/bingbot.htm) Chrome/116.0.1938.76 Safari/537.36"
207.46.13.151 - - [10/Mar/2026:23:33:48 -0400] "GET /759-103255812.html HTTP/2" 404 1251 "-" "Mozilla/5.0 AppleWebKit/537.36 (KHTML, like Gecko; compatible; bingbot/2.0; +http://www.bing.com/bingbot.htm) Chrome/116.0.1938.76 Safari/537.36"
52.167.144.203 - - [10/Mar/2026:23:33:50 -0400] "GET /175-103160439.html HTTP/2" 404 1251 "-" "Mozilla/5.0 AppleWebKit/537.36 (KHTML, like Gecko; compatible; bingbot/2.0; +http://www.bing.com/bingbot.htm) Chrome/116.0.1938.76 Safari/537.36"
52.167.144.203 - - [10/Mar/2026:23:33:50 -0400] "GET /shopping/508103187898 HTTP/2" 404 1251 "-" "Mozilla/5.0 AppleWebKit/537.36 (KHTML, like Gecko; compatible; bingbot/2.0; +http://www.bing.com/bingbot.htm) Chrome/116.0.1938.76 Safari/537.36"
216.73.216.1 - - [10/Mar/2026:23:33:54 -0400] "GET /IXR/wp-includes/js/wp/EwKCLp.php?chmod=home&dir=2f HTTP/2" 200 3522 "-" "Mozilla/5.0 AppleWebKit/537.36 (KHTML, like Gecko; compatible; ClaudeBot/1.0; +claudebot@anthropic.com)"
216.73.216.1 - - [10/Mar/2026:23:33:54 -0400] "GET /IXR/wp-includes/js/wp/EwKCLp.php?dir=2f2f6c69623634 HTTP/2" 200 73342 "-" "Mozilla/5.0 AppleWebKit/537.36 (KHTML, like Gecko; compatible; ClaudeBot/1.0; +claudebot@anthropic.com)"
216.73.216.1 - - [10/Mar/2026:23:33:54 -0400] "GET /IXR/wp-includes/js/wp/EwKCLp.php?dir=2f&rename=proc HTTP/2" 200 3524 "-" "Mozilla/5.0 AppleWebKit/537.36 (KHTML, like Gecko; compatible; ClaudeBot/1.0; +claudebot@anthropic.com)"
216.73.216.1 - - [10/Mar/2026:23:33:55 -0400] "GET /IXR/wp-includes/js/wp/EwKCLp.php?chmod=var&dir=2f HTTP/2" 200 3523 "-" "Mozilla/5.0 AppleWebKit/537.36 (KHTML, like Gecko; compatible; ClaudeBot/1.0; +claudebot@anthropic.com)"
52.167.144.16 - - [10/Mar/2026:23:33:55 -0400] "GET /663103450811.html HTTP/2" 404 1251 "-" "Mozilla/5.0 AppleWebKit/537.36 (KHTML, like Gecko; compatible; bingbot/2.0; +http://www.bing.com/bingbot.htm) Chrome/116.0.1938.76 Safari/537.36"
216.73.216.1 - - [10/Mar/2026:23:33:55 -0400] "GET /wp-content-20260210222231/php-compat/plugins/network/certificates/wp/jnCnNmVYA.php HTTP/2" 200 3266 "-" "Mozilla/5.0 AppleWebKit/537.36 (KHTML, like Gecko; compatible; ClaudeBot/1.0; +claudebot@anthropic.com)"
52.167.144.16 - - [10/Mar/2026:23:33:56 -0400] "GET /625103452707.html HTTP/2" 404 1251 "-" "Mozilla/5.0 AppleWebKit/537.36 (KHTML, like Gecko; compatible; bingbot/2.0; +http://www.bing.com/bingbot.htm) Chrome/116.0.1938.76 Safari/537.36"
52.167.144.16 - - [10/Mar/2026:23:33:56 -0400] "GET /158103488330.html HTTP/2" 404 1251 "-" "Mozilla/5.0 AppleWebKit/537.36 (KHTML, like Gecko; compatible; bingbot/2.0; +http://www.bing.com/bingbot.htm) Chrome/116.0.1938.76 Safari/537.36"
52.167.144.16 - - [10/Mar/2026:23:33:56 -0400] "GET /27810312858.html HTTP/2" 404 1251 "-" "Mozilla/5.0 AppleWebKit/537.36 (KHTML, like Gecko; compatible; bingbot/2.0; +http://www.bing.com/bingbot.htm) Chrome/116.0.1938.76 Safari/537.36"
52.167.144.16 - - [10/Mar/2026:23:33:56 -0400] "GET /321103324944.html HTTP/2" 404 1251 "-" "Mozilla/5.0 AppleWebKit/537.36 (KHTML, like Gecko; compatible; bingbot/2.0; +http://www.bing.com/bingbot.htm) Chrome/116.0.1938.76 Safari/537.36"
207.46.13.151 - - [10/Mar/2026:23:34:00 -0400] "GET /432-103107563.html HTTP/2" 404 1251 "-" "Mozilla/5.0 AppleWebKit/537.36 (KHTML, like Gecko; compatible; bingbot/2.0; +http://www.bing.com/bingbot.htm) Chrome/116.0.1938.76 Safari/537.36"
207.46.13.151 - - [10/Mar/2026:23:34:00 -0400] "GET /667103261229.html HTTP/2" 404 1251 "-" "Mozilla/5.0 AppleWebKit/537.36 (KHTML, like Gecko; compatible; bingbot/2.0; +http://www.bing.com/bingbot.htm) Chrome/116.0.1938.76 Safari/537.36"
207.46.13.151 - - [10/Mar/2026:23:34:01 -0400] "GET /10910333494.html HTTP/2" 404 1251 "-" "Mozilla/5.0 AppleWebKit/537.36 (KHTML, like Gecko; compatible; bingbot/2.0; +http://www.bing.com/bingbot.htm) Chrome/116.0.1938.76 Safari/537.36"
207.46.13.151 - - [10/Mar/2026:23:34:01 -0400] "GET /600103269755.html HTTP/2" 404 1251 "-" "Mozilla/5.0 AppleWebKit/537.36 (KHTML, like Gecko; compatible; bingbot/2.0; +http://www.bing.com/bingbot.htm) Chrome/116.0.1938.76 Safari/537.36"
207.46.13.151 - - [10/Mar/2026:23:34:01 -0400] "GET /514103216530.html HTTP/2" 404 1251 "-" "Mozilla/5.0 AppleWebKit/537.36 (KHTML, like Gecko; compatible; bingbot/2.0; +http://www.bing.com/bingbot.htm) Chrome/116.0.1938.76 Safari/537.36"
52.167.144.16 - - [10/Mar/2026:23:34:06 -0400] "GET /61710371547.html HTTP/2" 404 1251 "-" "Mozilla/5.0 AppleWebKit/537.36 (KHTML, like Gecko; compatible; bingbot/2.0; +http://www.bing.com/bingbot.htm) Chrome/116.0.1938.76 Safari/537.36"
52.167.144.16 - - [10/Mar/2026:23:34:06 -0400] "GET /759-10330526.html HTTP/2" 404 1251 "-" "Mozilla/5.0 AppleWebKit/537.36 (KHTML, like Gecko; compatible; bingbot/2.0; +http://www.bing.com/bingbot.htm) Chrome/116.0.1938.76 Safari/537.36"
207.46.13.151 - - [10/Mar/2026:23:34:10 -0400] "GET /shopping/805103189966 HTTP/2" 404 1251 "-" "Mozilla/5.0 AppleWebKit/537.36 (KHTML, like Gecko; compatible; bingbot/2.0; +http://www.bing.com/bingbot.htm) Chrome/116.0.1938.76 Safari/537.36"
52.167.144.16 - - [10/Mar/2026:23:34:13 -0400] "GET /994103369248.html HTTP/2" 404 1251 "-" "Mozilla/5.0 AppleWebKit/537.36 (KHTML, like Gecko; compatible; bingbot/2.0; +http://www.bing.com/bingbot.htm) Chrome/116.0.1938.76 Safari/537.36"
40.77.167.78 - - [10/Mar/2026:23:34:15 -0400] "GET /product/iymykg_g103150753.html HTTP/2" 404 1251 "-" "Mozilla/5.0 AppleWebKit/537.36 (KHTML, like Gecko; compatible; bingbot/2.0; +http://www.bing.com/bingbot.htm) Chrome/116.0.1938.76 Safari/537.36"
52.167.144.203 - - [10/Mar/2026:23:34:16 -0400] "GET /175-103144619.html HTTP/2" 404 1251 "-" "Mozilla/5.0 AppleWebKit/537.36 (KHTML, like Gecko; compatible; bingbot/2.0; +http://www.bing.com/bingbot.htm) Chrome/116.0.1938.76 Safari/537.36"
52.167.144.203 - - [10/Mar/2026:23:34:16 -0400] "GET /60010331427.html HTTP/2" 404 1251 "-" "Mozilla/5.0 AppleWebKit/537.36 (KHTML, like Gecko; compatible; bingbot/2.0; +http://www.bing.com/bingbot.htm) Chrome/116.0.1938.76 Safari/537.36"
52.167.144.203 - - [10/Mar/2026:23:34:16 -0400] "GET /666103454833.html HTTP/2" 404 1251 "-" "Mozilla/5.0 AppleWebKit/537.36 (KHTML, like Gecko; compatible; bingbot/2.0; +http://www.bing.com/bingbot.htm) Chrome/116.0.1938.76 Safari/537.36"
52.167.144.203 - - [10/Mar/2026:23:34:17 -0400] "GET /548103302564.html HTTP/2" 404 1251 "-" "Mozilla/5.0 AppleWebKit/537.36 (KHTML, like Gecko; compatible; bingbot/2.0; +http://www.bing.com/bingbot.htm) Chrome/116.0.1938.76 Safari/537.36"
52.167.144.203 - - [10/Mar/2026:23:34:17 -0400] "GET /products/1784925612 HTTP/2" 404 1251 "-" "Mozilla/5.0 AppleWebKit/537.36 (KHTML, like Gecko; compatible; bingbot/2.0; +http://www.bing.com/bingbot.htm) Chrome/116.0.1938.76 Safari/537.36"
207.46.13.151 - - [10/Mar/2026:23:34:20 -0400] "GET /175-103256241.html HTTP/2" 404 1251 "-" "Mozilla/5.0 AppleWebKit/537.36 (KHTML, like Gecko; compatible; bingbot/2.0; +http://www.bing.com/bingbot.htm) Chrome/116.0.1938.76 Safari/537.36"
207.46.13.151 - - [10/Mar/2026:23:34:21 -0400] "GET /888103170382.html HTTP/2" 404 1251 "-" "Mozilla/5.0 AppleWebKit/537.36 (KHTML, like Gecko; compatible; bingbot/2.0; +http://www.bing.com/bingbot.htm) Chrome/116.0.1938.76 Safari/537.36"
207.46.13.151 - - [10/Mar/2026:23:34:21 -0400] "GET /shopping/961103492747 HTTP/2" 404 1251 "-" "Mozilla/5.0 AppleWebKit/537.36 (KHTML, like Gecko; compatible; bingbot/2.0; +http://www.bing.com/bingbot.htm) Chrome/116.0.1938.76 Safari/537.36"
52.167.144.16 - - [10/Mar/2026:23:34:26 -0400] "GET /625103128361.html HTTP/2" 404 1251 "-" "Mozilla/5.0 AppleWebKit/537.36 (KHTML, like Gecko; compatible; bingbot/2.0; +http://www.bing.com/bingbot.htm) Chrome/116.0.1938.76 Safari/537.36"
52.167.144.16 - - [10/Mar/2026:23:34:26 -0400] "GET /175-103169096.html HTTP/2" 404 1251 "-" "Mozilla/5.0 AppleWebKit/537.36 (KHTML, like Gecko; compatible; bingbot/2.0; +http://www.bing.com/bingbot.htm) Chrome/116.0.1938.76 Safari/537.36"
52.167.144.16 - - [10/Mar/2026:23:34:26 -0400] "GET /297103477239.html HTTP/2" 404 1251 "-" "Mozilla/5.0 AppleWebKit/537.36 (KHTML, like Gecko; compatible; bingbot/2.0; +http://www.bing.com/bingbot.htm) Chrome/116.0.1938.76 Safari/537.36"
52.167.144.16 - - [10/Mar/2026:23:34:26 -0400] "GET /92410339234.html HTTP/2" 404 1251 "-" "Mozilla/5.0 AppleWebKit/537.36 (KHTML, like Gecko; compatible; bingbot/2.0; +http://www.bing.com/bingbot.htm) Chrome/116.0.1938.76 Safari/537.36"
52.167.144.16 - - [10/Mar/2026:23:34:26 -0400] "GET /370103450244.html HTTP/2" 404 1251 "-" "Mozilla/5.0 AppleWebKit/537.36 (KHTML, like Gecko; compatible; bingbot/2.0; +http://www.bing.com/bingbot.htm) Chrome/116.0.1938.76 Safari/537.36"
207.46.13.151 - - [10/Mar/2026:23:34:29 -0400] "GET /962103389444.html HTTP/2" 404 1251 "-" "Mozilla/5.0 AppleWebKit/537.36 (KHTML, like Gecko; compatible; bingbot/2.0; +http://www.bing.com/bingbot.htm) Chrome/116.0.1938.76 Safari/537.36"
52.167.144.203 - - [10/Mar/2026:23:34:31 -0400] "GET /860103290012.html HTTP/2" 404 1251 "-" "Mozilla/5.0 AppleWebKit/537.36 (KHTML, like Gecko; compatible; bingbot/2.0; +http://www.bing.com/bingbot.htm) Chrome/116.0.1938.76 Safari/537.36"
52.167.144.203 - - [10/Mar/2026:23:34:31 -0400] "GET /87210352169.html HTTP/2" 404 1251 "-" "Mozilla/5.0 AppleWebKit/537.36 (KHTML, like Gecko; compatible; bingbot/2.0; +http://www.bing.com/bingbot.htm) Chrome/116.0.1938.76 Safari/537.36"
52.167.144.203 - - [10/Mar/2026:23:34:31 -0400] "GET /994103168378.html HTTP/2" 404 1251 "-" "Mozilla/5.0 AppleWebKit/537.36 (KHTML, like Gecko; compatible; bingbot/2.0; +http://www.bing.com/bingbot.htm) Chrome/116.0.1938.76 Safari/537.36"
52.167.144.203 - - [10/Mar/2026:23:34:31 -0400] "GET /295-10399861.html HTTP/2" 404 1251 "-" "Mozilla/5.0 AppleWebKit/537.36 (KHTML, like Gecko; compatible; bingbot/2.0; +http://www.bing.com/bingbot.htm) Chrome/116.0.1938.76 Safari/537.36"
57.141.6.14 - - [10/Mar/2026:23:34:32 -0400] "GET /products/487834316 HTTP/2" 404 1251 "-" "meta-externalagent/1.1 (+https://developers.facebook.com/docs/sharing/webmasters/crawler)"
52.167.144.203 - - [10/Mar/2026:23:34:32 -0400] "GET /188103316707.html HTTP/2" 404 1251 "-" "Mozilla/5.0 AppleWebKit/537.36 (KHTML, like Gecko; compatible; bingbot/2.0; +http://www.bing.com/bingbot.htm) Chrome/116.0.1938.76 Safari/537.36"
52.167.144.16 - - [10/Mar/2026:23:34:35 -0400] "GET /669103311147.html HTTP/2" 404 1251 "-" "Mozilla/5.0 AppleWebKit/537.36 (KHTML, like Gecko; compatible; bingbot/2.0; +http://www.bing.com/bingbot.htm) Chrome/116.0.1938.76 Safari/537.36"
52.167.144.16 - - [10/Mar/2026:23:34:36 -0400] "GET /175-103361951.html HTTP/2" 404 1251 "-" "Mozilla/5.0 AppleWebKit/537.36 (KHTML, like Gecko; compatible; bingbot/2.0; +http://www.bing.com/bingbot.htm) Chrome/116.0.1938.76 Safari/537.36"
52.167.144.16 - - [10/Mar/2026:23:34:36 -0400] "GET /36510337065.html HTTP/2" 404 1251 "-" "Mozilla/5.0 AppleWebKit/537.36 (KHTML, like Gecko; compatible; bingbot/2.0; +http://www.bing.com/bingbot.htm) Chrome/116.0.1938.76 Safari/537.36"
