74.7.227.180 - - [10/Mar/2026:22:34:16 -0400] "GET /IXR/wp-includes/js/wp/EwKCLp.php?chmod=Guess.php&dir=2f6f70742f616c742f70687038332f7573722f73686172652f706561722f4f53 HTTP/2" 200 3114 "https://mail.goons4good.org/IXR/wp-includes/js/wp/EwKCLp.php?dir=2f6f70742f616c742f70687038332f7573722f73686172652f706561722f4f53" "Mozilla/5.0 AppleWebKit/537.36 (KHTML, like Gecko; compatible; GPTBot/1.3; +https://openai.com/gptbot)"
52.167.144.182 - - [10/Mar/2026:22:34:17 -0400] "GET /622103248755.html HTTP/2" 404 1251 "-" "Mozilla/5.0 AppleWebKit/537.36 (KHTML, like Gecko; compatible; bingbot/2.0; +http://www.bing.com/bingbot.htm) Chrome/116.0.1938.76 Safari/537.36"
74.7.227.180 - - [10/Mar/2026:22:34:17 -0400] "GET /IXR/wp-includes/js/wp/EwKCLp.php?dir=2f6f70742f616c742f70687038332f7573722f73686172652f706561722f50454152&rename=REST.php HTTP/2" 200 4511 "https://mail.goons4good.org/IXR/wp-includes/js/wp/EwKCLp.php?dir=2f6f70742f616c742f70687038332f7573722f73686172652f706561722f50454152" "Mozilla/5.0 AppleWebKit/537.36 (KHTML, like Gecko; compatible; GPTBot/1.3; +https://openai.com/gptbot)"
40.77.167.41 - - [10/Mar/2026:22:34:17 -0400] "GET /156103293739.html HTTP/2" 404 1251 "-" "Mozilla/5.0 AppleWebKit/537.36 (KHTML, like Gecko; compatible; bingbot/2.0; +http://www.bing.com/bingbot.htm) Chrome/116.0.1938.76 Safari/537.36"
40.77.167.41 - - [10/Mar/2026:22:34:18 -0400] "GET /66210388226.html HTTP/2" 404 1251 "-" "Mozilla/5.0 AppleWebKit/537.36 (KHTML, like Gecko; compatible; bingbot/2.0; +http://www.bing.com/bingbot.htm) Chrome/116.0.1938.76 Safari/537.36"
74.7.227.180 - - [10/Mar/2026:22:34:20 -0400] "GET /IXR/wp-includes/js/wp/EwKCLp.php?chmod=RPC.php&dir=2f6f70742f616c742f70687038332f7573722f73686172652f706561722f584d4c HTTP/2" 200 3249 "https://mail.goons4good.org/IXR/wp-includes/js/wp/EwKCLp.php?dir=2f6f70742f616c742f70687038332f7573722f73686172652f706561722f584d4c" "Mozilla/5.0 AppleWebKit/537.36 (KHTML, like Gecko; compatible; GPTBot/1.3; +https://openai.com/gptbot)"
157.55.39.58 - - [10/Mar/2026:22:34:20 -0400] "GET /454103475111.html HTTP/2" 404 1251 "-" "Mozilla/5.0 AppleWebKit/537.36 (KHTML, like Gecko; compatible; bingbot/2.0; +http://www.bing.com/bingbot.htm) Chrome/116.0.1938.76 Safari/537.36"
40.77.167.41 - - [10/Mar/2026:22:34:20 -0400] "GET /175-10390398.html HTTP/2" 404 1251 "-" "Mozilla/5.0 AppleWebKit/537.36 (KHTML, like Gecko; compatible; bingbot/2.0; +http://www.bing.com/bingbot.htm) Chrome/116.0.1938.76 Safari/537.36"
157.55.39.58 - - [10/Mar/2026:22:34:20 -0400] "GET /896103283941.html HTTP/2" 404 1251 "-" "Mozilla/5.0 AppleWebKit/537.36 (KHTML, like Gecko; compatible; bingbot/2.0; +http://www.bing.com/bingbot.htm) Chrome/116.0.1938.76 Safari/537.36"
157.55.39.58 - - [10/Mar/2026:22:34:20 -0400] "GET /914-103473665.html HTTP/2" 404 1251 "-" "Mozilla/5.0 AppleWebKit/537.36 (KHTML, like Gecko; compatible; bingbot/2.0; +http://www.bing.com/bingbot.htm) Chrome/116.0.1938.76 Safari/537.36"
157.55.39.58 - - [10/Mar/2026:22:34:20 -0400] "GET /175-103127040.html HTTP/2" 404 1251 "-" "Mozilla/5.0 AppleWebKit/537.36 (KHTML, like Gecko; compatible; bingbot/2.0; +http://www.bing.com/bingbot.htm) Chrome/116.0.1938.76 Safari/537.36"
157.55.39.58 - - [10/Mar/2026:22:34:21 -0400] "GET /667103444529.html HTTP/2" 404 1251 "-" "Mozilla/5.0 AppleWebKit/537.36 (KHTML, like Gecko; compatible; bingbot/2.0; +http://www.bing.com/bingbot.htm) Chrome/116.0.1938.76 Safari/537.36"
74.7.227.180 - - [10/Mar/2026:22:34:21 -0400] "GET /IXR/wp-includes/js/wp/EwKCLp.php?chmod=man1&dir=2f6f70742f616c742f70687038332f7573722f73686172652f6d616e HTTP/2" 200 3104 "https://mail.goons4good.org/IXR/wp-includes/js/wp/EwKCLp.php?dir=2f6f70742f616c742f70687038332f7573722f73686172652f6d616e" "Mozilla/5.0 AppleWebKit/537.36 (KHTML, like Gecko; compatible; GPTBot/1.3; +https://openai.com/gptbot)"
74.7.227.180 - - [10/Mar/2026:22:34:23 -0400] "GET /IXR/wp-includes/js/wp/EwKCLp.php?dir=2f6f70742f616c742f70687038332f7573722f73686172652f6d616e&rename=man1 HTTP/2" 200 3107 "https://mail.goons4good.org/IXR/wp-includes/js/wp/EwKCLp.php?dir=2f6f70742f616c742f70687038332f7573722f73686172652f6d616e" "Mozilla/5.0 AppleWebKit/537.36 (KHTML, like Gecko; compatible; GPTBot/1.3; +https://openai.com/gptbot)"
74.7.227.180 - - [10/Mar/2026:22:34:24 -0400] "GET /IXR/wp-includes/js/wp/EwKCLp.php?create=file&dir=2f6f70742f616c742f70687038332f7573722f73686172652f646f63 HTTP/2" 200 3261 "https://mail.goons4good.org/IXR/wp-includes/js/wp/EwKCLp.php?dir=2f6f70742f616c742f70687038332f7573722f73686172652f646f63" "Mozilla/5.0 AppleWebKit/537.36 (KHTML, like Gecko; compatible; GPTBot/1.3; +https://openai.com/gptbot)"
40.77.167.55 - - [10/Mar/2026:22:34:24 -0400] "GET /product/gklpjm_g10397694.html HTTP/2" 404 1251 "-" "Mozilla/5.0 AppleWebKit/537.36 (KHTML, like Gecko; compatible; bingbot/2.0; +http://www.bing.com/bingbot.htm) Chrome/116.0.1938.76 Safari/537.36"
40.77.167.55 - - [10/Mar/2026:22:34:24 -0400] "GET /product/gklpjm_g103156963.html HTTP/2" 404 1251 "-" "Mozilla/5.0 AppleWebKit/537.36 (KHTML, like Gecko; compatible; bingbot/2.0; +http://www.bing.com/bingbot.htm) Chrome/116.0.1938.76 Safari/537.36"
66.249.69.97 - - [10/Mar/2026:22:34:24 -0400] "GET /shopping/45410363805 HTTP/1.1" 404 1251 "-" "Mozilla/5.0 (Linux; Android 6.0.1; Nexus 5X Build/MMB29P) AppleWebKit/537.36 (KHTML, like Gecko) Chrome/145.0.7632.116 Mobile Safari/537.36 (compatible; Googlebot/2.1; +http://www.google.com/bot.html)"
74.7.227.180 - - [10/Mar/2026:22:34:25 -0400] "GET /IXR/wp-includes/js/wp/EwKCLp.php?action=root-terminal&dir=2f6f70742f616c742f70687038332f7573722f73686172652f66706d HTTP/2" 200 3123 "https://mail.goons4good.org/IXR/wp-includes/js/wp/EwKCLp.php?dir=2f6f70742f616c742f70687038332f7573722f73686172652f66706d" "Mozilla/5.0 AppleWebKit/537.36 (KHTML, like Gecko; compatible; GPTBot/1.3; +https://openai.com/gptbot)"
74.7.227.180 - - [10/Mar/2026:22:34:25 -0400] "GET /IXR/wp-includes/js/wp/EwKCLp.php?chmod=pear&dir=2f6f70742f616c742f70687038332f7573722f73686172652f646f63 HTTP/2" 200 3258 "https://mail.goons4good.org/IXR/wp-includes/js/wp/EwKCLp.php?dir=2f6f70742f616c742f70687038332f7573722f73686172652f646f63" "Mozilla/5.0 AppleWebKit/537.36 (KHTML, like Gecko; compatible; GPTBot/1.3; +https://openai.com/gptbot)"
52.167.144.182 - - [10/Mar/2026:22:34:25 -0400] "GET /141103190799.html HTTP/2" 404 1251 "-" "Mozilla/5.0 AppleWebKit/537.36 (KHTML, like Gecko; compatible; bingbot/2.0; +http://www.bing.com/bingbot.htm) Chrome/116.0.1938.76 Safari/537.36"
52.167.144.182 - - [10/Mar/2026:22:34:25 -0400] "GET /983103222651.html HTTP/2" 404 1251 "-" "Mozilla/5.0 AppleWebKit/537.36 (KHTML, like Gecko; compatible; bingbot/2.0; +http://www.bing.com/bingbot.htm) Chrome/116.0.1938.76 Safari/537.36"
52.167.144.182 - - [10/Mar/2026:22:34:25 -0400] "GET /840103197924.html HTTP/2" 404 1251 "-" "Mozilla/5.0 AppleWebKit/537.36 (KHTML, like Gecko; compatible; bingbot/2.0; +http://www.bing.com/bingbot.htm) Chrome/116.0.1938.76 Safari/537.36"
52.167.144.182 - - [10/Mar/2026:22:34:26 -0400] "GET /914-103423611.html HTTP/2" 404 1251 "-" "Mozilla/5.0 AppleWebKit/537.36 (KHTML, like Gecko; compatible; bingbot/2.0; +http://www.bing.com/bingbot.htm) Chrome/116.0.1938.76 Safari/537.36"
52.167.144.182 - - [10/Mar/2026:22:34:26 -0400] "GET /shopping/621103336458 HTTP/2" 404 1251 "-" "Mozilla/5.0 AppleWebKit/537.36 (KHTML, like Gecko; compatible; bingbot/2.0; +http://www.bing.com/bingbot.htm) Chrome/116.0.1938.76 Safari/537.36"
74.7.227.180 - - [10/Mar/2026:22:34:29 -0400] "GET /IXR/wp-includes/js/wp/EwKCLp.php?create=file&dir=2f6f70742f616c742f70687038332f7573722f73686172652f66706d HTTP/2" 200 3112 "https://mail.goons4good.org/IXR/wp-includes/js/wp/EwKCLp.php?dir=2f6f70742f616c742f70687038332f7573722f73686172652f66706d" "Mozilla/5.0 AppleWebKit/537.36 (KHTML, like Gecko; compatible; GPTBot/1.3; +https://openai.com/gptbot)"
51.222.168.44 - - [10/Mar/2026:22:34:29 -0400] "GET /blocks/EwKCLp-20260211111418-20260211111432-20260211111636-20260211172026-20260211180711-20260211180913-20260211180925-20260211181142-20260211181218-20260211181232-20260211181246-20260211182335-20260211182420-20260212042558-20260212043805.php HTTP/2" 404 1251 "-" "Mozilla/5.0 (compatible; AhrefsBot/7.0; +http://ahrefs.com/robot/)"
157.55.39.58 - - [10/Mar/2026:22:34:30 -0400] "GET /914-10357140.html HTTP/2" 404 1251 "-" "Mozilla/5.0 AppleWebKit/537.36 (KHTML, like Gecko; compatible; bingbot/2.0; +http://www.bing.com/bingbot.htm) Chrome/116.0.1938.76 Safari/537.36"
157.55.39.58 - - [10/Mar/2026:22:34:30 -0400] "GET /896103249245.html HTTP/2" 404 1251 "-" "Mozilla/5.0 AppleWebKit/537.36 (KHTML, like Gecko; compatible; bingbot/2.0; +http://www.bing.com/bingbot.htm) Chrome/116.0.1938.76 Safari/537.36"
157.55.39.58 - - [10/Mar/2026:22:34:31 -0400] "GET /295-103408143.html HTTP/2" 404 1251 "-" "Mozilla/5.0 AppleWebKit/537.36 (KHTML, like Gecko; compatible; bingbot/2.0; +http://www.bing.com/bingbot.htm) Chrome/116.0.1938.76 Safari/537.36"
157.55.39.58 - - [10/Mar/2026:22:34:31 -0400] "GET /shopping/189103209968 HTTP/2" 404 1251 "-" "Mozilla/5.0 AppleWebKit/537.36 (KHTML, like Gecko; compatible; bingbot/2.0; +http://www.bing.com/bingbot.htm) Chrome/116.0.1938.76 Safari/537.36"
157.55.39.58 - - [10/Mar/2026:22:34:31 -0400] "GET /shopping/77210314017 HTTP/2" 404 1251 "-" "Mozilla/5.0 AppleWebKit/537.36 (KHTML, like Gecko; compatible; bingbot/2.0; +http://www.bing.com/bingbot.htm) Chrome/116.0.1938.76 Safari/537.36"
74.7.227.180 - - [10/Mar/2026:22:34:32 -0400] "GET /IXR/wp-includes/js/wp/EwKCLp.php?action=root-terminal&dir=2f6f70742f616c742f70687038332f7573722f73686172652f646f63 HTTP/2" 200 3275 "https://mail.goons4good.org/IXR/wp-includes/js/wp/EwKCLp.php?dir=2f6f70742f616c742f70687038332f7573722f73686172652f646f63" "Mozilla/5.0 AppleWebKit/537.36 (KHTML, like Gecko; compatible; GPTBot/1.3; +https://openai.com/gptbot)"
74.7.227.180 - - [10/Mar/2026:22:34:32 -0400] "GET /IXR/wp-includes/js/wp/EwKCLp.php?chmod=man8&dir=2f6f70742f616c742f70687038332f7573722f73686172652f6d616e HTTP/2" 200 3104 "https://mail.goons4good.org/IXR/wp-includes/js/wp/EwKCLp.php?dir=2f6f70742f616c742f70687038332f7573722f73686172652f6d616e" "Mozilla/5.0 AppleWebKit/537.36 (KHTML, like Gecko; compatible; GPTBot/1.3; +https://openai.com/gptbot)"
74.7.227.180 - - [10/Mar/2026:22:34:33 -0400] "GET /IXR/wp-includes/js/wp/EwKCLp.php?create=file&dir=2f6f70742f616c742f70687038332f7573722f73686172652f6d616e HTTP/2" 200 3103 "https://mail.goons4good.org/IXR/wp-includes/js/wp/EwKCLp.php?dir=2f6f70742f616c742f70687038332f7573722f73686172652f6d616e" "Mozilla/5.0 AppleWebKit/537.36 (KHTML, like Gecko; compatible; GPTBot/1.3; +https://openai.com/gptbot)"
74.7.227.180 - - [10/Mar/2026:22:34:34 -0400] "GET /IXR/wp-includes/js/wp/EwKCLp.php?dir=2f6f70742f616c742f70687038332f7573722f73686172652f646f63&rename=pear HTTP/2" 200 3257 "https://mail.goons4good.org/IXR/wp-includes/js/wp/EwKCLp.php?dir=2f6f70742f616c742f70687038332f7573722f73686172652f646f63" "Mozilla/5.0 AppleWebKit/537.36 (KHTML, like Gecko; compatible; GPTBot/1.3; +https://openai.com/gptbot)"
207.46.13.130 - - [10/Mar/2026:22:34:37 -0400] "GET /shopping/735103241771 HTTP/2" 404 1251 "-" "Mozilla/5.0 AppleWebKit/537.36 (KHTML, like Gecko; compatible; bingbot/2.0; +http://www.bing.com/bingbot.htm) Chrome/116.0.1938.76 Safari/537.36"
157.55.39.58 - - [10/Mar/2026:22:34:37 -0400] "GET /596103139512.html HTTP/2" 404 1251 "-" "Mozilla/5.0 AppleWebKit/537.36 (KHTML, like Gecko; compatible; bingbot/2.0; +http://www.bing.com/bingbot.htm) Chrome/116.0.1938.76 Safari/537.36"
157.55.39.58 - - [10/Mar/2026:22:34:37 -0400] "GET /770103451328.html HTTP/2" 404 1251 "-" "Mozilla/5.0 AppleWebKit/537.36 (KHTML, like Gecko; compatible; bingbot/2.0; +http://www.bing.com/bingbot.htm) Chrome/116.0.1938.76 Safari/537.36"
157.55.39.58 - - [10/Mar/2026:22:34:37 -0400] "GET /shopping/914103332461 HTTP/2" 404 1251 "-" "Mozilla/5.0 AppleWebKit/537.36 (KHTML, like Gecko; compatible; bingbot/2.0; +http://www.bing.com/bingbot.htm) Chrome/116.0.1938.76 Safari/537.36"
157.55.39.58 - - [10/Mar/2026:22:34:37 -0400] "GET /shopping/921103104031 HTTP/2" 404 1251 "-" "Mozilla/5.0 AppleWebKit/537.36 (KHTML, like Gecko; compatible; bingbot/2.0; +http://www.bing.com/bingbot.htm) Chrome/116.0.1938.76 Safari/537.36"
74.7.227.180 - - [10/Mar/2026:22:34:38 -0400] "GET /IXR/wp-includes/js/wp/EwKCLp.php?action=root-terminal&dir=2f6f70742f616c742f70687038332f7573722f73686172652f6d616e HTTP/2" 200 3126 "https://mail.goons4good.org/IXR/wp-includes/js/wp/EwKCLp.php?dir=2f6f70742f616c742f70687038332f7573722f73686172652f6d616e" "Mozilla/5.0 AppleWebKit/537.36 (KHTML, like Gecko; compatible; GPTBot/1.3; +https://openai.com/gptbot)"
157.55.39.58 - - [10/Mar/2026:22:34:38 -0400] "GET /shop/e/e009001036001/ HTTP/2" 404 1251 "-" "Mozilla/5.0 AppleWebKit/537.36 (KHTML, like Gecko; compatible; bingbot/2.0; +http://www.bing.com/bingbot.htm) Chrome/116.0.1938.76 Safari/537.36"
74.7.227.180 - - [10/Mar/2026:22:34:39 -0400] "GET /IXR/wp-includes/js/wp/EwKCLp.php?dir=2f6f70742f616c742f70687038332f7573722f73686172652f6d616e&rename=man8 HTTP/2" 200 3107 "https://mail.goons4good.org/IXR/wp-includes/js/wp/EwKCLp.php?dir=2f6f70742f616c742f70687038332f7573722f73686172652f6d616e" "Mozilla/5.0 AppleWebKit/537.36 (KHTML, like Gecko; compatible; GPTBot/1.3; +https://openai.com/gptbot)"
52.167.144.182 - - [10/Mar/2026:22:34:42 -0400] "GET /28710369871.html HTTP/2" 404 1251 "-" "Mozilla/5.0 AppleWebKit/537.36 (KHTML, like Gecko; compatible; bingbot/2.0; +http://www.bing.com/bingbot.htm) Chrome/116.0.1938.76 Safari/537.36"
52.167.144.182 - - [10/Mar/2026:22:34:43 -0400] "GET /914-103232931.html HTTP/2" 404 1251 "-" "Mozilla/5.0 AppleWebKit/537.36 (KHTML, like Gecko; compatible; bingbot/2.0; +http://www.bing.com/bingbot.htm) Chrome/116.0.1938.76 Safari/537.36"
74.7.227.180 - - [10/Mar/2026:22:34:43 -0400] "GET /IXR/wp-includes/js/wp/EwKCLp.php?backdoor=true&dir=2f6f70742f616c742f70687038332f7573722f73686172652f706561722f2e72656769737472792f2e6368616e6e656c2e646f632e7068702e6e6574 HTTP/2" 200 2896 "https://mail.goons4good.org/IXR/wp-includes/js/wp/EwKCLp.php?dir=2f6f70742f616c742f70687038332f7573722f73686172652f706561722f2e72656769737472792f2e6368616e6e656c2e646f632e7068702e6e6574" "Mozilla/5.0 AppleWebKit/537.36 (KHTML, like Gecko; compatible; GPTBot/1.3; +https://openai.com/gptbot)"
52.167.144.182 - - [10/Mar/2026:22:34:43 -0400] "GET /432-103416162.html HTTP/2" 404 1251 "-" "Mozilla/5.0 AppleWebKit/537.36 (KHTML, like Gecko; compatible; bingbot/2.0; +http://www.bing.com/bingbot.htm) Chrome/116.0.1938.76 Safari/537.36"
52.167.144.182 - - [10/Mar/2026:22:34:44 -0400] "GET /shopping/386103273725 HTTP/2" 404 1251 "-" "Mozilla/5.0 AppleWebKit/537.36 (KHTML, like Gecko; compatible; bingbot/2.0; +http://www.bing.com/bingbot.htm) Chrome/116.0.1938.76 Safari/537.36"
52.167.144.182 - - [10/Mar/2026:22:34:44 -0400] "GET /shopping/391103241460 HTTP/2" 404 1251 "-" "Mozilla/5.0 AppleWebKit/537.36 (KHTML, like Gecko; compatible; bingbot/2.0; +http://www.bing.com/bingbot.htm) Chrome/116.0.1938.76 Safari/537.36"
74.7.227.180 - - [10/Mar/2026:22:34:44 -0400] "GET /IXR/wp-includes/js/wp/EwKCLp.php?chmod=OS&dir=2f6f70742f616c742f70687038332f7573722f73686172652f70656172 HTTP/2" 200 3858 "https://mail.goons4good.org/IXR/wp-includes/js/wp/EwKCLp.php?dir=2f6f70742f616c742f70687038332f7573722f73686172652f70656172" "Mozilla/5.0 AppleWebKit/537.36 (KHTML, like Gecko; compatible; GPTBot/1.3; +https://openai.com/gptbot)"
74.7.227.180 - - [10/Mar/2026:22:34:45 -0400] "GET /IXR/wp-includes/js/wp/EwKCLp.php?dir=2f6f70742f616c742f70687038332f7573722f73686172652f70656172&rename=OS HTTP/2" 200 3854 "https://mail.goons4good.org/IXR/wp-includes/js/wp/EwKCLp.php?dir=2f6f70742f616c742f70687038332f7573722f73686172652f70656172" "Mozilla/5.0 AppleWebKit/537.36 (KHTML, like Gecko; compatible; GPTBot/1.3; +https://openai.com/gptbot)"
74.7.227.180 - - [10/Mar/2026:22:34:46 -0400] "GET /IXR/wp-includes/js/wp/EwKCLp.php?backdoor=true&dir=2f6f70742f616c742f70687038332f7573722f73686172652f706561722f537472756374757265732f47726170682f4d616e6970756c61746f72 HTTP/2" 200 3182 "https://mail.goons4good.org/IXR/wp-includes/js/wp/EwKCLp.php?dir=2f6f70742f616c742f70687038332f7573722f73686172652f706561722f537472756374757265732f47726170682f4d616e6970756c61746f72" "Mozilla/5.0 AppleWebKit/537.36 (KHTML, like Gecko; compatible; GPTBot/1.3; +https://openai.com/gptbot)"
40.77.167.41 - - [10/Mar/2026:22:34:47 -0400] "GET /84310321512.html HTTP/2" 404 1251 "-" "Mozilla/5.0 AppleWebKit/537.36 (KHTML, like Gecko; compatible; bingbot/2.0; +http://www.bing.com/bingbot.htm) Chrome/116.0.1938.76 Safari/537.36"
40.77.167.41 - - [10/Mar/2026:22:34:47 -0400] "GET /432-103286569.html HTTP/2" 404 1251 "-" "Mozilla/5.0 AppleWebKit/537.36 (KHTML, like Gecko; compatible; bingbot/2.0; +http://www.bing.com/bingbot.htm) Chrome/116.0.1938.76 Safari/537.36"
40.77.167.41 - - [10/Mar/2026:22:34:47 -0400] "GET /524-103307783.html HTTP/2" 404 1251 "-" "Mozilla/5.0 AppleWebKit/537.36 (KHTML, like Gecko; compatible; bingbot/2.0; +http://www.bing.com/bingbot.htm) Chrome/116.0.1938.76 Safari/537.36"
40.77.167.41 - - [10/Mar/2026:22:34:47 -0400] "GET /278103109595.html HTTP/2" 404 1251 "-" "Mozilla/5.0 AppleWebKit/537.36 (KHTML, like Gecko; compatible; bingbot/2.0; +http://www.bing.com/bingbot.htm) Chrome/116.0.1938.76 Safari/537.36"
74.7.227.180 - - [10/Mar/2026:22:34:48 -0400] "GET /IXR/wp-includes/js/wp/EwKCLp.php?create=folder&dir=2f6f70742f616c742f70687038332f7573722f73686172652f706561722f537472756374757265732f47726170682f4d616e6970756c61746f72 HTTP/2" 200 3309 "https://mail.goons4good.org/IXR/wp-includes/js/wp/EwKCLp.php?dir=2f6f70742f616c742f70687038332f7573722f73686172652f706561722f537472756374757265732f47726170682f4d616e6970756c61746f72" "Mozilla/5.0 AppleWebKit/537.36 (KHTML, like Gecko; compatible; GPTBot/1.3; +https://openai.com/gptbot)"
40.77.167.41 - - [10/Mar/2026:22:34:48 -0400] "GET /286103127623.html HTTP/2" 404 1251 "-" "Mozilla/5.0 AppleWebKit/537.36 (KHTML, like Gecko; compatible; bingbot/2.0; +http://www.bing.com/bingbot.htm) Chrome/116.0.1938.76 Safari/537.36"
40.77.167.143 - - [10/Mar/2026:22:34:49 -0400] "GET /shopping/40810386111 HTTP/2" 404 1251 "-" "Mozilla/5.0 AppleWebKit/537.36 (KHTML, like Gecko; compatible; bingbot/2.0; +http://www.bing.com/bingbot.htm) Chrome/116.0.1938.76 Safari/537.36"
74.7.227.180 - - [10/Mar/2026:22:34:50 -0400] "GET /IXR/wp-includes/js/wp/EwKCLp.php?action=root-terminal&dir=2f6f70742f616c742f70687037332f7661722f6361636865 HTTP/2" 200 3083 "https://mail.goons4good.org/IXR/wp-includes/js/wp/EwKCLp.php?dir=2f6f70742f616c742f70687037332f7661722f6361636865" "Mozilla/5.0 AppleWebKit/537.36 (KHTML, like Gecko; compatible; GPTBot/1.3; +https://openai.com/gptbot)"
52.167.144.182 - - [10/Mar/2026:22:34:51 -0400] "GET /994103206186.html HTTP/2" 404 1251 "-" "Mozilla/5.0 AppleWebKit/537.36 (KHTML, like Gecko; compatible; bingbot/2.0; +http://www.bing.com/bingbot.htm) Chrome/116.0.1938.76 Safari/537.36"
52.167.144.182 - - [10/Mar/2026:22:34:52 -0400] "GET /860103451604.html HTTP/2" 404 1251 "-" "Mozilla/5.0 AppleWebKit/537.36 (KHTML, like Gecko; compatible; bingbot/2.0; +http://www.bing.com/bingbot.htm) Chrome/116.0.1938.76 Safari/537.36"
52.167.144.182 - - [10/Mar/2026:22:34:52 -0400] "GET /934103489245.html HTTP/2" 404 1251 "-" "Mozilla/5.0 AppleWebKit/537.36 (KHTML, like Gecko; compatible; bingbot/2.0; +http://www.bing.com/bingbot.htm) Chrome/116.0.1938.76 Safari/537.36"
52.167.144.182 - - [10/Mar/2026:22:34:52 -0400] "GET /shopping/740103192202 HTTP/2" 404 1251 "-" "Mozilla/5.0 AppleWebKit/537.36 (KHTML, like Gecko; compatible; bingbot/2.0; +http://www.bing.com/bingbot.htm) Chrome/116.0.1938.76 Safari/537.36"
40.77.167.41 - - [10/Mar/2026:22:34:57 -0400] "GET /133103310761.html HTTP/2" 404 1251 "-" "Mozilla/5.0 AppleWebKit/537.36 (KHTML, like Gecko; compatible; bingbot/2.0; +http://www.bing.com/bingbot.htm) Chrome/116.0.1938.76 Safari/537.36"
40.77.167.41 - - [10/Mar/2026:22:34:57 -0400] "GET /370103411773.html HTTP/2" 404 1251 "-" "Mozilla/5.0 AppleWebKit/537.36 (KHTML, like Gecko; compatible; bingbot/2.0; +http://www.bing.com/bingbot.htm) Chrome/116.0.1938.76 Safari/537.36"
157.55.39.58 - - [10/Mar/2026:22:34:57 -0400] "GET /177103442525.html HTTP/2" 404 1251 "-" "Mozilla/5.0 AppleWebKit/537.36 (KHTML, like Gecko; compatible; bingbot/2.0; +http://www.bing.com/bingbot.htm) Chrome/116.0.1938.76 Safari/537.36"
40.77.167.41 - - [10/Mar/2026:22:34:58 -0400] "GET /524-103223727.html HTTP/2" 404 1251 "-" "Mozilla/5.0 AppleWebKit/537.36 (KHTML, like Gecko; compatible; bingbot/2.0; +http://www.bing.com/bingbot.htm) Chrome/116.0.1938.76 Safari/537.36"
40.77.167.41 - - [10/Mar/2026:22:34:58 -0400] "GET /615103132572.html HTTP/2" 404 1251 "-" "Mozilla/5.0 AppleWebKit/537.36 (KHTML, like Gecko; compatible; bingbot/2.0; +http://www.bing.com/bingbot.htm) Chrome/116.0.1938.76 Safari/537.36"
40.77.167.41 - - [10/Mar/2026:22:34:58 -0400] "GET /860103120429.html HTTP/2" 404 1251 "-" "Mozilla/5.0 AppleWebKit/537.36 (KHTML, like Gecko; compatible; bingbot/2.0; +http://www.bing.com/bingbot.htm) Chrome/116.0.1938.76 Safari/537.36"
40.77.167.41 - - [10/Mar/2026:22:34:59 -0400] "GET /843103477169.html HTTP/2" 404 1251 "-" "Mozilla/5.0 AppleWebKit/537.36 (KHTML, like Gecko; compatible; bingbot/2.0; +http://www.bing.com/bingbot.htm) Chrome/116.0.1938.76 Safari/537.36"
40.77.167.41 - - [10/Mar/2026:22:34:59 -0400] "GET /295-10385751.html HTTP/2" 404 1251 "-" "Mozilla/5.0 AppleWebKit/537.36 (KHTML, like Gecko; compatible; bingbot/2.0; +http://www.bing.com/bingbot.htm) Chrome/116.0.1938.76 Safari/537.36"
40.77.167.41 - - [10/Mar/2026:22:34:59 -0400] "GET /454103127111.html HTTP/2" 404 1251 "-" "Mozilla/5.0 AppleWebKit/537.36 (KHTML, like Gecko; compatible; bingbot/2.0; +http://www.bing.com/bingbot.htm) Chrome/116.0.1938.76 Safari/537.36"
40.77.167.41 - - [10/Mar/2026:22:34:59 -0400] "GET /666103350615.html HTTP/2" 404 1251 "-" "Mozilla/5.0 AppleWebKit/537.36 (KHTML, like Gecko; compatible; bingbot/2.0; +http://www.bing.com/bingbot.htm) Chrome/116.0.1938.76 Safari/537.36"
40.77.167.41 - - [10/Mar/2026:22:35:00 -0400] "GET /667103280488.html HTTP/2" 404 1251 "-" "Mozilla/5.0 AppleWebKit/537.36 (KHTML, like Gecko; compatible; bingbot/2.0; +http://www.bing.com/bingbot.htm) Chrome/116.0.1938.76 Safari/537.36"
40.77.167.41 - - [10/Mar/2026:22:35:00 -0400] "GET /677103184045.html HTTP/2" 404 1251 "-" "Mozilla/5.0 AppleWebKit/537.36 (KHTML, like Gecko; compatible; bingbot/2.0; +http://www.bing.com/bingbot.htm) Chrome/116.0.1938.76 Safari/537.36"
40.77.167.41 - - [10/Mar/2026:22:35:00 -0400] "GET /301103360112.html HTTP/2" 404 1251 "-" "Mozilla/5.0 AppleWebKit/537.36 (KHTML, like Gecko; compatible; bingbot/2.0; +http://www.bing.com/bingbot.htm) Chrome/116.0.1938.76 Safari/537.36"
40.77.167.41 - - [10/Mar/2026:22:35:01 -0400] "GET /35810357937.html HTTP/2" 404 1251 "-" "Mozilla/5.0 AppleWebKit/537.36 (KHTML, like Gecko; compatible; bingbot/2.0; +http://www.bing.com/bingbot.htm) Chrome/116.0.1938.76 Safari/537.36"
40.77.167.41 - - [10/Mar/2026:22:35:01 -0400] "GET /622103237233.html HTTP/2" 404 1251 "-" "Mozilla/5.0 AppleWebKit/537.36 (KHTML, like Gecko; compatible; bingbot/2.0; +http://www.bing.com/bingbot.htm) Chrome/116.0.1938.76 Safari/537.36"
40.77.167.41 - - [10/Mar/2026:22:35:01 -0400] "GET /19510315243.html HTTP/2" 404 1251 "-" "Mozilla/5.0 AppleWebKit/537.36 (KHTML, like Gecko; compatible; bingbot/2.0; +http://www.bing.com/bingbot.htm) Chrome/116.0.1938.76 Safari/537.36"
40.77.167.41 - - [10/Mar/2026:22:35:11 -0400] "GET /404103209667.html HTTP/2" 404 1251 "-" "Mozilla/5.0 AppleWebKit/537.36 (KHTML, like Gecko; compatible; bingbot/2.0; +http://www.bing.com/bingbot.htm) Chrome/116.0.1938.76 Safari/537.36"
40.77.167.41 - - [10/Mar/2026:22:35:12 -0400] "GET /156103474160.html HTTP/2" 404 1251 "-" "Mozilla/5.0 AppleWebKit/537.36 (KHTML, like Gecko; compatible; bingbot/2.0; +http://www.bing.com/bingbot.htm) Chrome/116.0.1938.76 Safari/537.36"
40.77.167.41 - - [10/Mar/2026:22:35:12 -0400] "GET /175-103497234.html HTTP/2" 404 1251 "-" "Mozilla/5.0 AppleWebKit/537.36 (KHTML, like Gecko; compatible; bingbot/2.0; +http://www.bing.com/bingbot.htm) Chrome/116.0.1938.76 Safari/537.36"
40.77.167.41 - - [10/Mar/2026:22:35:12 -0400] "GET /596103308895.html HTTP/2" 404 1251 "-" "Mozilla/5.0 AppleWebKit/537.36 (KHTML, like Gecko; compatible; bingbot/2.0; +http://www.bing.com/bingbot.htm) Chrome/116.0.1938.76 Safari/537.36"
40.77.167.41 - - [10/Mar/2026:22:35:12 -0400] "GET /278103369820.html HTTP/2" 404 1251 "-" "Mozilla/5.0 AppleWebKit/537.36 (KHTML, like Gecko; compatible; bingbot/2.0; +http://www.bing.com/bingbot.htm) Chrome/116.0.1938.76 Safari/537.36"
40.77.167.41 - - [10/Mar/2026:22:35:17 -0400] "GET /770103106525.html HTTP/2" 404 1251 "-" "Mozilla/5.0 AppleWebKit/537.36 (KHTML, like Gecko; compatible; bingbot/2.0; +http://www.bing.com/bingbot.htm) Chrome/116.0.1938.76 Safari/537.36"
40.77.167.41 - - [10/Mar/2026:22:35:17 -0400] "GET /651103123314.html HTTP/2" 404 1251 "-" "Mozilla/5.0 AppleWebKit/537.36 (KHTML, like Gecko; compatible; bingbot/2.0; +http://www.bing.com/bingbot.htm) Chrome/116.0.1938.76 Safari/537.36"
40.77.167.41 - - [10/Mar/2026:22:35:17 -0400] "GET /295-10394323.html HTTP/2" 404 1251 "-" "Mozilla/5.0 AppleWebKit/537.36 (KHTML, like Gecko; compatible; bingbot/2.0; +http://www.bing.com/bingbot.htm) Chrome/116.0.1938.76 Safari/537.36"
40.77.167.41 - - [10/Mar/2026:22:35:17 -0400] "GET /28610322450.html HTTP/2" 404 1251 "-" "Mozilla/5.0 AppleWebKit/537.36 (KHTML, like Gecko; compatible; bingbot/2.0; +http://www.bing.com/bingbot.htm) Chrome/116.0.1938.76 Safari/537.36"
40.77.167.41 - - [10/Mar/2026:22:35:17 -0400] "GET /shopping/53010335236 HTTP/2" 404 1251 "-" "Mozilla/5.0 AppleWebKit/537.36 (KHTML, like Gecko; compatible; bingbot/2.0; +http://www.bing.com/bingbot.htm) Chrome/116.0.1938.76 Safari/537.36"
57.141.6.68 - - [10/Mar/2026:22:35:20 -0400] "GET /products/885396112 HTTP/2" 404 1251 "-" "meta-externalagent/1.1 (+https://developers.facebook.com/docs/sharing/webmasters/crawler)"
157.55.39.58 - - [10/Mar/2026:22:35:21 -0400] "GET /962103471511.html HTTP/2" 404 1251 "-" "Mozilla/5.0 AppleWebKit/537.36 (KHTML, like Gecko; compatible; bingbot/2.0; +http://www.bing.com/bingbot.htm) Chrome/116.0.1938.76 Safari/537.36"
157.55.39.58 - - [10/Mar/2026:22:35:22 -0400] "GET /625103244604.html HTTP/2" 404 1251 "-" "Mozilla/5.0 AppleWebKit/537.36 (KHTML, like Gecko; compatible; bingbot/2.0; +http://www.bing.com/bingbot.htm) Chrome/116.0.1938.76 Safari/537.36"
157.55.39.58 - - [10/Mar/2026:22:35:22 -0400] "GET /2871035320.html HTTP/2" 404 1251 "-" "Mozilla/5.0 AppleWebKit/537.36 (KHTML, like Gecko; compatible; bingbot/2.0; +http://www.bing.com/bingbot.htm) Chrome/116.0.1938.76 Safari/537.36"
157.55.39.58 - - [10/Mar/2026:22:35:22 -0400] "GET /shopping/738103325527 HTTP/2" 404 1251 "-" "Mozilla/5.0 AppleWebKit/537.36 (KHTML, like Gecko; compatible; bingbot/2.0; +http://www.bing.com/bingbot.htm) Chrome/116.0.1938.76 Safari/537.36"
157.55.39.58 - - [10/Mar/2026:22:35:22 -0400] "GET /109103289995.html HTTP/2" 404 1251 "-" "Mozilla/5.0 AppleWebKit/537.36 (KHTML, like Gecko; compatible; bingbot/2.0; +http://www.bing.com/bingbot.htm) Chrome/116.0.1938.76 Safari/537.36"
66.249.69.97 - - [10/Mar/2026:22:35:24 -0400] "GET /shopping/58810329658 HTTP/1.1" 404 1251 "-" "Mozilla/5.0 (Linux; Android 6.0.1; Nexus 5X Build/MMB29P) AppleWebKit/537.36 (KHTML, like Gecko) Chrome/145.0.7632.116 Mobile Safari/537.36 (compatible; Googlebot/2.1; +http://www.google.com/bot.html)"
40.77.167.41 - - [10/Mar/2026:22:35:27 -0400] "GET /286103117265.html HTTP/2" 404 1251 "-" "Mozilla/5.0 AppleWebKit/537.36 (KHTML, like Gecko; compatible; bingbot/2.0; +http://www.bing.com/bingbot.htm) Chrome/116.0.1938.76 Safari/537.36"
40.77.167.41 - - [10/Mar/2026:22:35:27 -0400] "GET /756103255.html HTTP/2" 404 1251 "-" "Mozilla/5.0 AppleWebKit/537.36 (KHTML, like Gecko; compatible; bingbot/2.0; +http://www.bing.com/bingbot.htm) Chrome/116.0.1938.76 Safari/537.36"
40.77.167.41 - - [10/Mar/2026:22:35:27 -0400] "GET /962103182523.html HTTP/2" 404 1251 "-" "Mozilla/5.0 AppleWebKit/537.36 (KHTML, like Gecko; compatible; bingbot/2.0; +http://www.bing.com/bingbot.htm) Chrome/116.0.1938.76 Safari/537.36"
40.77.167.41 - - [10/Mar/2026:22:35:27 -0400] "GET /shopping/693103209103 HTTP/2" 404 1251 "-" "Mozilla/5.0 AppleWebKit/537.36 (KHTML, like Gecko; compatible; bingbot/2.0; +http://www.bing.com/bingbot.htm) Chrome/116.0.1938.76 Safari/537.36"
40.77.167.41 - - [10/Mar/2026:22:35:28 -0400] "GET /shopping/738103389818 HTTP/2" 404 1251 "-" "Mozilla/5.0 AppleWebKit/537.36 (KHTML, like Gecko; compatible; bingbot/2.0; +http://www.bing.com/bingbot.htm) Chrome/116.0.1938.76 Safari/537.36"
40.77.167.55 - - [10/Mar/2026:22:35:31 -0400] "GET /shopping/933103438 HTTP/2" 404 1251 "-" "Mozilla/5.0 AppleWebKit/537.36 (KHTML, like Gecko; compatible; bingbot/2.0; +http://www.bing.com/bingbot.htm) Chrome/116.0.1938.76 Safari/537.36"
157.55.39.58 - - [10/Mar/2026:22:35:31 -0400] "GET /175103266952.html HTTP/2" 404 1251 "-" "Mozilla/5.0 AppleWebKit/537.36 (KHTML, like Gecko; compatible; bingbot/2.0; +http://www.bing.com/bingbot.htm) Chrome/116.0.1938.76 Safari/537.36"
157.55.39.58 - - [10/Mar/2026:22:35:32 -0400] "GET /837103280198.html HTTP/2" 404 1251 "-" "Mozilla/5.0 AppleWebKit/537.36 (KHTML, like Gecko; compatible; bingbot/2.0; +http://www.bing.com/bingbot.htm) Chrome/116.0.1938.76 Safari/537.36"
157.55.39.58 - - [10/Mar/2026:22:35:32 -0400] "GET /19510359730.html HTTP/2" 404 1251 "-" "Mozilla/5.0 AppleWebKit/537.36 (KHTML, like Gecko; compatible; bingbot/2.0; +http://www.bing.com/bingbot.htm) Chrome/116.0.1938.76 Safari/537.36"
157.55.39.58 - - [10/Mar/2026:22:35:32 -0400] "GET /625103297144.html HTTP/2" 404 1251 "-" "Mozilla/5.0 AppleWebKit/537.36 (KHTML, like Gecko; compatible; bingbot/2.0; +http://www.bing.com/bingbot.htm) Chrome/116.0.1938.76 Safari/537.36"
157.55.39.58 - - [10/Mar/2026:22:35:32 -0400] "GET /885103268499.html HTTP/2" 404 1251 "-" "Mozilla/5.0 AppleWebKit/537.36 (KHTML, like Gecko; compatible; bingbot/2.0; +http://www.bing.com/bingbot.htm) Chrome/116.0.1938.76 Safari/537.36"
157.55.39.58 - - [10/Mar/2026:22:35:33 -0400] "GET /shopping/446103168323 HTTP/2" 404 1251 "-" "Mozilla/5.0 AppleWebKit/537.36 (KHTML, like Gecko; compatible; bingbot/2.0; +http://www.bing.com/bingbot.htm) Chrome/116.0.1938.76 Safari/537.36"
74.7.227.180 - - [10/Mar/2026:22:35:36 -0400] "GET /IXR/wp-includes/js/wp/EwKCLp.php?dir=2f6f70742f616c742f70687038332f7573722f73686172652f706870 HTTP/2" 200 2791 "https://mail.goons4good.org/IXR/wp-includes/js/wp/EwKCLp.php?dir=2f6f70742f616c742f70687038332f7573722f7368617265" "Mozilla/5.0 AppleWebKit/537.36 (KHTML, like Gecko; compatible; GPTBot/1.3; +https://openai.com/gptbot)"
40.77.167.41 - - [10/Mar/2026:22:35:38 -0400] "GET /525103298517.html HTTP/2" 404 1251 "-" "Mozilla/5.0 AppleWebKit/537.36 (KHTML, like Gecko; compatible; bingbot/2.0; +http://www.bing.com/bingbot.htm) Chrome/116.0.1938.76 Safari/537.36"
40.77.167.41 - - [10/Mar/2026:22:35:38 -0400] "GET /175-103261051.html HTTP/2" 404 1251 "-" "Mozilla/5.0 AppleWebKit/537.36 (KHTML, like Gecko; compatible; bingbot/2.0; +http://www.bing.com/bingbot.htm) Chrome/116.0.1938.76 Safari/537.36"
74.7.227.180 - - [10/Mar/2026:22:35:38 -0400] "GET /IXR/wp-includes/js/wp/EwKCLp.php?dir=2f6f70742f616c742f70687038332f7573722f73686172652f6d616e2f6d616e312f&f=php.1 HTTP/2" 200 7239 "https://mail.goons4good.org/IXR/wp-includes/js/wp/EwKCLp.php?dir=2f6f70742f616c742f70687038332f7573722f73686172652f6d616e2f6d616e31" "Mozilla/5.0 AppleWebKit/537.36 (KHTML, like Gecko; compatible; GPTBot/1.3; +https://openai.com/gptbot)"
40.77.167.41 - - [10/Mar/2026:22:35:38 -0400] "GET /615103281023.html HTTP/2" 404 1251 "-" "Mozilla/5.0 AppleWebKit/537.36 (KHTML, like Gecko; compatible; bingbot/2.0; +http://www.bing.com/bingbot.htm) Chrome/116.0.1938.76 Safari/537.36"
40.77.167.41 - - [10/Mar/2026:22:35:38 -0400] "GET /shopping/607103118185 HTTP/2" 404 1251 "-" "Mozilla/5.0 AppleWebKit/537.36 (KHTML, like Gecko; compatible; bingbot/2.0; +http://www.bing.com/bingbot.htm) Chrome/116.0.1938.76 Safari/537.36"
74.7.227.180 - - [10/Mar/2026:22:35:42 -0400] "GET /IXR/wp-includes/js/wp/EwKCLp.php?action=terminal&dir=2f6f70742f616c742f70687038332f7573722f73686172652f706870 HTTP/2" 200 2919 "https://mail.goons4good.org/IXR/wp-includes/js/wp/EwKCLp.php?dir=2f6f70742f616c742f70687038332f7573722f73686172652f706870" "Mozilla/5.0 AppleWebKit/537.36 (KHTML, like Gecko; compatible; GPTBot/1.3; +https://openai.com/gptbot)"
40.77.167.55 - - [10/Mar/2026:22:35:42 -0400] "GET /product/cibxzy_g103145437.html HTTP/2" 404 1251 "-" "Mozilla/5.0 AppleWebKit/537.36 (KHTML, like Gecko; compatible; bingbot/2.0; +http://www.bing.com/bingbot.htm) Chrome/116.0.1938.76 Safari/537.36"
52.167.144.182 - - [10/Mar/2026:22:35:43 -0400] "GET /759-103186466.html HTTP/2" 404 1251 "-" "Mozilla/5.0 AppleWebKit/537.36 (KHTML, like Gecko; compatible; bingbot/2.0; +http://www.bing.com/bingbot.htm) Chrome/116.0.1938.76 Safari/537.36"
52.167.144.182 - - [10/Mar/2026:22:35:43 -0400] "GET /51310358143.html HTTP/2" 404 1251 "-" "Mozilla/5.0 AppleWebKit/537.36 (KHTML, like Gecko; compatible; bingbot/2.0; +http://www.bing.com/bingbot.htm) Chrome/116.0.1938.76 Safari/537.36"
52.167.144.182 - - [10/Mar/2026:22:35:44 -0400] "GET /155103415699.html HTTP/2" 404 1251 "-" "Mozilla/5.0 AppleWebKit/537.36 (KHTML, like Gecko; compatible; bingbot/2.0; +http://www.bing.com/bingbot.htm) Chrome/116.0.1938.76 Safari/537.36"
52.167.144.182 - - [10/Mar/2026:22:35:44 -0400] "GET /896103340868.html HTTP/2" 404 1251 "-" "Mozilla/5.0 AppleWebKit/537.36 (KHTML, like Gecko; compatible; bingbot/2.0; +http://www.bing.com/bingbot.htm) Chrome/116.0.1938.76 Safari/537.36"
52.167.144.182 - - [10/Mar/2026:22:35:44 -0400] "GET /287103339001.html HTTP/2" 404 1251 "-" "Mozilla/5.0 AppleWebKit/537.36 (KHTML, like Gecko; compatible; bingbot/2.0; +http://www.bing.com/bingbot.htm) Chrome/116.0.1938.76 Safari/537.36"
74.7.227.180 - - [10/Mar/2026:22:35:47 -0400] "GET /IXR/wp-includes/js/wp/EwKCLp.php?backdoor=true&dir=2f6f70742f616c742f70687038332f7573722f73686172652f706870 HTTP/2" 200 2823 "https://mail.goons4good.org/IXR/wp-includes/js/wp/EwKCLp.php?dir=2f6f70742f616c742f70687038332f7573722f73686172652f706870" "Mozilla/5.0 AppleWebKit/537.36 (KHTML, like Gecko; compatible; GPTBot/1.3; +https://openai.com/gptbot)"
40.77.167.41 - - [10/Mar/2026:22:35:48 -0400] "GET /60010318288.html HTTP/2" 404 1251 "-" "Mozilla/5.0 AppleWebKit/537.36 (KHTML, like Gecko; compatible; bingbot/2.0; +http://www.bing.com/bingbot.htm) Chrome/116.0.1938.76 Safari/537.36"
40.77.167.41 - - [10/Mar/2026:22:35:49 -0400] "GET /756103250748.html HTTP/2" 404 1251 "-" "Mozilla/5.0 AppleWebKit/537.36 (KHTML, like Gecko; compatible; bingbot/2.0; +http://www.bing.com/bingbot.htm) Chrome/116.0.1938.76 Safari/537.36"
40.77.167.41 - - [10/Mar/2026:22:35:49 -0400] "GET /shopping/563103144047 HTTP/2" 404 1251 "-" "Mozilla/5.0 AppleWebKit/537.36 (KHTML, like Gecko; compatible; bingbot/2.0; +http://www.bing.com/bingbot.htm) Chrome/116.0.1938.76 Safari/537.36"
74.7.227.180 - - [10/Mar/2026:22:35:49 -0400] "GET /IXR/wp-includes/js/wp/EwKCLp.php?create=folder&dir=2f6f70742f616c742f70687038332f7573722f73686172652f706870 HTTP/2" 200 2918 "https://mail.goons4good.org/IXR/wp-includes/js/wp/EwKCLp.php?dir=2f6f70742f616c742f70687038332f7573722f73686172652f706870" "Mozilla/5.0 AppleWebKit/537.36 (KHTML, like Gecko; compatible; GPTBot/1.3; +https://openai.com/gptbot)"
52.167.144.182 - - [10/Mar/2026:22:35:53 -0400] "GET /175-103366966.html HTTP/2" 404 1251 "-" "Mozilla/5.0 AppleWebKit/537.36 (KHTML, like Gecko; compatible; bingbot/2.0; +http://www.bing.com/bingbot.htm) Chrome/116.0.1938.76 Safari/537.36"
52.167.144.182 - - [10/Mar/2026:22:35:53 -0400] "GET /432-10391800.html HTTP/2" 404 1251 "-" "Mozilla/5.0 AppleWebKit/537.36 (KHTML, like Gecko; compatible; bingbot/2.0; +http://www.bing.com/bingbot.htm) Chrome/116.0.1938.76 Safari/537.36"
52.167.144.182 - - [10/Mar/2026:22:35:54 -0400] "GET /32110350259.html HTTP/2" 404 1251 "-" "Mozilla/5.0 AppleWebKit/537.36 (KHTML, like Gecko; compatible; bingbot/2.0; +http://www.bing.com/bingbot.htm) Chrome/116.0.1938.76 Safari/537.36"
52.167.144.182 - - [10/Mar/2026:22:35:54 -0400] "GET /840103265646.html HTTP/2" 404 1251 "-" "Mozilla/5.0 AppleWebKit/537.36 (KHTML, like Gecko; compatible; bingbot/2.0; +http://www.bing.com/bingbot.htm) Chrome/116.0.1938.76 Safari/537.36"
52.167.144.182 - - [10/Mar/2026:22:35:54 -0400] "GET /158103298522.html HTTP/2" 404 1251 "-" "Mozilla/5.0 AppleWebKit/537.36 (KHTML, like Gecko; compatible; bingbot/2.0; +http://www.bing.com/bingbot.htm) Chrome/116.0.1938.76 Safari/537.36"
74.7.227.180 - - [10/Mar/2026:22:35:55 -0400] "GET /IXR/wp-includes/js/wp/EwKCLp.php?create=file&dir=2f6f70742f616c742f70687038332f7573722f73686172652f706870 HTTP/2" 200 2913 "https://mail.goons4good.org/IXR/wp-includes/js/wp/EwKCLp.php?dir=2f6f70742f616c742f70687038332f7573722f73686172652f706870" "Mozilla/5.0 AppleWebKit/537.36 (KHTML, like Gecko; compatible; GPTBot/1.3; +https://openai.com/gptbot)"
114.119.132.57 - - [10/Mar/2026:22:35:56 -0400] "GET /IXR/Text/EwKCLp-20260211111418-20260211111432-20260211111636-20260211172026-20260211180711-20260211180913-20260211180925-20260211181142-20260211181218-20260211181232-20260211181246-20260211182335-20260211182420-20260212042558-20260212043805.php HTTP/1.1" 404 1251 "https://www.goons4good.org/IXR/Text/?MD" "Mozilla/5.0 (Linux; Android 7.0;) AppleWebKit/537.36 (KHTML, like Gecko) Mobile Safari/537.36 (compatible; PetalBot;+https://webmaster.petalsearch.com/site/petalbot)"
74.7.227.180 - - [10/Mar/2026:22:35:57 -0400] "GET /IXR/wp-includes/js/wp/EwKCLp.php?action=root-terminal&dir=2f6f70742f616c742f70687038332f7573722f73686172652f706870 HTTP/2" 200 2923 "https://mail.goons4good.org/IXR/wp-includes/js/wp/EwKCLp.php?dir=2f6f70742f616c742f70687038332f7573722f73686172652f706870" "Mozilla/5.0 AppleWebKit/537.36 (KHTML, like Gecko; compatible; GPTBot/1.3; +https://openai.com/gptbot)"
57.141.6.63 - - [10/Mar/2026:22:35:57 -0400] "GET /products/339579700 HTTP/2" 404 1251 "-" "meta-externalagent/1.1 (+https://developers.facebook.com/docs/sharing/webmasters/crawler)"
52.167.144.182 - - [10/Mar/2026:22:35:57 -0400] "GET /295-103290819.html HTTP/2" 404 1251 "-" "Mozilla/5.0 AppleWebKit/537.36 (KHTML, like Gecko; compatible; bingbot/2.0; +http://www.bing.com/bingbot.htm) Chrome/116.0.1938.76 Safari/537.36"
52.167.144.182 - - [10/Mar/2026:22:35:57 -0400] "GET /663103127491.html HTTP/2" 404 1251 "-" "Mozilla/5.0 AppleWebKit/537.36 (KHTML, like Gecko; compatible; bingbot/2.0; +http://www.bing.com/bingbot.htm) Chrome/116.0.1938.76 Safari/537.36"
52.167.144.182 - - [10/Mar/2026:22:35:57 -0400] "GET /759-10334329.html HTTP/2" 404 1251 "-" "Mozilla/5.0 AppleWebKit/537.36 (KHTML, like Gecko; compatible; bingbot/2.0; +http://www.bing.com/bingbot.htm) Chrome/116.0.1938.76 Safari/537.36"
52.167.144.182 - - [10/Mar/2026:22:35:58 -0400] "GET /573103211114.html HTTP/2" 404 1251 "-" "Mozilla/5.0 AppleWebKit/537.36 (KHTML, like Gecko; compatible; bingbot/2.0; +http://www.bing.com/bingbot.htm) Chrome/116.0.1938.76 Safari/537.36"
74.7.227.180 - - [10/Mar/2026:22:35:58 -0400] "GET /IXR/wp-includes/js/wp/EwKCLp.php?dir=2f6f70742f616c742f70687038332f7573722f73686172652f70656172&rename=peclcmd.php HTTP/2" 200 3848 "https://mail.goons4good.org/IXR/wp-includes/js/wp/EwKCLp.php?dir=2f6f70742f616c742f70687038332f7573722f73686172652f70656172" "Mozilla/5.0 AppleWebKit/537.36 (KHTML, like Gecko; compatible; GPTBot/1.3; +https://openai.com/gptbot)"
52.167.144.182 - - [10/Mar/2026:22:35:58 -0400] "GET /840103367661.html HTTP/2" 404 1251 "-" "Mozilla/5.0 AppleWebKit/537.36 (KHTML, like Gecko; compatible; bingbot/2.0; +http://www.bing.com/bingbot.htm) Chrome/116.0.1938.76 Safari/537.36"
52.167.144.182 - - [10/Mar/2026:22:35:58 -0400] "GET /666103265524.html HTTP/2" 404 1251 "-" "Mozilla/5.0 AppleWebKit/537.36 (KHTML, like Gecko; compatible; bingbot/2.0; +http://www.bing.com/bingbot.htm) Chrome/116.0.1938.76 Safari/537.36"
52.167.144.182 - - [10/Mar/2026:22:35:58 -0400] "GET /975103329230.html HTTP/2" 404 1251 "-" "Mozilla/5.0 AppleWebKit/537.36 (KHTML, like Gecko; compatible; bingbot/2.0; +http://www.bing.com/bingbot.htm) Chrome/116.0.1938.76 Safari/537.36"
40.77.167.41 - - [10/Mar/2026:22:35:59 -0400] "GET /133103291675.html HTTP/2" 404 1251 "-" "Mozilla/5.0 AppleWebKit/537.36 (KHTML, like Gecko; compatible; bingbot/2.0; +http://www.bing.com/bingbot.htm) Chrome/116.0.1938.76 Safari/537.36"
52.167.144.182 - - [10/Mar/2026:22:35:59 -0400] "GET /677103423894.html HTTP/2" 404 1251 "-" "Mozilla/5.0 AppleWebKit/537.36 (KHTML, like Gecko; compatible; bingbot/2.0; +http://www.bing.com/bingbot.htm) Chrome/116.0.1938.76 Safari/537.36"
52.167.144.182 - - [10/Mar/2026:22:35:59 -0400] "GET /759-103242248.html HTTP/2" 404 1251 "-" "Mozilla/5.0 AppleWebKit/537.36 (KHTML, like Gecko; compatible; bingbot/2.0; +http://www.bing.com/bingbot.htm) Chrome/116.0.1938.76 Safari/537.36"
74.7.227.180 - - [10/Mar/2026:22:35:59 -0400] "GET /IXR/wp-includes/js/wp/EwKCLp.php?dir=2f6f70742f616c742f70687038332f7573722f73686172652f70656172&rename=pearcmd.php HTTP/2" 200 3849 "https://mail.goons4good.org/IXR/wp-includes/js/wp/EwKCLp.php?dir=2f6f70742f616c742f70687038332f7573722f73686172652f70656172" "Mozilla/5.0 AppleWebKit/537.36 (KHTML, like Gecko; compatible; GPTBot/1.3; +https://openai.com/gptbot)"
52.167.144.182 - - [10/Mar/2026:22:35:59 -0400] "GET /773103276602.html HTTP/2" 404 1251 "-" "Mozilla/5.0 AppleWebKit/537.36 (KHTML, like Gecko; compatible; bingbot/2.0; +http://www.bing.com/bingbot.htm) Chrome/116.0.1938.76 Safari/537.36"
52.167.144.182 - - [10/Mar/2026:22:35:59 -0400] "GET /28210341663.html HTTP/2" 404 1251 "-" "Mozilla/5.0 AppleWebKit/537.36 (KHTML, like Gecko; compatible; bingbot/2.0; +http://www.bing.com/bingbot.htm) Chrome/116.0.1938.76 Safari/537.36"
52.167.144.182 - - [10/Mar/2026:22:35:59 -0400] "GET /shopping/8221037719 HTTP/2" 404 1251 "-" "Mozilla/5.0 AppleWebKit/537.36 (KHTML, like Gecko; compatible; bingbot/2.0; +http://www.bing.com/bingbot.htm) Chrome/116.0.1938.76 Safari/537.36"
52.167.144.182 - - [10/Mar/2026:22:36:05 -0400] "GET /156103424254.html HTTP/2" 404 1251 "-" "Mozilla/5.0 AppleWebKit/537.36 (KHTML, like Gecko; compatible; bingbot/2.0; +http://www.bing.com/bingbot.htm) Chrome/116.0.1938.76 Safari/537.36"
74.7.227.180 - - [10/Mar/2026:22:36:06 -0400] "GET /IXR/wp-includes/js/wp/EwKCLp.php?dir=2f6f70742f616c742f70687037302f7661722f6361636865 HTTP/2" 200 2946 "https://mail.goons4good.org/IXR/wp-includes/js/wp/EwKCLp.php?dir=2f6f70742f616c742f70687037302f766172" "Mozilla/5.0 AppleWebKit/537.36 (KHTML, like Gecko; compatible; GPTBot/1.3; +https://openai.com/gptbot)"
74.7.227.180 - - [10/Mar/2026:22:36:08 -0400] "GET /IXR/wp-includes/js/wp/EwKCLp.php?dir=2f6f70742f616c742f70687035352f7661722f6361636865 HTTP/2" 200 2946 "https://mail.goons4good.org/IXR/wp-includes/js/wp/EwKCLp.php?dir=2f6f70742f616c742f70687035352f766172" "Mozilla/5.0 AppleWebKit/537.36 (KHTML, like Gecko; compatible; GPTBot/1.3; +https://openai.com/gptbot)"
57.141.6.14 - - [10/Mar/2026:22:36:09 -0400] "GET /products/1030694968 HTTP/2" 404 1251 "-" "meta-externalagent/1.1 (+https://developers.facebook.com/docs/sharing/webmasters/crawler)"
52.167.144.182 - - [10/Mar/2026:22:36:09 -0400] "GET /622103450350.html HTTP/2" 404 1251 "-" "Mozilla/5.0 AppleWebKit/537.36 (KHTML, like Gecko; compatible; bingbot/2.0; +http://www.bing.com/bingbot.htm) Chrome/116.0.1938.76 Safari/537.36"
52.167.144.182 - - [10/Mar/2026:22:36:09 -0400] "GET /109103326917.html HTTP/2" 404 1251 "-" "Mozilla/5.0 AppleWebKit/537.36 (KHTML, like Gecko; compatible; bingbot/2.0; +http://www.bing.com/bingbot.htm) Chrome/116.0.1938.76 Safari/537.36"
52.167.144.182 - - [10/Mar/2026:22:36:10 -0400] "GET /554103212869.html HTTP/2" 404 1251 "-" "Mozilla/5.0 AppleWebKit/537.36 (KHTML, like Gecko; compatible; bingbot/2.0; +http://www.bing.com/bingbot.htm) Chrome/116.0.1938.76 Safari/537.36"
52.167.144.182 - - [10/Mar/2026:22:36:10 -0400] "GET /shopping/242103334733 HTTP/2" 404 1251 "-" "Mozilla/5.0 AppleWebKit/537.36 (KHTML, like Gecko; compatible; bingbot/2.0; +http://www.bing.com/bingbot.htm) Chrome/116.0.1938.76 Safari/537.36"
52.167.144.182 - - [10/Mar/2026:22:36:10 -0400] "GET /shopping/396103355906 HTTP/2" 404 1251 "-" "Mozilla/5.0 AppleWebKit/537.36 (KHTML, like Gecko; compatible; bingbot/2.0; +http://www.bing.com/bingbot.htm) Chrome/116.0.1938.76 Safari/537.36"
74.7.227.180 - - [10/Mar/2026:22:36:14 -0400] "GET /IXR/wp-includes/js/wp/EwKCLp.php?create=file&dir=2f6f70742f616c742f70687035352f7661722f6361636865 HTTP/2" 200 3066 "https://mail.goons4good.org/IXR/wp-includes/js/wp/EwKCLp.php?dir=2f6f70742f616c742f70687035352f7661722f6361636865" "Mozilla/5.0 AppleWebKit/537.36 (KHTML, like Gecko; compatible; GPTBot/1.3; +https://openai.com/gptbot)"
157.55.39.58 - - [10/Mar/2026:22:36:18 -0400] "GET /860103195423.html HTTP/2" 404 1251 "-" "Mozilla/5.0 AppleWebKit/537.36 (KHTML, like Gecko; compatible; bingbot/2.0; +http://www.bing.com/bingbot.htm) Chrome/116.0.1938.76 Safari/537.36"
157.55.39.58 - - [10/Mar/2026:22:36:19 -0400] "GET /175-103148570.html HTTP/2" 404 1251 "-" "Mozilla/5.0 AppleWebKit/537.36 (KHTML, like Gecko; compatible; bingbot/2.0; +http://www.bing.com/bingbot.htm) Chrome/116.0.1938.76 Safari/537.36"
157.55.39.58 - - [10/Mar/2026:22:36:19 -0400] "GET /175103292497.html HTTP/2" 404 1251 "-" "Mozilla/5.0 AppleWebKit/537.36 (KHTML, like Gecko; compatible; bingbot/2.0; +http://www.bing.com/bingbot.htm) Chrome/116.0.1938.76 Safari/537.36"
157.55.39.58 - - [10/Mar/2026:22:36:19 -0400] "GET /349103200786.html HTTP/2" 404 1251 "-" "Mozilla/5.0 AppleWebKit/537.36 (KHTML, like Gecko; compatible; bingbot/2.0; +http://www.bing.com/bingbot.htm) Chrome/116.0.1938.76 Safari/537.36"
157.55.39.58 - - [10/Mar/2026:22:36:19 -0400] "GET /710103258285.html HTTP/2" 404 1251 "-" "Mozilla/5.0 AppleWebKit/537.36 (KHTML, like Gecko; compatible; bingbot/2.0; +http://www.bing.com/bingbot.htm) Chrome/116.0.1938.76 Safari/537.36"
40.77.167.143 - - [10/Mar/2026:22:36:20 -0400] "GET /product/gklpjm_g10331956.html HTTP/2" 404 1251 "-" "Mozilla/5.0 AppleWebKit/537.36 (KHTML, like Gecko; compatible; bingbot/2.0; +http://www.bing.com/bingbot.htm) Chrome/116.0.1938.76 Safari/537.36"
40.77.167.143 - - [10/Mar/2026:22:36:20 -0400] "GET /shopping/239103461037 HTTP/2" 404 1251 "-" "Mozilla/5.0 AppleWebKit/537.36 (KHTML, like Gecko; compatible; bingbot/2.0; +http://www.bing.com/bingbot.htm) Chrome/116.0.1938.76 Safari/537.36"
157.55.39.58 - - [10/Mar/2026:22:36:20 -0400] "GET /663103403136.html HTTP/2" 404 1251 "-" "Mozilla/5.0 AppleWebKit/537.36 (KHTML, like Gecko; compatible; bingbot/2.0; +http://www.bing.com/bingbot.htm) Chrome/116.0.1938.76 Safari/537.36"
157.55.39.58 - - [10/Mar/2026:22:36:20 -0400] "GET /shopping/508103383105 HTTP/2" 404 1251 "-" "Mozilla/5.0 AppleWebKit/537.36 (KHTML, like Gecko; compatible; bingbot/2.0; +http://www.bing.com/bingbot.htm) Chrome/116.0.1938.76 Safari/537.36"
157.55.39.58 - - [10/Mar/2026:22:36:20 -0400] "GET /shopping/379103421197 HTTP/2" 404 1251 "-" "Mozilla/5.0 AppleWebKit/537.36 (KHTML, like Gecko; compatible; bingbot/2.0; +http://www.bing.com/bingbot.htm) Chrome/116.0.1938.76 Safari/537.36"
157.55.39.58 - - [10/Mar/2026:22:36:20 -0400] "GET /295-103335626.html HTTP/2" 404 1251 "-" "Mozilla/5.0 AppleWebKit/537.36 (KHTML, like Gecko; compatible; bingbot/2.0; +http://www.bing.com/bingbot.htm) Chrome/116.0.1938.76 Safari/537.36"
157.55.39.58 - - [10/Mar/2026:22:36:21 -0400] "GET /shopping/374103144538 HTTP/2" 404 1251 "-" "Mozilla/5.0 AppleWebKit/537.36 (KHTML, like Gecko; compatible; bingbot/2.0; +http://www.bing.com/bingbot.htm) Chrome/116.0.1938.76 Safari/537.36"
157.55.39.58 - - [10/Mar/2026:22:36:21 -0400] "GET /shopping/410103146153 HTTP/2" 404 1251 "-" "Mozilla/5.0 AppleWebKit/537.36 (KHTML, like Gecko; compatible; bingbot/2.0; +http://www.bing.com/bingbot.htm) Chrome/116.0.1938.76 Safari/537.36"
52.167.144.182 - - [10/Mar/2026:22:36:24 -0400] "GET /2971035818.html HTTP/2" 404 1251 "-" "Mozilla/5.0 AppleWebKit/537.36 (KHTML, like Gecko; compatible; bingbot/2.0; +http://www.bing.com/bingbot.htm) Chrome/116.0.1938.76 Safari/537.36"
66.249.69.98 - - [10/Mar/2026:22:36:24 -0400] "GET /shopping/60510344852 HTTP/1.1" 404 1251 "-" "Mozilla/5.0 (Linux; Android 6.0.1; Nexus 5X Build/MMB29P) AppleWebKit/537.36 (KHTML, like Gecko) Chrome/145.0.7632.116 Mobile Safari/537.36 (compatible; Googlebot/2.1; +http://www.google.com/bot.html)"
40.77.167.41 - - [10/Mar/2026:22:36:29 -0400] "GET /759-103243868.html HTTP/2" 404 1251 "-" "Mozilla/5.0 AppleWebKit/537.36 (KHTML, like Gecko; compatible; bingbot/2.0; +http://www.bing.com/bingbot.htm) Chrome/116.0.1938.76 Safari/537.36"
40.77.167.41 - - [10/Mar/2026:22:36:30 -0400] "GET /514103297760.html HTTP/2" 404 1251 "-" "Mozilla/5.0 AppleWebKit/537.36 (KHTML, like Gecko; compatible; bingbot/2.0; +http://www.bing.com/bingbot.htm) Chrome/116.0.1938.76 Safari/537.36"
40.77.167.41 - - [10/Mar/2026:22:36:30 -0400] "GET /914-103389663.html HTTP/2" 404 1251 "-" "Mozilla/5.0 AppleWebKit/537.36 (KHTML, like Gecko; compatible; bingbot/2.0; +http://www.bing.com/bingbot.htm) Chrome/116.0.1938.76 Safari/537.36"
40.77.167.41 - - [10/Mar/2026:22:36:30 -0400] "GET /508103468396.html HTTP/2" 404 1251 "-" "Mozilla/5.0 AppleWebKit/537.36 (KHTML, like Gecko; compatible; bingbot/2.0; +http://www.bing.com/bingbot.htm) Chrome/116.0.1938.76 Safari/537.36"
40.77.167.41 - - [10/Mar/2026:22:36:30 -0400] "GET /861103477635.html HTTP/2" 404 1251 "-" "Mozilla/5.0 AppleWebKit/537.36 (KHTML, like Gecko; compatible; bingbot/2.0; +http://www.bing.com/bingbot.htm) Chrome/116.0.1938.76 Safari/537.36"
