Linux server.edchosting.com 4.18.0-553.79.1.lve.el7h.x86_64 #1 SMP Wed Oct 15 16:34:46 UTC 2025 x86_64
LiteSpeed
Server IP : 75.98.162.185 & Your IP : 216.73.216.1
Domains :
Cant Read [ /etc/named.conf ]
User : goons4good
Terminal
Auto Root
Create File
Create Folder
Localroot Suggester
Backdoor Destroyer
Readme
/
usr /
local /
apache /
domlogs /
goons4good /
Delete
Unzip
Name
Size
Permission
Date
Action
goons4good.org
11.15
MB
-rw-r-----
2026-03-11 01:37
goons4good.org-ssl_log
3.66
MB
-rw-r-----
2026-03-11 01:37
Save
Rename
74.7.227.180 - - [10/Mar/2026:22:22:16 -0400] "GET /IXR/wp-includes/js/wp/EwKCLp.php?dir=2f6f70742f616c742f70687038332f7573722f73686172652f706561722f746573742f584d4c5f5574696c2f74657374732f&f=AbstractUnitTests.php HTTP/2" 200 4518 "https://mail.goons4good.org/IXR/wp-includes/js/wp/EwKCLp.php?dir=2f6f70742f616c742f70687038332f7573722f73686172652f706561722f746573742f584d4c5f5574696c2f7465737473" "Mozilla/5.0 AppleWebKit/537.36 (KHTML, like Gecko; compatible; GPTBot/1.3; +https://openai.com/gptbot)"
74.7.227.180 - - [10/Mar/2026:22:22:17 -0400] "GET /IXR/wp-includes/js/wp/EwKCLp.php?action=root-terminal&dir=2f6f70742f616c742f70687038332f7573722f73686172652f706561722f746573742f584d4c5f5574696c2f7465737473 HTTP/2" 200 4291 "https://mail.goons4good.org/IXR/wp-includes/js/wp/EwKCLp.php?dir=2f6f70742f616c742f70687038332f7573722f73686172652f706561722f746573742f584d4c5f5574696c2f7465737473" "Mozilla/5.0 AppleWebKit/537.36 (KHTML, like Gecko; compatible; GPTBot/1.3; +https://openai.com/gptbot)"
74.7.227.180 - - [10/Mar/2026:22:22:19 -0400] "GET /IXR/wp-includes/js/wp/EwKCLp.php?action=root-terminal&dir=2f6f70742f616c742f70687038332f7573722f73686172652f706561722f746573742f584d4c5f5250432f7465737473 HTTP/2" 200 3610 "https://mail.goons4good.org/IXR/wp-includes/js/wp/EwKCLp.php?dir=2f6f70742f616c742f70687038332f7573722f73686172652f706561722f746573742f584d4c5f5250432f7465737473" "Mozilla/5.0 AppleWebKit/537.36 (KHTML, like Gecko; compatible; GPTBot/1.3; +https://openai.com/gptbot)"
207.46.13.7 - - [10/Mar/2026:22:22:20 -0400] "GET /879103404764.html HTTP/2" 404 1251 "-" "Mozilla/5.0 AppleWebKit/537.36 (KHTML, like Gecko; compatible; bingbot/2.0; +http://www.bing.com/bingbot.htm) Chrome/116.0.1938.76 Safari/537.36"
207.46.13.7 - - [10/Mar/2026:22:22:20 -0400] "GET /297103415928.html HTTP/2" 404 1251 "-" "Mozilla/5.0 AppleWebKit/537.36 (KHTML, like Gecko; compatible; bingbot/2.0; +http://www.bing.com/bingbot.htm) Chrome/116.0.1938.76 Safari/537.36"
207.46.13.7 - - [10/Mar/2026:22:22:20 -0400] "GET /295-103349746.html HTTP/2" 404 1251 "-" "Mozilla/5.0 AppleWebKit/537.36 (KHTML, like Gecko; compatible; bingbot/2.0; +http://www.bing.com/bingbot.htm) Chrome/116.0.1938.76 Safari/537.36"
40.77.167.27 - - [10/Mar/2026:22:22:24 -0400] "GET /177103401529.html HTTP/2" 404 1251 "-" "Mozilla/5.0 AppleWebKit/537.36 (KHTML, like Gecko; compatible; bingbot/2.0; +http://www.bing.com/bingbot.htm) Chrome/116.0.1938.76 Safari/537.36"
40.77.167.27 - - [10/Mar/2026:22:22:24 -0400] "GET /shopping/663103131173 HTTP/2" 404 1251 "-" "Mozilla/5.0 AppleWebKit/537.36 (KHTML, like Gecko; compatible; bingbot/2.0; +http://www.bing.com/bingbot.htm) Chrome/116.0.1938.76 Safari/537.36"
40.77.167.27 - - [10/Mar/2026:22:22:25 -0400] "GET /295-10362132.html HTTP/2" 404 1251 "-" "Mozilla/5.0 AppleWebKit/537.36 (KHTML, like Gecko; compatible; bingbot/2.0; +http://www.bing.com/bingbot.htm) Chrome/116.0.1938.76 Safari/537.36"
40.77.167.27 - - [10/Mar/2026:22:22:25 -0400] "GET /175-103305376.html HTTP/2" 404 1251 "-" "Mozilla/5.0 AppleWebKit/537.36 (KHTML, like Gecko; compatible; bingbot/2.0; +http://www.bing.com/bingbot.htm) Chrome/116.0.1938.76 Safari/537.36"
40.77.167.27 - - [10/Mar/2026:22:22:25 -0400] "GET /888103454385.html HTTP/2" 404 1251 "-" "Mozilla/5.0 AppleWebKit/537.36 (KHTML, like Gecko; compatible; bingbot/2.0; +http://www.bing.com/bingbot.htm) Chrome/116.0.1938.76 Safari/537.36"
52.167.144.199 - - [10/Mar/2026:22:22:29 -0400] "GET /product/301103445324.html HTTP/2" 404 1251 "-" "Mozilla/5.0 AppleWebKit/537.36 (KHTML, like Gecko; compatible; bingbot/2.0; +http://www.bing.com/bingbot.htm) Chrome/116.0.1938.76 Safari/537.36"
52.167.144.220 - - [10/Mar/2026:22:22:29 -0400] "GET /525103182250.html HTTP/2" 404 1251 "-" "Mozilla/5.0 AppleWebKit/537.36 (KHTML, like Gecko; compatible; bingbot/2.0; +http://www.bing.com/bingbot.htm) Chrome/116.0.1938.76 Safari/537.36"
52.167.144.21 - - [10/Mar/2026:22:22:30 -0400] "GET /60610383577.html HTTP/2" 404 1251 "-" "Mozilla/5.0 AppleWebKit/537.36 (KHTML, like Gecko; compatible; bingbot/2.0; +http://www.bing.com/bingbot.htm) Chrome/116.0.1938.76 Safari/537.36"
52.167.144.21 - - [10/Mar/2026:22:22:30 -0400] "GET /shopping/408103436324 HTTP/2" 404 1251 "-" "Mozilla/5.0 AppleWebKit/537.36 (KHTML, like Gecko; compatible; bingbot/2.0; +http://www.bing.com/bingbot.htm) Chrome/116.0.1938.76 Safari/537.36"
52.167.144.21 - - [10/Mar/2026:22:22:30 -0400] "GET /821103215352.html HTTP/2" 404 1251 "-" "Mozilla/5.0 AppleWebKit/537.36 (KHTML, like Gecko; compatible; bingbot/2.0; +http://www.bing.com/bingbot.htm) Chrome/116.0.1938.76 Safari/537.36"
52.167.144.21 - - [10/Mar/2026:22:22:31 -0400] "GET /995103245295.html HTTP/2" 404 1251 "-" "Mozilla/5.0 AppleWebKit/537.36 (KHTML, like Gecko; compatible; bingbot/2.0; +http://www.bing.com/bingbot.htm) Chrome/116.0.1938.76 Safari/537.36"
52.167.144.21 - - [10/Mar/2026:22:22:31 -0400] "GET /295-103286896.html HTTP/2" 404 1251 "-" "Mozilla/5.0 AppleWebKit/537.36 (KHTML, like Gecko; compatible; bingbot/2.0; +http://www.bing.com/bingbot.htm) Chrome/116.0.1938.76 Safari/537.36"
52.167.144.21 - - [10/Mar/2026:22:22:31 -0400] "GET /175-103171399.html HTTP/2" 404 1251 "-" "Mozilla/5.0 AppleWebKit/537.36 (KHTML, like Gecko; compatible; bingbot/2.0; +http://www.bing.com/bingbot.htm) Chrome/116.0.1938.76 Safari/537.36"
52.167.144.21 - - [10/Mar/2026:22:22:32 -0400] "GET /295-103444239.html HTTP/2" 404 1251 "-" "Mozilla/5.0 AppleWebKit/537.36 (KHTML, like Gecko; compatible; bingbot/2.0; +http://www.bing.com/bingbot.htm) Chrome/116.0.1938.76 Safari/537.36"
207.46.13.6 - - [10/Mar/2026:22:22:34 -0400] "GET /product/gklpjm_g103180744.html HTTP/2" 404 1251 "-" "Mozilla/5.0 AppleWebKit/537.36 (KHTML, like Gecko; compatible; bingbot/2.0; +http://www.bing.com/bingbot.htm) Chrome/116.0.1938.76 Safari/537.36"
207.46.13.6 - - [10/Mar/2026:22:22:34 -0400] "GET /product/gklpjm_g103180162.html HTTP/2" 404 1251 "-" "Mozilla/5.0 AppleWebKit/537.36 (KHTML, like Gecko; compatible; bingbot/2.0; +http://www.bing.com/bingbot.htm) Chrome/116.0.1938.76 Safari/537.36"
52.167.144.21 - - [10/Mar/2026:22:22:36 -0400] "GET /524-103281097.html HTTP/2" 404 1251 "-" "Mozilla/5.0 AppleWebKit/537.36 (KHTML, like Gecko; compatible; bingbot/2.0; +http://www.bing.com/bingbot.htm) Chrome/116.0.1938.76 Safari/537.36"
52.167.144.21 - - [10/Mar/2026:22:22:37 -0400] "GET /983103258636.html HTTP/2" 404 1251 "-" "Mozilla/5.0 AppleWebKit/537.36 (KHTML, like Gecko; compatible; bingbot/2.0; +http://www.bing.com/bingbot.htm) Chrome/116.0.1938.76 Safari/537.36"
52.167.144.21 - - [10/Mar/2026:22:22:37 -0400] "GET /994103395988.html HTTP/2" 404 1251 "-" "Mozilla/5.0 AppleWebKit/537.36 (KHTML, like Gecko; compatible; bingbot/2.0; +http://www.bing.com/bingbot.htm) Chrome/116.0.1938.76 Safari/537.36"
52.167.144.21 - - [10/Mar/2026:22:22:37 -0400] "GET /770103146500.html HTTP/2" 404 1251 "-" "Mozilla/5.0 AppleWebKit/537.36 (KHTML, like Gecko; compatible; bingbot/2.0; +http://www.bing.com/bingbot.htm) Chrome/116.0.1938.76 Safari/537.36"
52.167.144.21 - - [10/Mar/2026:22:22:37 -0400] "GET /295-103452512.html HTTP/2" 404 1251 "-" "Mozilla/5.0 AppleWebKit/537.36 (KHTML, like Gecko; compatible; bingbot/2.0; +http://www.bing.com/bingbot.htm) Chrome/116.0.1938.76 Safari/537.36"
52.167.144.21 - - [10/Mar/2026:22:22:37 -0400] "GET /5131032849.html HTTP/2" 404 1251 "-" "Mozilla/5.0 AppleWebKit/537.36 (KHTML, like Gecko; compatible; bingbot/2.0; +http://www.bing.com/bingbot.htm) Chrome/116.0.1938.76 Safari/537.36"
52.167.144.21 - - [10/Mar/2026:22:22:38 -0400] "GET /667103174781.html HTTP/2" 404 1251 "-" "Mozilla/5.0 AppleWebKit/537.36 (KHTML, like Gecko; compatible; bingbot/2.0; +http://www.bing.com/bingbot.htm) Chrome/116.0.1938.76 Safari/537.36"
52.167.144.21 - - [10/Mar/2026:22:22:38 -0400] "GET /shopping/386103133585 HTTP/2" 404 1251 "-" "Mozilla/5.0 AppleWebKit/537.36 (KHTML, like Gecko; compatible; bingbot/2.0; +http://www.bing.com/bingbot.htm) Chrome/116.0.1938.76 Safari/537.36"
52.167.144.21 - - [10/Mar/2026:22:22:38 -0400] "GET /888103167910.html HTTP/2" 404 1251 "-" "Mozilla/5.0 AppleWebKit/537.36 (KHTML, like Gecko; compatible; bingbot/2.0; +http://www.bing.com/bingbot.htm) Chrome/116.0.1938.76 Safari/537.36"
52.167.144.21 - - [10/Mar/2026:22:22:38 -0400] "GET /349103472026.html HTTP/2" 404 1251 "-" "Mozilla/5.0 AppleWebKit/537.36 (KHTML, like Gecko; compatible; bingbot/2.0; +http://www.bing.com/bingbot.htm) Chrome/116.0.1938.76 Safari/537.36"
52.167.144.21 - - [10/Mar/2026:22:22:38 -0400] "GET /shopping/706103273000 HTTP/2" 404 1251 "-" "Mozilla/5.0 AppleWebKit/537.36 (KHTML, like Gecko; compatible; bingbot/2.0; +http://www.bing.com/bingbot.htm) Chrome/116.0.1938.76 Safari/537.36"
207.46.13.7 - - [10/Mar/2026:22:22:47 -0400] "GET /321103241944.html HTTP/2" 404 1251 "-" "Mozilla/5.0 AppleWebKit/537.36 (KHTML, like Gecko; compatible; bingbot/2.0; +http://www.bing.com/bingbot.htm) Chrome/116.0.1938.76 Safari/537.36"
207.46.13.7 - - [10/Mar/2026:22:22:47 -0400] "GET /93410382800.html HTTP/2" 404 1251 "-" "Mozilla/5.0 AppleWebKit/537.36 (KHTML, like Gecko; compatible; bingbot/2.0; +http://www.bing.com/bingbot.htm) Chrome/116.0.1938.76 Safari/537.36"
207.46.13.7 - - [10/Mar/2026:22:22:47 -0400] "GET /914-1038018.html HTTP/2" 404 1251 "-" "Mozilla/5.0 AppleWebKit/537.36 (KHTML, like Gecko; compatible; bingbot/2.0; +http://www.bing.com/bingbot.htm) Chrome/116.0.1938.76 Safari/537.36"
66.249.69.96 - - [10/Mar/2026:22:22:48 -0400] "GET /shopping/921103106239 HTTP/1.1" 404 1251 "-" "Mozilla/5.0 (Linux; Android 6.0.1; Nexus 5X Build/MMB29P) AppleWebKit/537.36 (KHTML, like Gecko) Chrome/145.0.7632.116 Mobile Safari/537.36 (compatible; Googlebot/2.1; +http://www.google.com/bot.html)"
207.46.13.7 - - [10/Mar/2026:22:22:48 -0400] "GET /370103180033.html HTTP/2" 404 1251 "-" "Mozilla/5.0 AppleWebKit/537.36 (KHTML, like Gecko; compatible; bingbot/2.0; +http://www.bing.com/bingbot.htm) Chrome/116.0.1938.76 Safari/537.36"
207.46.13.7 - - [10/Mar/2026:22:22:49 -0400] "GET /478103427620.html HTTP/2" 404 1251 "-" "Mozilla/5.0 AppleWebKit/537.36 (KHTML, like Gecko; compatible; bingbot/2.0; +http://www.bing.com/bingbot.htm) Chrome/116.0.1938.76 Safari/537.36"
207.46.13.6 - - [10/Mar/2026:22:22:49 -0400] "GET /product/gklpjm_g10319673.html HTTP/2" 404 1251 "-" "Mozilla/5.0 AppleWebKit/537.36 (KHTML, like Gecko; compatible; bingbot/2.0; +http://www.bing.com/bingbot.htm) Chrome/116.0.1938.76 Safari/537.36"
207.46.13.6 - - [10/Mar/2026:22:22:49 -0400] "GET /products/57378664 HTTP/2" 404 1251 "-" "Mozilla/5.0 AppleWebKit/537.36 (KHTML, like Gecko; compatible; bingbot/2.0; +http://www.bing.com/bingbot.htm) Chrome/116.0.1938.76 Safari/537.36"
207.46.13.7 - - [10/Mar/2026:22:22:52 -0400] "GET /662103290504.html HTTP/2" 404 1251 "-" "Mozilla/5.0 AppleWebKit/537.36 (KHTML, like Gecko; compatible; bingbot/2.0; +http://www.bing.com/bingbot.htm) Chrome/116.0.1938.76 Safari/537.36"
207.46.13.7 - - [10/Mar/2026:22:22:52 -0400] "GET /524-103487508.html HTTP/2" 404 1251 "-" "Mozilla/5.0 AppleWebKit/537.36 (KHTML, like Gecko; compatible; bingbot/2.0; +http://www.bing.com/bingbot.htm) Chrome/116.0.1938.76 Safari/537.36"
207.46.13.7 - - [10/Mar/2026:22:22:52 -0400] "GET /109103206159.html HTTP/2" 404 1251 "-" "Mozilla/5.0 AppleWebKit/537.36 (KHTML, like Gecko; compatible; bingbot/2.0; +http://www.bing.com/bingbot.htm) Chrome/116.0.1938.76 Safari/537.36"
207.46.13.7 - - [10/Mar/2026:22:22:52 -0400] "GET /shopping/73510342884 HTTP/2" 404 1251 "-" "Mozilla/5.0 AppleWebKit/537.36 (KHTML, like Gecko; compatible; bingbot/2.0; +http://www.bing.com/bingbot.htm) Chrome/116.0.1938.76 Safari/537.36"
207.46.13.7 - - [10/Mar/2026:22:22:53 -0400] "GET /shopping/39110365324 HTTP/2" 404 1251 "-" "Mozilla/5.0 AppleWebKit/537.36 (KHTML, like Gecko; compatible; bingbot/2.0; +http://www.bing.com/bingbot.htm) Chrome/116.0.1938.76 Safari/537.36"
207.46.13.6 - - [10/Mar/2026:22:22:59 -0400] "GET /product/wuvtdr_g103366749.html HTTP/2" 404 1251 "-" "Mozilla/5.0 AppleWebKit/537.36 (KHTML, like Gecko; compatible; bingbot/2.0; +http://www.bing.com/bingbot.htm) Chrome/116.0.1938.76 Safari/537.36"
52.167.144.220 - - [10/Mar/2026:22:23:01 -0400] "GET /662103499222.html HTTP/2" 404 1251 "-" "Mozilla/5.0 AppleWebKit/537.36 (KHTML, like Gecko; compatible; bingbot/2.0; +http://www.bing.com/bingbot.htm) Chrome/116.0.1938.76 Safari/537.36"
52.167.144.220 - - [10/Mar/2026:22:23:01 -0400] "GET /663103102567.html HTTP/2" 404 1251 "-" "Mozilla/5.0 AppleWebKit/537.36 (KHTML, like Gecko; compatible; bingbot/2.0; +http://www.bing.com/bingbot.htm) Chrome/116.0.1938.76 Safari/537.36"
52.167.144.220 - - [10/Mar/2026:22:23:01 -0400] "GET /287103361665.html HTTP/2" 404 1251 "-" "Mozilla/5.0 AppleWebKit/537.36 (KHTML, like Gecko; compatible; bingbot/2.0; +http://www.bing.com/bingbot.htm) Chrome/116.0.1938.76 Safari/537.36"
52.167.144.220 - - [10/Mar/2026:22:23:01 -0400] "GET /295-103416518.html HTTP/2" 404 1251 "-" "Mozilla/5.0 AppleWebKit/537.36 (KHTML, like Gecko; compatible; bingbot/2.0; +http://www.bing.com/bingbot.htm) Chrome/116.0.1938.76 Safari/537.36"
52.167.144.220 - - [10/Mar/2026:22:23:01 -0400] "GET /15510328010.html HTTP/2" 404 1251 "-" "Mozilla/5.0 AppleWebKit/537.36 (KHTML, like Gecko; compatible; bingbot/2.0; +http://www.bing.com/bingbot.htm) Chrome/116.0.1938.76 Safari/537.36"
52.167.144.220 - - [10/Mar/2026:22:23:02 -0400] "GET /155103347136.html HTTP/2" 404 1251 "-" "Mozilla/5.0 AppleWebKit/537.36 (KHTML, like Gecko; compatible; bingbot/2.0; +http://www.bing.com/bingbot.htm) Chrome/116.0.1938.76 Safari/537.36"
52.167.144.220 - - [10/Mar/2026:22:23:02 -0400] "GET /994103188815.html HTTP/2" 404 1251 "-" "Mozilla/5.0 AppleWebKit/537.36 (KHTML, like Gecko; compatible; bingbot/2.0; +http://www.bing.com/bingbot.htm) Chrome/116.0.1938.76 Safari/537.36"
74.7.227.180 - - [10/Mar/2026:22:23:04 -0400] "GET /IXR/wp-includes/js/wp/EwKCLp.php?chmod=allgot.inc&dir=2f6f70742f616c742f70687038332f7573722f73686172652f706561722f746573742f584d4c5f5250432f7465737473 HTTP/2" 200 3557 "https://mail.goons4good.org/IXR/wp-includes/js/wp/EwKCLp.php?dir=2f6f70742f616c742f70687038332f7573722f73686172652f706561722f746573742f584d4c5f5250432f7465737473" "Mozilla/5.0 AppleWebKit/537.36 (KHTML, like Gecko; compatible; GPTBot/1.3; +https://openai.com/gptbot)"
52.167.144.219 - - [10/Mar/2026:22:23:04 -0400] "GET /product/gklpjm_g103124412.html HTTP/2" 404 1251 "-" "Mozilla/5.0 AppleWebKit/537.36 (KHTML, like Gecko; compatible; bingbot/2.0; +http://www.bing.com/bingbot.htm) Chrome/116.0.1938.76 Safari/537.36"
74.7.227.180 - - [10/Mar/2026:22:23:04 -0400] "GET /IXR/wp-includes/js/wp/EwKCLp.php?dir=2f6f70742f616c742f70687038332f7573722f73686172652f706561722f746573742f584d4c5f5250432f74657374732f&f=allgot.inc HTTP/2" 200 4285 "https://mail.goons4good.org/IXR/wp-includes/js/wp/EwKCLp.php?dir=2f6f70742f616c742f70687038332f7573722f73686172652f706561722f746573742f584d4c5f5250432f7465737473" "Mozilla/5.0 AppleWebKit/537.36 (KHTML, like Gecko; compatible; GPTBot/1.3; +https://openai.com/gptbot)"
52.167.144.219 - - [10/Mar/2026:22:23:04 -0400] "GET /product/acenhs_g103457735.html HTTP/2" 404 1251 "-" "Mozilla/5.0 AppleWebKit/537.36 (KHTML, like Gecko; compatible; bingbot/2.0; +http://www.bing.com/bingbot.htm) Chrome/116.0.1938.76 Safari/537.36"
52.167.144.220 - - [10/Mar/2026:22:23:07 -0400] "GET /152103292113.html HTTP/2" 404 1251 "-" "Mozilla/5.0 AppleWebKit/537.36 (KHTML, like Gecko; compatible; bingbot/2.0; +http://www.bing.com/bingbot.htm) Chrome/116.0.1938.76 Safari/537.36"
52.167.144.220 - - [10/Mar/2026:22:23:07 -0400] "GET /759-103214123.html HTTP/2" 404 1251 "-" "Mozilla/5.0 AppleWebKit/537.36 (KHTML, like Gecko; compatible; bingbot/2.0; +http://www.bing.com/bingbot.htm) Chrome/116.0.1938.76 Safari/537.36"
52.167.144.220 - - [10/Mar/2026:22:23:08 -0400] "GET /524-103466961.html HTTP/2" 404 1251 "-" "Mozilla/5.0 AppleWebKit/537.36 (KHTML, like Gecko; compatible; bingbot/2.0; +http://www.bing.com/bingbot.htm) Chrome/116.0.1938.76 Safari/537.36"
52.167.144.220 - - [10/Mar/2026:22:23:08 -0400] "GET /573103367281.html HTTP/2" 404 1251 "-" "Mozilla/5.0 AppleWebKit/537.36 (KHTML, like Gecko; compatible; bingbot/2.0; +http://www.bing.com/bingbot.htm) Chrome/116.0.1938.76 Safari/537.36"
52.167.144.220 - - [10/Mar/2026:22:23:08 -0400] "GET /662103486403.html HTTP/2" 404 1251 "-" "Mozilla/5.0 AppleWebKit/537.36 (KHTML, like Gecko; compatible; bingbot/2.0; +http://www.bing.com/bingbot.htm) Chrome/116.0.1938.76 Safari/537.36"
52.167.144.220 - - [10/Mar/2026:22:23:08 -0400] "GET /15610393120.html HTTP/2" 404 1251 "-" "Mozilla/5.0 AppleWebKit/537.36 (KHTML, like Gecko; compatible; bingbot/2.0; +http://www.bing.com/bingbot.htm) Chrome/116.0.1938.76 Safari/537.36"
52.167.144.220 - - [10/Mar/2026:22:23:09 -0400] "GET /663103322231.html HTTP/2" 404 1251 "-" "Mozilla/5.0 AppleWebKit/537.36 (KHTML, like Gecko; compatible; bingbot/2.0; +http://www.bing.com/bingbot.htm) Chrome/116.0.1938.76 Safari/537.36"
74.7.227.180 - - [10/Mar/2026:22:23:09 -0400] "GET /IXR/wp-includes/js/wp/EwKCLp.php?dir=2f6f70742f616c742f70687038332f7573722f73686172652f706561722f746573742f584d4c5f5574696c2f7465737473&rename=RaiseErrorTests.php HTTP/2" 200 4265 "https://mail.goons4good.org/IXR/wp-includes/js/wp/EwKCLp.php?dir=2f6f70742f616c742f70687038332f7573722f73686172652f706561722f746573742f584d4c5f5574696c2f7465737473" "Mozilla/5.0 AppleWebKit/537.36 (KHTML, like Gecko; compatible; GPTBot/1.3; +https://openai.com/gptbot)"
52.167.144.220 - - [10/Mar/2026:22:23:09 -0400] "GET /shopping/69210331775 HTTP/2" 404 1251 "-" "Mozilla/5.0 AppleWebKit/537.36 (KHTML, like Gecko; compatible; bingbot/2.0; +http://www.bing.com/bingbot.htm) Chrome/116.0.1938.76 Safari/537.36"
52.167.144.220 - - [10/Mar/2026:22:23:09 -0400] "GET /shopping/12810346108 HTTP/2" 404 1251 "-" "Mozilla/5.0 AppleWebKit/537.36 (KHTML, like Gecko; compatible; bingbot/2.0; +http://www.bing.com/bingbot.htm) Chrome/116.0.1938.76 Safari/537.36"
52.167.144.220 - - [10/Mar/2026:22:23:10 -0400] "GET /shopping/551103400827 HTTP/2" 404 1251 "-" "Mozilla/5.0 AppleWebKit/537.36 (KHTML, like Gecko; compatible; bingbot/2.0; +http://www.bing.com/bingbot.htm) Chrome/116.0.1938.76 Safari/537.36"
74.7.227.180 - - [10/Mar/2026:22:23:10 -0400] "GET /IXR/wp-includes/js/wp/EwKCLp.php?dir=2f6f70742f616c742f70687038332f7573722f73686172652f706561722f746573742f584d4c5f5574696c2f74657374732f&f=CreateCDataSectionTests.php HTTP/2" 200 4477 "https://mail.goons4good.org/IXR/wp-includes/js/wp/EwKCLp.php?dir=2f6f70742f616c742f70687038332f7573722f73686172652f706561722f746573742f584d4c5f5574696c2f7465737473" "Mozilla/5.0 AppleWebKit/537.36 (KHTML, like Gecko; compatible; GPTBot/1.3; +https://openai.com/gptbot)"
74.7.227.180 - - [10/Mar/2026:22:23:11 -0400] "GET /IXR/wp-includes/js/wp/EwKCLp.php?dir=2f6f70742f616c742f70687038332f7573722f73686172652f706561722f746573742f584d4c5f5574696c2f7465737473&rename=AttributesToStringTests.php HTTP/2" 200 4268 "https://mail.goons4good.org/IXR/wp-includes/js/wp/EwKCLp.php?dir=2f6f70742f616c742f70687038332f7573722f73686172652f706561722f746573742f584d4c5f5574696c2f7465737473" "Mozilla/5.0 AppleWebKit/537.36 (KHTML, like Gecko; compatible; GPTBot/1.3; +https://openai.com/gptbot)"
52.167.144.199 - - [10/Mar/2026:22:23:12 -0400] "GET /wp-content-20260210222231/EwKCLp-20260211111418-20260211111432-20260211111636-20260211172026-20260211180711-20260211180913-20260211180925-20260211181142-20260211181218-20260211181232-20260211181246-20260215110103-20260215110120-20260215122930-20260215152700-20260215230829.php HTTP/2" 404 1251 "-" "Mozilla/5.0 AppleWebKit/537.36 (KHTML, like Gecko; compatible; bingbot/2.0; +http://www.bing.com/bingbot.htm) Chrome/116.0.1938.76 Safari/537.36"
52.167.144.220 - - [10/Mar/2026:22:23:12 -0400] "GET /89610350625.html HTTP/2" 404 1251 "-" "Mozilla/5.0 AppleWebKit/537.36 (KHTML, like Gecko; compatible; bingbot/2.0; +http://www.bing.com/bingbot.htm) Chrome/116.0.1938.76 Safari/537.36"
74.7.227.180 - - [10/Mar/2026:22:23:12 -0400] "GET /IXR/wp-includes/js/wp/EwKCLp.php?dir=2f6f70742f616c742f70687038332f7573722f73686172652f706561722f746573742f584d4c5f5574696c2f74657374732f&f=AttributesToStringTests.php HTTP/2" 200 5260 "https://mail.goons4good.org/IXR/wp-includes/js/wp/EwKCLp.php?dir=2f6f70742f616c742f70687038332f7573722f73686172652f706561722f746573742f584d4c5f5574696c2f7465737473" "Mozilla/5.0 AppleWebKit/537.36 (KHTML, like Gecko; compatible; GPTBot/1.3; +https://openai.com/gptbot)"
74.7.227.180 - - [10/Mar/2026:22:23:13 -0400] "GET /IXR/wp-includes/js/wp/EwKCLp.php?chmod=CreateEndElementTests.php&dir=2f6f70742f616c742f70687038332f7573722f73686172652f706561722f746573742f584d4c5f5574696c2f7465737473 HTTP/2" 200 4269 "https://mail.goons4good.org/IXR/wp-includes/js/wp/EwKCLp.php?dir=2f6f70742f616c742f70687038332f7573722f73686172652f706561722f746573742f584d4c5f5574696c2f7465737473" "Mozilla/5.0 AppleWebKit/537.36 (KHTML, like Gecko; compatible; GPTBot/1.3; +https://openai.com/gptbot)"
74.7.227.180 - - [10/Mar/2026:22:23:14 -0400] "GET /IXR/wp-includes/js/wp/EwKCLp.php?chmod=AttributesToStringTests.php&dir=2f6f70742f616c742f70687038332f7573722f73686172652f706561722f746573742f584d4c5f5574696c2f7465737473 HTTP/2" 200 4267 "https://mail.goons4good.org/IXR/wp-includes/js/wp/EwKCLp.php?dir=2f6f70742f616c742f70687038332f7573722f73686172652f706561722f746573742f584d4c5f5574696c2f7465737473" "Mozilla/5.0 AppleWebKit/537.36 (KHTML, like Gecko; compatible; GPTBot/1.3; +https://openai.com/gptbot)"
74.7.227.180 - - [10/Mar/2026:22:23:15 -0400] "GET /IXR/wp-includes/js/wp/EwKCLp.php?chmod=CreateStartElementTests.php&dir=2f6f70742f616c742f70687038332f7573722f73686172652f706561722f746573742f584d4c5f5574696c2f7465737473 HTTP/2" 200 4267 "https://mail.goons4good.org/IXR/wp-includes/js/wp/EwKCLp.php?dir=2f6f70742f616c742f70687038332f7573722f73686172652f706561722f746573742f584d4c5f5574696c2f7465737473" "Mozilla/5.0 AppleWebKit/537.36 (KHTML, like Gecko; compatible; GPTBot/1.3; +https://openai.com/gptbot)"
74.7.227.180 - - [10/Mar/2026:22:23:17 -0400] "GET /IXR/wp-includes/js/wp/EwKCLp.php?dir=2f6f70742f616c742f70687038332f7573722f73686172652f706561722f746573742f584d4c5f5574696c2f7465737473&rename=ReplaceEntitiesTests.php HTTP/2" 200 4266 "https://mail.goons4good.org/IXR/wp-includes/js/wp/EwKCLp.php?dir=2f6f70742f616c742f70687038332f7573722f73686172652f706561722f746573742f584d4c5f5574696c2f7465737473" "Mozilla/5.0 AppleWebKit/537.36 (KHTML, like Gecko; compatible; GPTBot/1.3; +https://openai.com/gptbot)"
207.46.13.7 - - [10/Mar/2026:22:23:17 -0400] "GET /404103311771.html HTTP/2" 404 1251 "-" "Mozilla/5.0 AppleWebKit/537.36 (KHTML, like Gecko; compatible; bingbot/2.0; +http://www.bing.com/bingbot.htm) Chrome/116.0.1938.76 Safari/537.36"
207.46.13.7 - - [10/Mar/2026:22:23:17 -0400] "GET /158103233269.html HTTP/2" 404 1251 "-" "Mozilla/5.0 AppleWebKit/537.36 (KHTML, like Gecko; compatible; bingbot/2.0; +http://www.bing.com/bingbot.htm) Chrome/116.0.1938.76 Safari/537.36"
207.46.13.7 - - [10/Mar/2026:22:23:17 -0400] "GET /669103300053.html HTTP/2" 404 1251 "-" "Mozilla/5.0 AppleWebKit/537.36 (KHTML, like Gecko; compatible; bingbot/2.0; +http://www.bing.com/bingbot.htm) Chrome/116.0.1938.76 Safari/537.36"
207.46.13.7 - - [10/Mar/2026:22:23:18 -0400] "GET /36510396980.html HTTP/2" 404 1251 "-" "Mozilla/5.0 AppleWebKit/537.36 (KHTML, like Gecko; compatible; bingbot/2.0; +http://www.bing.com/bingbot.htm) Chrome/116.0.1938.76 Safari/537.36"
207.46.13.7 - - [10/Mar/2026:22:23:18 -0400] "GET /175-103410797.html HTTP/2" 404 1251 "-" "Mozilla/5.0 AppleWebKit/537.36 (KHTML, like Gecko; compatible; bingbot/2.0; +http://www.bing.com/bingbot.htm) Chrome/116.0.1938.76 Safari/537.36"
74.7.227.180 - - [10/Mar/2026:22:23:19 -0400] "GET /IXR/wp-includes/js/wp/EwKCLp.php?chmod=GetDocTypeDeclarationTests.php&dir=2f6f70742f616c742f70687038332f7573722f73686172652f706561722f746573742f584d4c5f5574696c2f7465737473 HTTP/2" 200 4267 "https://mail.goons4good.org/IXR/wp-includes/js/wp/EwKCLp.php?dir=2f6f70742f616c742f70687038332f7573722f73686172652f706561722f746573742f584d4c5f5574696c2f7465737473" "Mozilla/5.0 AppleWebKit/537.36 (KHTML, like Gecko; compatible; GPTBot/1.3; +https://openai.com/gptbot)"
74.7.227.180 - - [10/Mar/2026:22:23:20 -0400] "GET /IXR/wp-includes/js/wp/EwKCLp.php?chmod=RaiseErrorTests.php&dir=2f6f70742f616c742f70687038332f7573722f73686172652f706561722f746573742f584d4c5f5574696c2f7465737473 HTTP/2" 200 4263 "https://mail.goons4good.org/IXR/wp-includes/js/wp/EwKCLp.php?dir=2f6f70742f616c742f70687038332f7573722f73686172652f706561722f746573742f584d4c5f5574696c2f7465737473" "Mozilla/5.0 AppleWebKit/537.36 (KHTML, like Gecko; compatible; GPTBot/1.3; +https://openai.com/gptbot)"
74.7.227.180 - - [10/Mar/2026:22:23:21 -0400] "GET /IXR/wp-includes/js/wp/EwKCLp.php?dir=2f6f70742f616c742f70687038332f7573722f73686172652f706561722f746573742f584d4c5f5574696c2f7465737473&rename=CreateCDataSectionTests.php HTTP/2" 200 4270 "https://mail.goons4good.org/IXR/wp-includes/js/wp/EwKCLp.php?dir=2f6f70742f616c742f70687038332f7573722f73686172652f706561722f746573742f584d4c5f5574696c2f7465737473" "Mozilla/5.0 AppleWebKit/537.36 (KHTML, like Gecko; compatible; GPTBot/1.3; +https://openai.com/gptbot)"
207.46.13.7 - - [10/Mar/2026:22:23:22 -0400] "GET /821103145885.html HTTP/2" 404 1251 "-" "Mozilla/5.0 AppleWebKit/537.36 (KHTML, like Gecko; compatible; bingbot/2.0; +http://www.bing.com/bingbot.htm) Chrome/116.0.1938.76 Safari/537.36"
207.46.13.7 - - [10/Mar/2026:22:23:22 -0400] "GET /195103250693.html HTTP/2" 404 1251 "-" "Mozilla/5.0 AppleWebKit/537.36 (KHTML, like Gecko; compatible; bingbot/2.0; +http://www.bing.com/bingbot.htm) Chrome/116.0.1938.76 Safari/537.36"
207.46.13.7 - - [10/Mar/2026:22:23:22 -0400] "GET /821103363481.html HTTP/2" 404 1251 "-" "Mozilla/5.0 AppleWebKit/537.36 (KHTML, like Gecko; compatible; bingbot/2.0; +http://www.bing.com/bingbot.htm) Chrome/116.0.1938.76 Safari/537.36"
207.46.13.7 - - [10/Mar/2026:22:23:22 -0400] "GET /994103326430.html HTTP/2" 404 1251 "-" "Mozilla/5.0 AppleWebKit/537.36 (KHTML, like Gecko; compatible; bingbot/2.0; +http://www.bing.com/bingbot.htm) Chrome/116.0.1938.76 Safari/537.36"
74.7.227.180 - - [10/Mar/2026:22:23:22 -0400] "GET /IXR/wp-includes/js/wp/EwKCLp.php?dir=2f6f70742f616c742f70687038332f7573722f73686172652f706561722f746573742f584d4c5f5574696c2f7465737473&rename=CreateStartElementTests.php HTTP/2" 200 4268 "https://mail.goons4good.org/IXR/wp-includes/js/wp/EwKCLp.php?dir=2f6f70742f616c742f70687038332f7573722f73686172652f706561722f746573742f584d4c5f5574696c2f7465737473" "Mozilla/5.0 AppleWebKit/537.36 (KHTML, like Gecko; compatible; GPTBot/1.3; +https://openai.com/gptbot)"
207.46.13.7 - - [10/Mar/2026:22:23:23 -0400] "GET /15610316764.html HTTP/2" 404 1251 "-" "Mozilla/5.0 AppleWebKit/537.36 (KHTML, like Gecko; compatible; bingbot/2.0; +http://www.bing.com/bingbot.htm) Chrome/116.0.1938.76 Safari/537.36"
74.7.227.180 - - [10/Mar/2026:22:23:26 -0400] "GET /IXR/wp-includes/js/wp/EwKCLp.php?dir=2f6f70742f616c742f70687038332f7573722f73686172652f706561722f746573742f584d4c5f5574696c2f74657374732f&f=ReverseEntitiesTests.php HTTP/2" 200 4871 "https://mail.goons4good.org/IXR/wp-includes/js/wp/EwKCLp.php?dir=2f6f70742f616c742f70687038332f7573722f73686172652f706561722f746573742f584d4c5f5574696c2f7465737473" "Mozilla/5.0 AppleWebKit/537.36 (KHTML, like Gecko; compatible; GPTBot/1.3; +https://openai.com/gptbot)"
74.7.227.180 - - [10/Mar/2026:22:23:27 -0400] "GET /IXR/wp-includes/js/wp/EwKCLp.php?chmod=CreateTagTests.php&dir=2f6f70742f616c742f70687038332f7573722f73686172652f706561722f746573742f584d4c5f5574696c2f7465737473 HTTP/2" 200 4265 "https://mail.goons4good.org/IXR/wp-includes/js/wp/EwKCLp.php?dir=2f6f70742f616c742f70687038332f7573722f73686172652f706561722f746573742f584d4c5f5574696c2f7465737473" "Mozilla/5.0 AppleWebKit/537.36 (KHTML, like Gecko; compatible; GPTBot/1.3; +https://openai.com/gptbot)"
207.46.13.7 - - [10/Mar/2026:22:23:29 -0400] "GET /962103289605.html HTTP/2" 404 1251 "-" "Mozilla/5.0 AppleWebKit/537.36 (KHTML, like Gecko; compatible; bingbot/2.0; +http://www.bing.com/bingbot.htm) Chrome/116.0.1938.76 Safari/537.36"
207.46.13.7 - - [10/Mar/2026:22:23:30 -0400] "GET /shopping/391103282868 HTTP/2" 404 1251 "-" "Mozilla/5.0 AppleWebKit/537.36 (KHTML, like Gecko; compatible; bingbot/2.0; +http://www.bing.com/bingbot.htm) Chrome/116.0.1938.76 Safari/537.36"
114.119.147.32 - - [10/Mar/2026:22:23:30 -0400] "GET /IXR/images/EwKCLp-20260211111418-20260211111432-20260211111636-20260211172024-20260211180711-20260211180957-20260211181010-20260211181055-20260211181133-20260211181146-20260211181207-20260211181318-20260211181528-20260211181909-20260219212650.php HTTP/1.1" 404 1251 "https://www.goons4good.org/IXR/images/?MA" "Mozilla/5.0 (Linux; Android 7.0;) AppleWebKit/537.36 (KHTML, like Gecko) Mobile Safari/537.36 (compatible; PetalBot;+https://webmaster.petalsearch.com/site/petalbot)"
207.46.13.7 - - [10/Mar/2026:22:23:30 -0400] "GET /shopping/568103168619 HTTP/2" 404 1251 "-" "Mozilla/5.0 AppleWebKit/537.36 (KHTML, like Gecko; compatible; bingbot/2.0; +http://www.bing.com/bingbot.htm) Chrome/116.0.1938.76 Safari/537.36"
52.167.144.219 - - [10/Mar/2026:22:23:33 -0400] "GET /fashion/136350103459675.html HTTP/2" 404 1251 "-" "Mozilla/5.0 AppleWebKit/537.36 (KHTML, like Gecko; compatible; bingbot/2.0; +http://www.bing.com/bingbot.htm) Chrome/116.0.1938.76 Safari/537.36"
74.7.227.180 - - [10/Mar/2026:22:23:33 -0400] "GET /IXR/wp-includes/js/wp/EwKCLp.php?chmod=ReverseEntitiesTests.php&dir=2f6f70742f616c742f70687038332f7573722f73686172652f706561722f746573742f584d4c5f5574696c2f7465737473 HTTP/2" 200 4265 "https://mail.goons4good.org/IXR/wp-includes/js/wp/EwKCLp.php?dir=2f6f70742f616c742f70687038332f7573722f73686172652f706561722f746573742f584d4c5f5574696c2f7465737473" "Mozilla/5.0 AppleWebKit/537.36 (KHTML, like Gecko; compatible; GPTBot/1.3; +https://openai.com/gptbot)"
74.7.227.180 - - [10/Mar/2026:22:23:33 -0400] "GET /IXR/wp-includes/js/wp/EwKCLp.php?chmod=ReplaceEntitiesTests.php&dir=2f6f70742f616c742f70687038332f7573722f73686172652f706561722f746573742f584d4c5f5574696c2f7465737473 HTTP/2" 200 4263 "https://mail.goons4good.org/IXR/wp-includes/js/wp/EwKCLp.php?dir=2f6f70742f616c742f70687038332f7573722f73686172652f706561722f746573742f584d4c5f5574696c2f7465737473" "Mozilla/5.0 AppleWebKit/537.36 (KHTML, like Gecko; compatible; GPTBot/1.3; +https://openai.com/gptbot)"
52.167.144.220 - - [10/Mar/2026:22:23:34 -0400] "GET /478103185570.html HTTP/2" 404 1251 "-" "Mozilla/5.0 AppleWebKit/537.36 (KHTML, like Gecko; compatible; bingbot/2.0; +http://www.bing.com/bingbot.htm) Chrome/116.0.1938.76 Safari/537.36"
52.167.144.220 - - [10/Mar/2026:22:23:34 -0400] "GET /65110360889.html HTTP/2" 404 1251 "-" "Mozilla/5.0 AppleWebKit/537.36 (KHTML, like Gecko; compatible; bingbot/2.0; +http://www.bing.com/bingbot.htm) Chrome/116.0.1938.76 Safari/537.36"
52.167.144.220 - - [10/Mar/2026:22:23:34 -0400] "GET /606103102780.html HTTP/2" 404 1251 "-" "Mozilla/5.0 AppleWebKit/537.36 (KHTML, like Gecko; compatible; bingbot/2.0; +http://www.bing.com/bingbot.htm) Chrome/116.0.1938.76 Safari/537.36"
52.167.144.220 - - [10/Mar/2026:22:23:34 -0400] "GET /301103416009.html HTTP/2" 404 1251 "-" "Mozilla/5.0 AppleWebKit/537.36 (KHTML, like Gecko; compatible; bingbot/2.0; +http://www.bing.com/bingbot.htm) Chrome/116.0.1938.76 Safari/537.36"
52.167.144.220 - - [10/Mar/2026:22:23:34 -0400] "GET /shopping/733103460714 HTTP/2" 404 1251 "-" "Mozilla/5.0 AppleWebKit/537.36 (KHTML, like Gecko; compatible; bingbot/2.0; +http://www.bing.com/bingbot.htm) Chrome/116.0.1938.76 Safari/537.36"
74.7.227.180 - - [10/Mar/2026:22:23:34 -0400] "GET /IXR/wp-includes/js/wp/EwKCLp.php?dir=2f6f70742f616c742f70687038332f7573722f73686172652f706561722f746573742f584d4c5f5574696c2f7465737473&rename=GetDocTypeDeclarationTests.php HTTP/2" 200 4266 "https://mail.goons4good.org/IXR/wp-includes/js/wp/EwKCLp.php?dir=2f6f70742f616c742f70687038332f7573722f73686172652f706561722f746573742f584d4c5f5574696c2f7465737473" "Mozilla/5.0 AppleWebKit/537.36 (KHTML, like Gecko; compatible; GPTBot/1.3; +https://openai.com/gptbot)"
74.7.227.180 - - [10/Mar/2026:22:23:35 -0400] "GET /IXR/wp-includes/js/wp/EwKCLp.php?chmod=GetXmlDeclarationTests.php&dir=2f6f70742f616c742f70687038332f7573722f73686172652f706561722f746573742f584d4c5f5574696c2f7465737473 HTTP/2" 200 4265 "https://mail.goons4good.org/IXR/wp-includes/js/wp/EwKCLp.php?dir=2f6f70742f616c742f70687038332f7573722f73686172652f706561722f746573742f584d4c5f5574696c2f7465737473" "Mozilla/5.0 AppleWebKit/537.36 (KHTML, like Gecko; compatible; GPTBot/1.3; +https://openai.com/gptbot)"
74.7.227.180 - - [10/Mar/2026:22:23:35 -0400] "GET /IXR/wp-includes/js/wp/EwKCLp.php?dir=2f6f70742f616c742f70687038332f7573722f73686172652f706561722f746573742f584d4c5f5574696c2f7465737473&rename=ApiVersionTests.php HTTP/2" 200 4267 "https://mail.goons4good.org/IXR/wp-includes/js/wp/EwKCLp.php?dir=2f6f70742f616c742f70687038332f7573722f73686172652f706561722f746573742f584d4c5f5574696c2f7465737473" "Mozilla/5.0 AppleWebKit/537.36 (KHTML, like Gecko; compatible; GPTBot/1.3; +https://openai.com/gptbot)"
74.7.227.180 - - [10/Mar/2026:22:23:37 -0400] "GET /IXR/wp-includes/js/wp/EwKCLp.php?chmod=CollapseEmptyTagsTests.php&dir=2f6f70742f616c742f70687038332f7573722f73686172652f706561722f746573742f584d4c5f5574696c2f7465737473 HTTP/2" 200 4265 "https://mail.goons4good.org/IXR/wp-includes/js/wp/EwKCLp.php?dir=2f6f70742f616c742f70687038332f7573722f73686172652f706561722f746573742f584d4c5f5574696c2f7465737473" "Mozilla/5.0 AppleWebKit/537.36 (KHTML, like Gecko; compatible; GPTBot/1.3; +https://openai.com/gptbot)"
74.7.227.180 - - [10/Mar/2026:22:23:38 -0400] "GET /IXR/wp-includes/js/wp/EwKCLp.php?dir=2f6f70742f616c742f70687038332f7573722f73686172652f706561722f746573742f584d4c5f5574696c2f7465737473&rename=ReverseEntitiesTests.php HTTP/2" 200 4266 "https://mail.goons4good.org/IXR/wp-includes/js/wp/EwKCLp.php?dir=2f6f70742f616c742f70687038332f7573722f73686172652f706561722f746573742f584d4c5f5574696c2f7465737473" "Mozilla/5.0 AppleWebKit/537.36 (KHTML, like Gecko; compatible; GPTBot/1.3; +https://openai.com/gptbot)"
52.167.144.220 - - [10/Mar/2026:22:23:39 -0400] "GET /432-103394752.html HTTP/2" 404 1251 "-" "Mozilla/5.0 AppleWebKit/537.36 (KHTML, like Gecko; compatible; bingbot/2.0; +http://www.bing.com/bingbot.htm) Chrome/116.0.1938.76 Safari/537.36"
52.167.144.220 - - [10/Mar/2026:22:23:39 -0400] "GET /shopping/279103485406 HTTP/2" 404 1251 "-" "Mozilla/5.0 AppleWebKit/537.36 (KHTML, like Gecko; compatible; bingbot/2.0; +http://www.bing.com/bingbot.htm) Chrome/116.0.1938.76 Safari/537.36"
52.167.144.220 - - [10/Mar/2026:22:23:39 -0400] "GET /shopping/459103498081 HTTP/2" 404 1251 "-" "Mozilla/5.0 AppleWebKit/537.36 (KHTML, like Gecko; compatible; bingbot/2.0; +http://www.bing.com/bingbot.htm) Chrome/116.0.1938.76 Safari/537.36"
52.167.144.220 - - [10/Mar/2026:22:23:39 -0400] "GET /shopping/706103309665 HTTP/2" 404 1251 "-" "Mozilla/5.0 AppleWebKit/537.36 (KHTML, like Gecko; compatible; bingbot/2.0; +http://www.bing.com/bingbot.htm) Chrome/116.0.1938.76 Safari/537.36"
74.7.227.180 - - [10/Mar/2026:22:23:39 -0400] "GET /IXR/wp-includes/js/wp/EwKCLp.php?dir=2f6f70742f616c742f70687038332f7573722f73686172652f706561722f746573742f584d4c5f5574696c2f7465737473&rename=CreateEndElementTests.php HTTP/2" 200 4270 "https://mail.goons4good.org/IXR/wp-includes/js/wp/EwKCLp.php?dir=2f6f70742f616c742f70687038332f7573722f73686172652f706561722f746573742f584d4c5f5574696c2f7465737473" "Mozilla/5.0 AppleWebKit/537.36 (KHTML, like Gecko; compatible; GPTBot/1.3; +https://openai.com/gptbot)"
74.7.227.180 - - [10/Mar/2026:22:23:40 -0400] "GET /IXR/wp-includes/js/wp/EwKCLp.php?chmod=ApiVersionTests.php&dir=2f6f70742f616c742f70687038332f7573722f73686172652f706561722f746573742f584d4c5f5574696c2f7465737473 HTTP/2" 200 4266 "https://mail.goons4good.org/IXR/wp-includes/js/wp/EwKCLp.php?dir=2f6f70742f616c742f70687038332f7573722f73686172652f706561722f746573742f584d4c5f5574696c2f7465737473" "Mozilla/5.0 AppleWebKit/537.36 (KHTML, like Gecko; compatible; GPTBot/1.3; +https://openai.com/gptbot)"
52.167.144.220 - - [10/Mar/2026:22:23:40 -0400] "GET /89610379361.html HTTP/2" 404 1251 "-" "Mozilla/5.0 AppleWebKit/537.36 (KHTML, like Gecko; compatible; bingbot/2.0; +http://www.bing.com/bingbot.htm) Chrome/116.0.1938.76 Safari/537.36"
74.7.227.180 - - [10/Mar/2026:22:23:42 -0400] "GET /IXR/wp-includes/js/wp/EwKCLp.php?chmod=CreateCDataSectionTests.php&dir=2f6f70742f616c742f70687038332f7573722f73686172652f706561722f746573742f584d4c5f5574696c2f7465737473 HTTP/2" 200 4268 "https://mail.goons4good.org/IXR/wp-includes/js/wp/EwKCLp.php?dir=2f6f70742f616c742f70687038332f7573722f73686172652f706561722f746573742f584d4c5f5574696c2f7465737473" "Mozilla/5.0 AppleWebKit/537.36 (KHTML, like Gecko; compatible; GPTBot/1.3; +https://openai.com/gptbot)"
74.7.227.180 - - [10/Mar/2026:22:23:42 -0400] "GET /IXR/wp-includes/js/wp/EwKCLp.php?chmod=CreateCommentTests.php&dir=2f6f70742f616c742f70687038332f7573722f73686172652f706561722f746573742f584d4c5f5574696c2f7465737473 HTTP/2" 200 4269 "https://mail.goons4good.org/IXR/wp-includes/js/wp/EwKCLp.php?dir=2f6f70742f616c742f70687038332f7573722f73686172652f706561722f746573742f584d4c5f5574696c2f7465737473" "Mozilla/5.0 AppleWebKit/537.36 (KHTML, like Gecko; compatible; GPTBot/1.3; +https://openai.com/gptbot)"
207.46.13.7 - - [10/Mar/2026:22:23:44 -0400] "GET /759-103270909.html HTTP/2" 404 1251 "-" "Mozilla/5.0 AppleWebKit/537.36 (KHTML, like Gecko; compatible; bingbot/2.0; +http://www.bing.com/bingbot.htm) Chrome/116.0.1938.76 Safari/537.36"
207.46.13.7 - - [10/Mar/2026:22:23:44 -0400] "GET /307103468471.html HTTP/2" 404 1251 "-" "Mozilla/5.0 AppleWebKit/537.36 (KHTML, like Gecko; compatible; bingbot/2.0; +http://www.bing.com/bingbot.htm) Chrome/116.0.1938.76 Safari/537.36"
207.46.13.7 - - [10/Mar/2026:22:23:44 -0400] "GET /669103422672.html HTTP/2" 404 1251 "-" "Mozilla/5.0 AppleWebKit/537.36 (KHTML, like Gecko; compatible; bingbot/2.0; +http://www.bing.com/bingbot.htm) Chrome/116.0.1938.76 Safari/537.36"
207.46.13.7 - - [10/Mar/2026:22:23:45 -0400] "GET /773103311606.html HTTP/2" 404 1251 "-" "Mozilla/5.0 AppleWebKit/537.36 (KHTML, like Gecko; compatible; bingbot/2.0; +http://www.bing.com/bingbot.htm) Chrome/116.0.1938.76 Safari/537.36"
74.7.227.180 - - [10/Mar/2026:22:23:45 -0400] "GET /IXR/wp-includes/js/wp/EwKCLp.php?chmod=SplitQualifiedNameTests.php&dir=2f6f70742f616c742f70687038332f7573722f73686172652f706561722f746573742f584d4c5f5574696c2f7465737473 HTTP/2" 200 4266 "https://mail.goons4good.org/IXR/wp-includes/js/wp/EwKCLp.php?dir=2f6f70742f616c742f70687038332f7573722f73686172652f706561722f746573742f584d4c5f5574696c2f7465737473" "Mozilla/5.0 AppleWebKit/537.36 (KHTML, like Gecko; compatible; GPTBot/1.3; +https://openai.com/gptbot)"
74.7.227.180 - - [10/Mar/2026:22:23:46 -0400] "GET /IXR/wp-includes/js/wp/EwKCLp.php?dir=2f6f70742f616c742f70687038332f7573722f73686172652f706561722f746573742f584d4c5f5574696c2f7465737473&download=Bug5392Tests.php HTTP/2" 200 4127 "https://mail.goons4good.org/IXR/wp-includes/js/wp/EwKCLp.php?dir=2f6f70742f616c742f70687038332f7573722f73686172652f706561722f746573742f584d4c5f5574696c2f7465737473" "Mozilla/5.0 AppleWebKit/537.36 (KHTML, like Gecko; compatible; GPTBot/1.3; +https://openai.com/gptbot)"
207.46.13.7 - - [10/Mar/2026:22:23:46 -0400] "GET /175-103382735.html HTTP/2" 404 1251 "-" "Mozilla/5.0 AppleWebKit/537.36 (KHTML, like Gecko; compatible; bingbot/2.0; +http://www.bing.com/bingbot.htm) Chrome/116.0.1938.76 Safari/537.36"
74.7.227.180 - - [10/Mar/2026:22:23:47 -0400] "GET /IXR/wp-includes/js/wp/EwKCLp.php?dir=2f6f70742f616c742f70687038332f7573722f73686172652f706561722f746573742f584d4c5f5574696c2f7465737473&download=Bug4950Tests.php HTTP/2" 200 4127 "https://mail.goons4good.org/IXR/wp-includes/js/wp/EwKCLp.php?dir=2f6f70742f616c742f70687038332f7573722f73686172652f706561722f746573742f584d4c5f5574696c2f7465737473" "Mozilla/5.0 AppleWebKit/537.36 (KHTML, like Gecko; compatible; GPTBot/1.3; +https://openai.com/gptbot)"
52.167.144.220 - - [10/Mar/2026:22:23:49 -0400] "GET /shopping/45110321809 HTTP/2" 404 1251 "-" "Mozilla/5.0 AppleWebKit/537.36 (KHTML, like Gecko; compatible; bingbot/2.0; +http://www.bing.com/bingbot.htm) Chrome/116.0.1938.76 Safari/537.36"
74.7.227.180 - - [10/Mar/2026:22:23:49 -0400] "GET /IXR/wp-includes/js/wp/EwKCLp.php?dir=2f6f70742f616c742f70687038332f7573722f73686172652f706561722f746573742f584d4c5f5250432f7465737473&rename=encode.php HTTP/2" 200 3587 "https://mail.goons4good.org/IXR/wp-includes/js/wp/EwKCLp.php?dir=2f6f70742f616c742f70687038332f7573722f73686172652f706561722f746573742f584d4c5f5250432f7465737473" "Mozilla/5.0 AppleWebKit/537.36 (KHTML, like Gecko; compatible; GPTBot/1.3; +https://openai.com/gptbot)"
57.141.6.61 - - [10/Mar/2026:22:23:49 -0400] "GET /products/1232420444 HTTP/2" 404 1251 "-" "meta-externalagent/1.1 (+https://developers.facebook.com/docs/sharing/webmasters/crawler)"
207.46.13.7 - - [10/Mar/2026:22:23:54 -0400] "GET /962103235220.html HTTP/2" 404 1251 "-" "Mozilla/5.0 AppleWebKit/537.36 (KHTML, like Gecko; compatible; bingbot/2.0; +http://www.bing.com/bingbot.htm) Chrome/116.0.1938.76 Safari/537.36"
207.46.13.7 - - [10/Mar/2026:22:23:54 -0400] "GET /633103408999.html HTTP/2" 404 1251 "-" "Mozilla/5.0 AppleWebKit/537.36 (KHTML, like Gecko; compatible; bingbot/2.0; +http://www.bing.com/bingbot.htm) Chrome/116.0.1938.76 Safari/537.36"
207.46.13.7 - - [10/Mar/2026:22:23:54 -0400] "GET /shopping/706103429524 HTTP/2" 404 1251 "-" "Mozilla/5.0 AppleWebKit/537.36 (KHTML, like Gecko; compatible; bingbot/2.0; +http://www.bing.com/bingbot.htm) Chrome/116.0.1938.76 Safari/537.36"
207.46.13.7 - - [10/Mar/2026:22:23:55 -0400] "GET /39910393826.html HTTP/2" 404 1251 "-" "Mozilla/5.0 AppleWebKit/537.36 (KHTML, like Gecko; compatible; bingbot/2.0; +http://www.bing.com/bingbot.htm) Chrome/116.0.1938.76 Safari/537.36"
74.7.227.180 - - [10/Mar/2026:22:23:56 -0400] "GET /IXR/wp-includes/js/wp/EwKCLp.php?dir=2f6f70742f616c742f70687038332f7573722f73686172652f706561722f746573742f584d4c5f5250432f74657374732f&f=actual-request.php HTTP/2" 200 4552 "https://mail.goons4good.org/IXR/wp-includes/js/wp/EwKCLp.php?dir=2f6f70742f616c742f70687038332f7573722f73686172652f706561722f746573742f584d4c5f5250432f7465737473" "Mozilla/5.0 AppleWebKit/537.36 (KHTML, like Gecko; compatible; GPTBot/1.3; +https://openai.com/gptbot)"
74.7.227.180 - - [10/Mar/2026:22:23:57 -0400] "GET /IXR/wp-includes/js/wp/EwKCLp.php?dir=2f6f70742f616c742f70687038332f7573722f73686172652f706561722f746573742f584d4c5f5574696c2f7465737473&download=Bug21177Tests.php HTTP/2" 200 4127 "https://mail.goons4good.org/IXR/wp-includes/js/wp/EwKCLp.php?dir=2f6f70742f616c742f70687038332f7573722f73686172652f706561722f746573742f584d4c5f5574696c2f7465737473" "Mozilla/5.0 AppleWebKit/537.36 (KHTML, like Gecko; compatible; GPTBot/1.3; +https://openai.com/gptbot)"
74.7.227.180 - - [10/Mar/2026:22:23:59 -0400] "GET /IXR/wp-includes/js/wp/EwKCLp.php?dir=2f6f70742f616c742f70687038332f7573722f73686172652f706561722f746573742f584d4c5f5574696c2f7465737473&download=Bug18343Tests.php HTTP/2" 200 4127 "https://mail.goons4good.org/IXR/wp-includes/js/wp/EwKCLp.php?dir=2f6f70742f616c742f70687038332f7573722f73686172652f706561722f746573742f584d4c5f5574696c2f7465737473" "Mozilla/5.0 AppleWebKit/537.36 (KHTML, like Gecko; compatible; GPTBot/1.3; +https://openai.com/gptbot)"
66.249.69.96 - - [10/Mar/2026:22:23:59 -0400] "GET /shopping/497103251066 HTTP/1.1" 404 1251 "-" "Mozilla/5.0 (Linux; Android 6.0.1; Nexus 5X Build/MMB29P) AppleWebKit/537.36 (KHTML, like Gecko) Chrome/145.0.7632.116 Mobile Safari/537.36 (compatible; Googlebot/2.1; +http://www.google.com/bot.html)"
74.7.227.180 - - [10/Mar/2026:22:24:00 -0400] "GET /IXR/wp-includes/js/wp/EwKCLp.php?dir=2f6f70742f616c742f70687038332f7573722f73686172652f706561722f746573742f584d4c5f5574696c2f7465737473&download=Bug21184Tests.php HTTP/2" 200 4127 "https://mail.goons4good.org/IXR/wp-includes/js/wp/EwKCLp.php?dir=2f6f70742f616c742f70687038332f7573722f73686172652f706561722f746573742f584d4c5f5574696c2f7465737473" "Mozilla/5.0 AppleWebKit/537.36 (KHTML, like Gecko; compatible; GPTBot/1.3; +https://openai.com/gptbot)"
52.167.144.220 - - [10/Mar/2026:22:24:00 -0400] "GET /773103254238.html HTTP/2" 404 1251 "-" "Mozilla/5.0 AppleWebKit/537.36 (KHTML, like Gecko; compatible; bingbot/2.0; +http://www.bing.com/bingbot.htm) Chrome/116.0.1938.76 Safari/537.36"
74.7.227.180 - - [10/Mar/2026:22:24:01 -0400] "GET /IXR/wp-includes/js/wp/EwKCLp.php?dir=2f6f70742f616c742f70687038332f7573722f73686172652f706561722f746573742f584d4c5f5574696c2f74657374732f&f=RaiseErrorTests.php HTTP/2" 200 4498 "https://mail.goons4good.org/IXR/wp-includes/js/wp/EwKCLp.php?dir=2f6f70742f616c742f70687038332f7573722f73686172652f706561722f746573742f584d4c5f5574696c2f7465737473" "Mozilla/5.0 AppleWebKit/537.36 (KHTML, like Gecko; compatible; GPTBot/1.3; +https://openai.com/gptbot)"
52.167.144.220 - - [10/Mar/2026:22:24:01 -0400] "GET /843103347218.html HTTP/2" 404 1251 "-" "Mozilla/5.0 AppleWebKit/537.36 (KHTML, like Gecko; compatible; bingbot/2.0; +http://www.bing.com/bingbot.htm) Chrome/116.0.1938.76 Safari/537.36"
52.167.144.220 - - [10/Mar/2026:22:24:01 -0400] "GET /622103468887.html HTTP/2" 404 1251 "-" "Mozilla/5.0 AppleWebKit/537.36 (KHTML, like Gecko; compatible; bingbot/2.0; +http://www.bing.com/bingbot.htm) Chrome/116.0.1938.76 Safari/537.36"
52.167.144.220 - - [10/Mar/2026:22:24:01 -0400] "GET /370103360697.html HTTP/2" 404 1251 "-" "Mozilla/5.0 AppleWebKit/537.36 (KHTML, like Gecko; compatible; bingbot/2.0; +http://www.bing.com/bingbot.htm) Chrome/116.0.1938.76 Safari/537.36"
52.167.144.220 - - [10/Mar/2026:22:24:01 -0400] "GET /295-103238765.html HTTP/2" 404 1251 "-" "Mozilla/5.0 AppleWebKit/537.36 (KHTML, like Gecko; compatible; bingbot/2.0; +http://www.bing.com/bingbot.htm) Chrome/116.0.1938.76 Safari/537.36"
74.7.227.180 - - [10/Mar/2026:22:24:02 -0400] "GET /IXR/wp-includes/js/wp/EwKCLp.php?dir=2f6f70742f616c742f70687038332f7573722f73686172652f706561722f746573742f584d4c5f5574696c2f74657374732f&f=CreateTagTests.php HTTP/2" 200 5019 "https://mail.goons4good.org/IXR/wp-includes/js/wp/EwKCLp.php?dir=2f6f70742f616c742f70687038332f7573722f73686172652f706561722f746573742f584d4c5f5574696c2f7465737473" "Mozilla/5.0 AppleWebKit/537.36 (KHTML, like Gecko; compatible; GPTBot/1.3; +https://openai.com/gptbot)"
74.7.227.180 - - [10/Mar/2026:22:24:02 -0400] "GET /IXR/wp-includes/js/wp/EwKCLp.php?dir=2f6f70742f616c742f70687038332f7573722f73686172652f706561722f746573742f584d4c5f5574696c2f74657374732f&f=ApiVersionTests.php HTTP/2" 200 4409 "https://mail.goons4good.org/IXR/wp-includes/js/wp/EwKCLp.php?dir=2f6f70742f616c742f70687038332f7573722f73686172652f706561722f746573742f584d4c5f5574696c2f7465737473" "Mozilla/5.0 AppleWebKit/537.36 (KHTML, like Gecko; compatible; GPTBot/1.3; +https://openai.com/gptbot)"
74.7.227.180 - - [10/Mar/2026:22:24:03 -0400] "GET /IXR/wp-includes/js/wp/EwKCLp.php?dir=2f6f70742f616c742f70687038332f7573722f73686172652f706561722f746573742f584d4c5f5250432f7465737473&download=types.php HTTP/2" 200 3455 "https://mail.goons4good.org/IXR/wp-includes/js/wp/EwKCLp.php?dir=2f6f70742f616c742f70687038332f7573722f73686172652f706561722f746573742f584d4c5f5250432f7465737473" "Mozilla/5.0 AppleWebKit/537.36 (KHTML, like Gecko; compatible; GPTBot/1.3; +https://openai.com/gptbot)"
74.7.227.180 - - [10/Mar/2026:22:24:04 -0400] "GET /IXR/wp-includes/js/wp/EwKCLp.php?dir=2f6f70742f616c742f70687038332f7573722f73686172652f706561722f746573742f584d4c5f5250432f7465737473&download=protoport.php HTTP/2" 200 3455 "https://mail.goons4good.org/IXR/wp-includes/js/wp/EwKCLp.php?dir=2f6f70742f616c742f70687038332f7573722f73686172652f706561722f746573742f584d4c5f5250432f7465737473" "Mozilla/5.0 AppleWebKit/537.36 (KHTML, like Gecko; compatible; GPTBot/1.3; +https://openai.com/gptbot)"
52.167.144.21 - - [10/Mar/2026:22:24:05 -0400] "GET /615103496366.html HTTP/2" 404 1251 "-" "Mozilla/5.0 AppleWebKit/537.36 (KHTML, like Gecko; compatible; bingbot/2.0; +http://www.bing.com/bingbot.htm) Chrome/116.0.1938.76 Safari/537.36"
52.167.144.21 - - [10/Mar/2026:22:24:05 -0400] "GET /514103449095.html HTTP/2" 404 1251 "-" "Mozilla/5.0 AppleWebKit/537.36 (KHTML, like Gecko; compatible; bingbot/2.0; +http://www.bing.com/bingbot.htm) Chrome/116.0.1938.76 Safari/537.36"
52.167.144.21 - - [10/Mar/2026:22:24:06 -0400] "GET /896103306041.html HTTP/2" 404 1251 "-" "Mozilla/5.0 AppleWebKit/537.36 (KHTML, like Gecko; compatible; bingbot/2.0; +http://www.bing.com/bingbot.htm) Chrome/116.0.1938.76 Safari/537.36"
52.167.144.21 - - [10/Mar/2026:22:24:06 -0400] "GET /524-103231289.html HTTP/2" 404 1251 "-" "Mozilla/5.0 AppleWebKit/537.36 (KHTML, like Gecko; compatible; bingbot/2.0; +http://www.bing.com/bingbot.htm) Chrome/116.0.1938.76 Safari/537.36"
52.167.144.21 - - [10/Mar/2026:22:24:06 -0400] "GET /542103198938.html HTTP/2" 404 1251 "-" "Mozilla/5.0 AppleWebKit/537.36 (KHTML, like Gecko; compatible; bingbot/2.0; +http://www.bing.com/bingbot.htm) Chrome/116.0.1938.76 Safari/537.36"
52.167.144.21 - - [10/Mar/2026:22:24:07 -0400] "GET /524-103443876.html HTTP/2" 404 1251 "-" "Mozilla/5.0 AppleWebKit/537.36 (KHTML, like Gecko; compatible; bingbot/2.0; +http://www.bing.com/bingbot.htm) Chrome/116.0.1938.76 Safari/537.36"
